000
CXUS53 KOAX 271000
CF6FNB
PRELIMINARY LOCAL CLIMATOLOGICAL DATA (WS FORM: F-6)

                                          STATION:   FALLS CITY, NEBRASKA
                                          MONTH:     JULY
                                          YEAR:      2015
                                          LATITUDE:   40  4 N
                                          LONGITUDE:  95 35 W

  TEMPERATURE IN F:       :PCPN:    SNOW:  WIND      :SUNSHINE: SKY     :PK WND
================================================================================
1   2   3   4   5  6A  6B    7    8   9   10  11  12  13   14  15   16   17  18
                                     12Z  AVG MX 2MIN
DY MAX MIN AVG DEP HDD CDD  WTR  SNW DPTH SPD SPD DIR MIN PSBL S-S WX    SPD DR
================================================================================

 1  86  68  77   0   0  12 0.32    M    M  9.2 23 150   M    M   5 13     30 160
 2  72  66  69  -8   0   4 0.37    M    M  7.2 12  90   M    M  10 1      16  80
 3  80  63  72  -5   0   7 0.01    M    M  4.9 12  80   M    M   3 8      15  90
 4  83  58  71  -6   0   6 0.00    M    M  5.5 13 150   M    M   0        17 150
 5  92  64  78   1   0  13 0.00    M    M 11.7 22 150   M    M   0 1      27 170
 6  86  68  77   0   0  12 0.24    M    M  9.1 36 270   M    M   6 138    44 270
 7  74  59  67 -11   0   2 0.00    M    M  8.4 17  20   M    M   3 8      23 350
 8  75  61  68 -10   0   3    T    M    M  6.2 13  70   M    M   5        16  80
 9  81  58  70  -8   0   5 0.00    M    M  4.3 13 140   M    M   1 1      16 140
10  78  62  70  -8   0   5    T    M    M  7.5 20 160   M    M   4 1      23 160
11  94  69  82   4   0  17 0.00    M    M  9.4 16 200   M    M   2        23 200
12  94  72  83   5   0  18 0.00    M    M  8.6 16 170   M    M   0        22 170
13  93  73  83   5   0  18 0.26    M    M  5.4 15 270   M    M   1 123    19 270
14  95  67  81   3   0  16 0.00    M    M  3.8 13 360   M    M   1 12     17  10
15  85  73  79   1   0  14 0.01    M    M  8.3 20  80   M    M   3 3      25  70
16  92  72  82   4   0  17 0.39    M    M  8.6 18 230   M    M   1 13     23 260
17  95  71  83   5   0  18 0.00    M    M  8.2 18 180   M    M   0        25 200
18  88  68  78   0   0  13 1.09    M    M  6.2 21 310   M    M   2 13     29 320
19  84  71  78   0   0  13 0.64    M    M  7.0 28 210   M    M   5 13     34 210
20  87  69  78   0   0  13 0.75    M    M  6.3 26 230   M    M   4 13     38 230
21  80  63  72  -6   0   7 0.00    M    M  3.5 12  60   M    M   1        14  70
22  82  60  71  -7   0   6 0.00    M    M  2.9  9 150   M    M   1 1      16 140
23  86  65  76  -2   0  11 0.00    M    M  5.8 12 110   M    M   2 18     14 150
24  95  72  84   6   0  19 0.03    M    M  6.5 15 310   M    M   0 13     20 190
25  82  72  77  -1   0  12 0.78    M    M  7.4 38 300   M    M   2 13     49 310
26  92  71  82   4   0  17 0.56    M    M  6.9 23 220   M    M   2 13     34 210
================================================================================
SM 2231 1735         0 298  5.45    M    178.8          M       64
================================================================================
AV 85.8 66.7                               6.9 FASTST   M    M   2    MAX(MPH)
                                 MISC ---->  # 38 300               # 49  310
================================================================================
NOTES:
# LAST OF SEVERAL OCCURRENCES

COLUMN 17 PEAK WIND IN M.P.H.

PRELIMINARY LOCAL CLIMATOLOGICAL DATA (WS FORM: F-6) , PAGE 2

                                          STATION:  FALLS CITY, NEBRASKA
                                          MONTH:    JULY
                                          YEAR:     2015
                                          LATITUDE:   40  4 N
                                          LONGITUDE:  95 35 W

[TEMPERATURE DATA]      [PRECIPITATION DATA]       SYMBOLS USED IN COLUMN 16

AVERAGE MONTHLY: 76.3   TOTAL FOR MONTH:   5.45    1 = FOG OR MIST
DPTR FM NORMAL:  -1.5   DPTR FM NORMAL:    1.18    2 = FOG REDUCING VISIBILITY
HIGHEST:    95 ON 24,17 GRTST 24HR  1.27 ON 19-20      TO 1/4 MILE OR LESS
LOWEST:     58 ON  9, 4                            3 = THUNDER
                        SNOW, ICE PELLETS, HAIL    4 = ICE PELLETS
                        TOTAL MONTH:    M          5 = HAIL
                        GRTST 24HR    M  ON   M    6 = FREEZING RAIN OR DRIZZLE
                        GRTST DEPTH:  M  ON   M    7 = DUSTSTORM OR SANDSTORM:
                                                       VSBY 1/2 MILE OR LESS
                                                   8 = SMOKE OR HAZE
[NO. OF DAYS WITH]      [WEATHER - DAYS WITH]      9 = BLOWING SNOW
                                                   X = TORNADO
MAX 32 OR BELOW:   0    0.01 INCH OR MORE:  13
MAX 90 OR ABOVE:   9    0.10 INCH OR MORE:  10
MIN 32 OR BELOW:   0    0.50 INCH OR MORE:   5
MIN  0 OR BELOW:   0    1.00 INCH OR MORE:   1

[HDD (BASE 65) ]
TOTAL THIS MO.     0    CLEAR  (SCALE 0-3)  17
DPTR FM NORMAL     0    PTCLDY (SCALE 4-7)   8
TOTAL FM JUL 1     0    CLOUDY (SCALE 8-10)  1
DPTR FM NORMAL     0

[CDD (BASE 65) ]
TOTAL THIS MO.   298
DPTR FM NORMAL   -34    [PRESSURE DATA]
TOTAL FM JAN 1   636    HIGHEST SLP M ON M
DPTR FM NORMAL   -62    LOWEST  SLP 29.65 ON 17

[REMARKS]
