000
CXUS53 KOAX 231000
CF6FNB
PRELIMINARY LOCAL CLIMATOLOGICAL DATA (WS FORM: F-6)

                                          STATION:   FALLS CITY  NE
                                          MONTH:     JANUARY
                                          YEAR:      2018
                                          LATITUDE:   40  4 N
                                          LONGITUDE:  95 35 W

  TEMPERATURE IN F:       :PCPN:    SNOW:  WIND      :SUNSHINE: SKY     :PK WND
================================================================================
1   2   3   4   5  6A  6B    7    8   9   10  11  12  13   14  15   16   17  18
                                     12Z  AVG MX 2MIN
DY MAX MIN AVG DEP HDD CDD  WTR  SNW DPTH SPD SPD DIR MIN PSBL S-S WX    SPD DR
================================================================================

 1   2 -17  -7 -34  72   0 0.00    M    M  4.0  9 310   M    M   0        12 310
 2  24 -13   6 -20  59   0 0.00    M    M  8.0 21 260   M    M   1        27 250
 3  26   4  15 -11  50   0 0.00    M    M 11.5 25 320   M    M   2        36 320
 4  21  -3   9 -17  56   0 0.00    M    M  4.9 12 110   M    M   2        13 120
 5  20   8  14 -12  51   0 0.00    M    M  6.8 12  60   M    M   3        15  70
 6  26   6  16 -10  49   0 0.00    M    M  8.3 16 150   M    M   1        19 150
 7  45  22  34   8  31   0    T    M    M  7.1 14 320   M    M   5        18 310
 8  52  24  38  12  27   0 0.00    M    M  6.0 13 190   M    M   0        16 190
 9   M  30   M   M   M   M 0.00    M    M 12.0 23 150   M    M   0        30 150
10  55   M   M   M   M   M 0.01    M    M 13.9 24 180   M    M   6        31 180
11  49   9  29   3  36   0    M    M    M 19.6 32 320   M    M   7 168    46 350
12  12   2   7 -19  58   0 0.00    M    M 11.0 18 320   M    M   4        23 340
13  17  10  14 -12  51   0    T    M    M  6.2 17 350   M    M  10        22  10
14  33  16  25  -1  40   0    T    M    M  9.5 18 350   M    M   9 1      24 360
15  30  -2  14 -12  51   0    T    M    M 16.9 29 310   M    M   3        37 340
16   9  -4   3 -23  62   0 0.00    M    M  8.4 17 320   M    M   2        24 340
17  28  -6  11 -15  54   0 0.00    M    M  6.8 17 220   M    M   0        20 220
18  41  10  26   0  39   0 0.00    M    M  7.6 17 200   M    M   0        21 200
19  49  29  39  13  26   0 0.00    M    M  9.4 18 190   M    M   0        25 200
20  52  28  40  14  25   0 0.00    M    M  3.6 12 160   M    M   6 1      14 190
21  58  37  48  22  17   0 0.01    M    M  6.9 17 360   M    M   9 123    21 320
22  42  29  36  10  29   0 0.07    M    M 16.4 30 320   M    M  10 123    43 310
================================================================================
SM  691  219       883   0  0.09    M    204.8          M       80
================================================================================
AV 32.9 10.4                               9.3 FASTST   M    M   4    MAX(MPH)
                                 MISC ---->  # 32 320               # 46  350
================================================================================
NOTES:
# LAST OF SEVERAL OCCURRENCES

COLUMN 17 PEAK WIND IN M.P.H.

PRELIMINARY LOCAL CLIMATOLOGICAL DATA (WS FORM: F-6) , PAGE 2

                                          STATION:  FALLS CITY  NE
                                          MONTH:    JANUARY
                                          YEAR:     2018
                                          LATITUDE:   40  4 N
                                          LONGITUDE:  95 35 W

[TEMPERATURE DATA]      [PRECIPITATION DATA]       SYMBOLS USED IN COLUMN 16

AVERAGE MONTHLY: 21.7   TOTAL FOR MONTH:   0.09    1 = FOG OR MIST
DPTR FM NORMAL:  -4.4   DPTR FM NORMAL:   -0.34    2 = FOG REDUCING VISIBILITY
HIGHEST:    58 ON 21    GRTST 24HR  0.07 ON 22-22      TO 1/4 MILE OR LESS
LOWEST:    -17 ON  1                               3 = THUNDER
                        SNOW, ICE PELLETS, HAIL    4 = ICE PELLETS
                        TOTAL MONTH:    M          5 = HAIL
                        GRTST 24HR    M  ON   M    6 = FREEZING RAIN OR DRIZZLE
                        GRTST DEPTH:  M  ON   M    7 = DUSTSTORM OR SANDSTORM:
                                                       VSBY 1/2 MILE OR LESS
                                                   8 = SMOKE OR HAZE
[NO. OF DAYS WITH]      [WEATHER - DAYS WITH]      9 = BLOWING SNOW
                                                   X = TORNADO
MAX 32 OR BELOW:  11    0.01 INCH OR MORE:   3
MAX 90 OR ABOVE:   0    0.10 INCH OR MORE:   0
MIN 32 OR BELOW:  20    0.50 INCH OR MORE:   0
MIN  0 OR BELOW:   6    1.00 INCH OR MORE:   0

[HDD (BASE 65) ]
TOTAL THIS MO.   883    CLEAR  (SCALE 0-3)  13
DPTR FM NORMAL    27    PTCLDY (SCALE 4-7)   5
TOTAL FM JUL 1  2958    CLOUDY (SCALE 8-10)  4
DPTR FM NORMAL  -163

[CDD (BASE 65) ]
TOTAL THIS MO.     0
DPTR FM NORMAL     0    [PRESSURE DATA]
TOTAL FM JAN 1     0    HIGHEST SLP M ON M
DPTR FM NORMAL     0    LOWEST  SLP 29.42 ON 10

[REMARKS]
