000
CXUS54 KTSA 210840
CF6FSM
PRELIMINARY LOCAL CLIMATOLOGICAL DATA (WS FORM: F-6)

                                          STATION:   FORT SMITH ARKANSAS
                                          MONTH:     AUGUST
                                          YEAR:      2017
                                          LATITUDE:   35 19 N
                                          LONGITUDE:  94 22 W

  TEMPERATURE IN F:       :PCPN:    SNOW:  WIND      :SUNSHINE: SKY     :PK WND
================================================================================
1   2   3   4   5  6A  6B    7    8   9   10  11  12  13   14  15   16   17  18
                                     12Z  AVG MX 2MIN
DY MAX MIN AVG DEP HDD CDD  WTR  SNW DPTH SPD SPD DIR MIN PSBL S-S WX    SPD DR
================================================================================

 1  77  71  74  -9   0   9 0.21  0.0    0  3.5 12  50   M    M   9 1      15  40
 2  86  72  79  -4   0  14    T  0.0    0  2.1  8  30   M    M   7        12 190
 3  92  69  81  -2   0  16 0.00  0.0    0  3.5 20  30   M    M   1 1      26  10
 4  88  73  81  -2   0  16 0.00  0.0    0  4.5 12  50   M    M   3        14  60
 5  92  71  82  -1   0  17 0.00  0.0    0  7.6 15 130   M    M   3        20 150
 6  87  70  79  -4   0  14 2.67  0.0    0  7.0 23 350   M    M   5 13     28 360
 7  87  70  79  -4   0  14 0.00  0.0    0  5.1 14  10   M    M   5        17  20
 8  87  72  80  -3   0  15 0.00  0.0    0  5.8 14  60   M    M   3        16  60
 9  89  70  80  -3   0  15 0.00  0.0    0  4.9 13  80   M    M   0        15  70
10  94  73  84   1   0  19 0.00  0.0    0  3.4  9 190   M    M   2        12 200
11  87  75  81  -2   0  16 0.07  0.0    0  4.6 20 310   M    M   4 13     26 310
12  88  72  80  -3   0  15 0.02  0.0    0  4.7 12  70   M    M   2 1      14  40
13  77  68  73 -10   0   8 1.32  0.0    0  9.3 17  80   M    M  10 13     26 100
14  79  73  76  -7   0  11 0.30  0.0    0  5.3 12 220   M    M   9 13     13 220
15  93  74  84   1   0  19 1.01  0.0    0  5.0 24 350   M    M   5 13     30 350
16  90  75  83   1   0  18    T  0.0    0  6.4 16 220   M    M   1 8      22 220
17  88  72  80  -2   0  15 0.38  0.0    0  5.2 23 350   M    M   4 13     26 350
18  93  72  83   1   0  18 0.00  0.0    0  4.6 16  60   M    M   2 12     20  60
19  97  72  85   3   0  20 0.00  0.0    0  3.5  8  40   M    M   2 1      10 330
20  97  76  87   5   0  22 0.25  0.0    0  4.7 24 350   M    M   0 13     30 350
================================================================================
SM 1768 1440         0 311  6.23     0.0 100.7          M       77
================================================================================
AV 88.4 72.0                               5.0 FASTST   M    M   4    MAX(MPH)
                                 MISC ---->  # 24 350               # 30  350
================================================================================
NOTES:
# LAST OF SEVERAL OCCURRENCES

COLUMN 17 PEAK WIND IN M.P.H.

PRELIMINARY LOCAL CLIMATOLOGICAL DATA (WS FORM: F-6) , PAGE 2

                                          STATION:  FORT SMITH ARKANSAS
                                          MONTH:    AUGUST
                                          YEAR:     2017
                                          LATITUDE:   35 19 N
                                          LONGITUDE:  94 22 W

[TEMPERATURE DATA]      [PRECIPITATION DATA]       SYMBOLS USED IN COLUMN 16

AVERAGE MONTHLY: 80.2   TOTAL FOR MONTH:   6.23    1 = FOG OR MIST
DPTR FM NORMAL:  -2.6   DPTR FM NORMAL:    4.53    2 = FOG REDUCING VISIBILITY
HIGHEST:    97 ON 20,19 GRTST 24HR  2.67 ON  6- 6      TO 1/4 MILE OR LESS
LOWEST:     68 ON 13                               3 = THUNDER
                        SNOW, ICE PELLETS, HAIL    4 = ICE PELLETS
                        TOTAL MONTH:   0.0 INCH    5 = HAIL
                        GRTST 24HR     0.0         6 = FREEZING RAIN OR DRIZZLE
                        GRTST DEPTH:   0           7 = DUSTSTORM OR SANDSTORM:
                                                       VSBY 1/2 MILE OR LESS
                                                   8 = SMOKE OR HAZE
[NO. OF DAYS WITH]      [WEATHER - DAYS WITH]      9 = BLOWING SNOW
                                                   X = TORNADO
MAX 32 OR BELOW:   0    0.01 INCH OR MORE:   9
MAX 90 OR ABOVE:   8    0.10 INCH OR MORE:   7
MIN 32 OR BELOW:   0    0.50 INCH OR MORE:   3
MIN  0 OR BELOW:   0    1.00 INCH OR MORE:   3

[HDD (BASE 65) ]
TOTAL THIS MO.     0    CLEAR  (SCALE 0-3)  11
DPTR FM NORMAL     0    PTCLDY (SCALE 4-7)   6
TOTAL FM JUL 1     0    CLOUDY (SCALE 8-10)  3
DPTR FM NORMAL     0

[CDD (BASE 65) ]
TOTAL THIS MO.   311
DPTR FM NORMAL   -45    [PRESSURE DATA]
TOTAL FM JAN 1  1609    HIGHEST SLP M ON M
DPTR FM NORMAL    88    LOWEST  SLP 29.76 ON  6

[REMARKS]
