000
CXUS54 KMAF 241100
CF6FST
PRELIMINARY LOCAL CLIMATOLOGICAL DATA (WS FORM: F-6)

                                          STATION:   Fort Stockton
                                          MONTH:     FEBRUARY
                                          YEAR:      2017
                                          LATITUDE:   30 55 N
                                          LONGITUDE: 102 55 W

  TEMPERATURE IN F:       :PCPN:    SNOW:  WIND      :SUNSHINE: SKY     :PK WND
================================================================================
1   2   3   4   5  6A  6B    7    8   9   10  11  12  13   14  15   16   17  18
                                     12Z  AVG MX 2MIN
DY MAX MIN AVG DEP HDD CDD  WTR  SNW DPTH SPD SPD DIR MIN PSBL S-S WX    SPD DR
================================================================================

 1  79  48  64  13   1   0 0.00  0.0    0 11.8 18 330   M    M   0        29 320
 2  53  30  42  -9  23   0 0.00  0.0    0  6.1 12 160   M    M   0        16 140
 3  61  29  45  -6  20   0 0.00  0.0    0  8.4 20  60   M    M   0        24  60
 4  74  33  54   3  11   0 0.00  0.0    0  8.7 18 150   M    M   2        24 160
 5  81  43  62  11   3   0 0.00  0.0    0  8.0 17 150   M    M   0        22 160
 6  83  48  66  15   0   1 0.00  0.0    0 11.4 21 290   M    M   0        26 310
 7  79  50  65  14   0   0 0.00  0.0    0 14.1 29 290   M    M   0        37 290
 8  81  51  66  14   0   1 0.00  0.0    0 13.2 26 320   M    M   0        33 320
 9  77  42  60   8   5   0 0.00  0.0    0 11.7 24 160   M    M   0        32 160
10  92  50  71  19   0   6 0.00  0.0    0 10.7 22 160   M    M   0        28 160
11  94  59  77  25   0  12 0.00  0.0    0  9.9 18 110   M    M   0        21 110
12  63  52  58   6   7   0 0.00  0.0    0 12.5 30  40   M    M   6        37  40
13  52  40  46  -6  19   0 0.02    M    0  9.9 21  60   M    M  10 1      25  60
14  50  35  43  -9  22   0 0.00  0.0    0 14.0 29 340   M    M   9        35 350
15  59  33  46  -7  19   0 0.00  0.0    0  8.2 14 360   M    M   0        19 340
16  70  39  55   2  10   0 0.00  0.0    0  9.8 16 150   M    M   0 8      22 160
17  74  45  60   7   5   0 0.00  0.0    0 17.1 33 260   M    M   0        43 290
18  80  51  66  13   0   1 0.00  0.0    0 11.2 21 180   M    M   0        25 200
19  70  49  60   6   5   0 0.01    M    0 11.3 31 230   M    M   2        39 220
20  71  44  58   4   7   0 0.00  0.0    0 15.0 29 310   M    M   0        37 330
21  84  48  66  12   0   1 0.00  0.0    0 11.8 17 310   M    M   0        22 270
22  90  51  71  17   0   6 0.00  0.0    0  8.8 16 300   M    M   0        22 310
23  89  52  71  17   0   6 0.00  0.0    0 15.9 33 250   M    M   1        43 250
================================================================================
SM 1706 1022       157  34  0.03     0.0 259.5          M       30
================================================================================
AV 74.2 44.4                              11.3 FASTST   M    M   1    MAX(MPH)
                                 MISC ---->  # 33 260               # 43  290
================================================================================
NOTES:
# LAST OF SEVERAL OCCURRENCES

COLUMN 17 PEAK WIND IN M.P.H.

PRELIMINARY LOCAL CLIMATOLOGICAL DATA (WS FORM: F-6) , PAGE 2

                                          STATION:  Fort Stockton
                                          MONTH:    FEBRUARY
                                          YEAR:     2017
                                          LATITUDE:   30 55 N
                                          LONGITUDE: 102 55 W

[TEMPERATURE DATA]      [PRECIPITATION DATA]       SYMBOLS USED IN COLUMN 16

AVERAGE MONTHLY: 59.3   TOTAL FOR MONTH:   0.03    1 = FOG OR MIST
DPTR FM NORMAL:   7.0   DPTR FM NORMAL:   -0.50    2 = FOG REDUCING VISIBILITY
HIGHEST:    94 ON 11    GRTST 24HR  0.02 ON 13-13      TO 1/4 MILE OR LESS
LOWEST:     29 ON  3                               3 = THUNDER
                        SNOW, ICE PELLETS, HAIL    4 = ICE PELLETS
                        TOTAL MONTH:   0.0 INCH    5 = HAIL
                        GRTST 24HR     0.0         6 = FREEZING RAIN OR DRIZZLE
                        GRTST DEPTH:   0           7 = DUSTSTORM OR SANDSTORM:
                                                       VSBY 1/2 MILE OR LESS
                                                   8 = SMOKE OR HAZE
[NO. OF DAYS WITH]      [WEATHER - DAYS WITH]      9 = BLOWING SNOW
                                                   X = TORNADO
MAX 32 OR BELOW:   0    0.01 INCH OR MORE:   2
MAX 90 OR ABOVE:   3    0.10 INCH OR MORE:   0
MIN 32 OR BELOW:   2    0.50 INCH OR MORE:   0
MIN  0 OR BELOW:   0    1.00 INCH OR MORE:   0

[HDD (BASE 65) ]
TOTAL THIS MO.   157    CLEAR  (SCALE 0-3)  20
DPTR FM NORMAL  -140    PTCLDY (SCALE 4-7)   1
TOTAL FM JUL 1  1235    CLOUDY (SCALE 8-10)  2
DPTR FM NORMAL  -369

[CDD (BASE 65) ]
TOTAL THIS MO.    34
DPTR FM NORMAL    34    [PRESSURE DATA]
TOTAL FM JAN 1    47    HIGHEST SLP M ON M
DPTR FM NORMAL    46    LOWEST  SLP 29.46 ON 23

[REMARKS]
