000
CXUS54 KFWD 280730
CF6FTW
PRELIMINARY LOCAL CLIMATOLOGICAL DATA (WS FORM: F-6)

                                          STATION:   FORT WORTH MEACHAM
                                          MONTH:     JULY
                                          YEAR:      2016
                                          LATITUDE:   32 49 N
                                          LONGITUDE:  97 21 W

  TEMPERATURE IN F:       :PCPN:    SNOW:  WIND      :SUNSHINE: SKY     :PK WND
================================================================================
1   2   3   4   5  6A  6B    7    8   9   10  11  12  13   14  15   16   17  18
                                     12Z  AVG MX 2MIN
DY MAX MIN AVG DEP HDD CDD  WTR  SNW DPTH SPD SPD DIR MIN PSBL S-S WX    SPD DR
================================================================================

 1  99  76  88   5   0  23 0.00  0.0    0  7.4 16 150   M    M   1        25 130
 2  99  79  89   6   0  24 0.00  0.0    0 13.1 24 140   M    M   0        31 130
 3 100  80  90   6   0  25 0.02  0.0    0 17.8 36 310   M    M   0 3      44 310
 4  95  72  84   0   0  19 2.35  0.0    0 12.7 35 150   M    M   3 138    38 160
 5  95  75  85   1   0  20 0.02  0.0    0 13.8 30 180   M    M   1 3      37 190
 6  99  79  89   5   0  24 0.00  0.0    0 17.8 26 180   M    M   1        36 190
 7  99  79  89   5   0  24 0.00  0.0    0 18.5 29 160   M    M   0        34 160
 8  98  79  89   5   0  24 0.00  0.0    0 14.1 22 150   M    M   1        29 190
 9  96  72  84   0   0  19 0.27  0.0    0 10.8 39  20   M    M   1 3      49  20
10  96  74  85   1   0  20 0.00  0.0    0 10.4 18 150   M    M   0        23 160
11  97  79  88   4   0  23 0.00  0.0    0 17.6 28 180   M    M   2        35 170
12  97  78  88   4   0  23 0.00  0.0    0 18.6 29 140   M    M   1        36 150
13  99  79  89   5   0  24 0.00  0.0    0 17.2 25 180   M    M   0        32 180
14  99  80  90   5   0  25 0.00  0.0    0 14.0 24 130   M    M   0        30 130
15  96  72  84  -1   0  19 0.01  0.0    0  9.5 26 340   M    M   2 3      36 340
16  99  74  87   2   0  22 0.00  0.0    0 10.1 24 320   M    M   0        30 330
17  98  80  89   4   0  24 0.00  0.0    0 12.6 23 130   M    M   0        30 140
18  97  79  88   3   0  23 0.00  0.0    0  9.7 17 130   M    M   1        23 120
19  98  80  89   4   0  24 0.00  0.0    0  8.6 17 130   M    M   1        24 110
20  98  80  89   4   0  24 0.00  0.0    0  9.7 18 140   M    M   1        25 140
21 100  79  90   5   0  25 0.00  0.0    0  9.3 17 140   M    M   0        22 170
22 102  79  91   6   0  26 0.00  0.0    0  8.0 16 130   M    M   0        22 190
23 102  82  92   7   0  27 0.00  0.0    0  9.6 16 150   M    M   0        22 140
24 102  81  92   7   0  27 0.00  0.0    0  7.4 15 120   M    M   0        19 100
25 102  80  91   5   0  26 0.00  0.0    0  7.7 21 110   M    M   0 3      25 110
26  99  77  88   2   0  23 0.00  0.0    0  4.7 15  80   M    M   1 3      20  90
27  99  80  90   4   0  25 0.02  0.0    0  5.2 23  50   M    M   1 3      27  20
================================================================================
SM 2660 2104         0 632  2.69     0.0 315.9          M       18
================================================================================
AV 98.5 77.9                              11.7 FASTST   M    M   1    MAX(MPH)
                                 MISC ---->  # 39  20               # 49   20
================================================================================
NOTES:
# LAST OF SEVERAL OCCURRENCES

COLUMN 17 PEAK WIND IN M.P.H.

PRELIMINARY LOCAL CLIMATOLOGICAL DATA (WS FORM: F-6) , PAGE 2

                                          STATION:  FORT WORTH MEACHAM
                                          MONTH:    JULY
                                          YEAR:     2016
                                          LATITUDE:   32 49 N
                                          LONGITUDE:  97 21 W

[TEMPERATURE DATA]      [PRECIPITATION DATA]       SYMBOLS USED IN COLUMN 16

AVERAGE MONTHLY: 88.2   TOTAL FOR MONTH:   2.69    1 = FOG OR MIST
DPTR FM NORMAL:   3.7   DPTR FM NORMAL:    0.46    2 = FOG REDUCING VISIBILITY
HIGHEST:   102 ON 25,24 GRTST 24HR  2.37 ON  3- 4      TO 1/4 MILE OR LESS
LOWEST:     72 ON 15, 9                            3 = THUNDER
                        SNOW, ICE PELLETS, HAIL    4 = ICE PELLETS
                        TOTAL MONTH:   0.0 INCH    5 = HAIL
                        GRTST 24HR     0.0         6 = FREEZING RAIN OR DRIZZLE
                        GRTST DEPTH:   0           7 = DUSTSTORM OR SANDSTORM:
                                                       VSBY 1/2 MILE OR LESS
                                                   8 = SMOKE OR HAZE
[NO. OF DAYS WITH]      [WEATHER - DAYS WITH]      9 = BLOWING SNOW
                                                   X = TORNADO
MAX 32 OR BELOW:   0    0.01 INCH OR MORE:   6
MAX 90 OR ABOVE:  27    0.10 INCH OR MORE:   2
MIN 32 OR BELOW:   0    0.50 INCH OR MORE:   1
MIN  0 OR BELOW:   0    1.00 INCH OR MORE:   1

[HDD (BASE 65) ]
TOTAL THIS MO.     0    CLEAR  (SCALE 0-3)  27
DPTR FM NORMAL     0    PTCLDY (SCALE 4-7)   0
TOTAL FM JUL 1     0    CLOUDY (SCALE 8-10)  0
DPTR FM NORMAL     0

[CDD (BASE 65) ]
TOTAL THIS MO.   632
DPTR FM NORMAL   105    [PRESSURE DATA]
TOTAL FM JAN 1  1650    HIGHEST SLP M ON M
DPTR FM NORMAL   250    LOWEST  SLP 29.72 ON  4

[REMARKS]
