000
CXUS54 KFWD 230730
CF6FTW
PRELIMINARY LOCAL CLIMATOLOGICAL DATA (WS FORM: F-6)

                                          STATION:   FORT WORTH MEACHAM
                                          MONTH:     OCTOBER
                                          YEAR:      2017
                                          LATITUDE:   32 49 N
                                          LONGITUDE:  97 21 W

  TEMPERATURE IN F:       :PCPN:    SNOW:  WIND      :SUNSHINE: SKY     :PK WND
================================================================================
1   2   3   4   5  6A  6B    7    8   9   10  11  12  13   14  15   16   17  18
                                     12Z  AVG MX 2MIN
DY MAX MIN AVG DEP HDD CDD  WTR  SNW DPTH SPD SPD DIR MIN PSBL S-S WX    SPD DR
================================================================================

 1  88  66  77   5   0  12 0.00  0.0    0  6.4 14 170   M    M   0        19 180
 2  92  67  80   9   0  15 0.00  0.0    0 11.5 21 140   M    M   1        29 170
 3  90  76  83  12   0  18 0.02  0.0    0 10.8 21 130   M    M   8        28 170
 4  88  75  82  11   0  17 0.00  0.0    0  8.1 17 130   M    M   5        23 130
 5  89  68  79   9   0  14 0.00  0.0    0  6.4 12 140   M    M   1        17 170
 6  89  71  80  10   0  15 0.00  0.0    0 10.3 20 150   M    M   0        27 150
 7  89  63  76   6   0  11 0.00  0.0    0  8.1 18 180   M    M   2        27 200
 8  90  57  74   5   0   9 0.00  0.0    0  5.0 13 150   M    M   0        18 160
 9  96  64  80  11   0  15 0.00  0.0    0 12.5 25 320   M    M   2        34 300
10  71  55  63  -6   2   0 0.10  0.0    0 13.6 23 320   M    M   3 138    32 310
11  77  49  63  -5   2   0 0.00  0.0    0  4.9 13  30   M    M   0 8      18  30
12  88  60  74   6   0   9 0.00  0.0    0  5.7 15 170   M    M   0 8      20 170
13  92  69  81  13   0  16 0.00  0.0    0  8.7 18 150   M    M   0        27 190
14  92  73  83  16   0  18 0.00  0.0    0 12.2 21 160   M    M   0        33 170
15  80  56  68   1   0   3 0.01  0.0    0 15.1 29 350   M    M   3 3      39 350
16  75  49  62  -5   3   0 0.00  0.0    0  7.0 15  20   M    M   0        21  20
17  77  48  63  -3   2   0 0.00  0.0    0  4.8 13 140   M    M   0 18     17 130
18  84  53  69   3   0   4 0.00  0.0    0  9.5 16 150   M    M   0        23 150
19  83  58  71   5   0   6 0.00  0.0    0  8.5 16 110   M    M   0 8      20 180
20  82  63  73   7   0   8    T  0.0    0 12.1 24 150   M    M   5        35 150
21  89  64  77  12   0  12 0.28  0.0    0 15.0 25 320   M    M   8 13     37 320
22  76  54  65   0   0   0 0.39  0.0    0  8.3 26 310   M    M   3 13     33 310
================================================================================
SM 1877 1358         9 202  0.80     0.0 204.5          M       41
================================================================================
AV 85.3 61.7                               9.3 FASTST   M    M   2    MAX(MPH)
                                 MISC ---->  # 29 350               # 39  350
================================================================================
NOTES:
# LAST OF SEVERAL OCCURRENCES

COLUMN 17 PEAK WIND IN M.P.H.

PRELIMINARY LOCAL CLIMATOLOGICAL DATA (WS FORM: F-6) , PAGE 2

                                          STATION:  FORT WORTH MEACHAM
                                          MONTH:    OCTOBER
                                          YEAR:     2017
                                          LATITUDE:   32 49 N
                                          LONGITUDE:  97 21 W

[TEMPERATURE DATA]      [PRECIPITATION DATA]       SYMBOLS USED IN COLUMN 16

AVERAGE MONTHLY: 73.5   TOTAL FOR MONTH:   0.80    1 = FOG OR MIST
DPTR FM NORMAL:   5.3   DPTR FM NORMAL:   -2.05    2 = FOG REDUCING VISIBILITY
HIGHEST:    96 ON  9    GRTST 24HR  0.67 ON 21-22      TO 1/4 MILE OR LESS
LOWEST:     48 ON 17                               3 = THUNDER
                        SNOW, ICE PELLETS, HAIL    4 = ICE PELLETS
                        TOTAL MONTH:   0.0 INCH    5 = HAIL
                        GRTST 24HR     0.0         6 = FREEZING RAIN OR DRIZZLE
                        GRTST DEPTH:   0           7 = DUSTSTORM OR SANDSTORM:
                                                       VSBY 1/2 MILE OR LESS
                                                   8 = SMOKE OR HAZE
[NO. OF DAYS WITH]      [WEATHER - DAYS WITH]      9 = BLOWING SNOW
                                                   X = TORNADO
MAX 32 OR BELOW:   0    0.01 INCH OR MORE:   5
MAX 90 OR ABOVE:   6    0.10 INCH OR MORE:   3
MIN 32 OR BELOW:   0    0.50 INCH OR MORE:   0
MIN  0 OR BELOW:   0    1.00 INCH OR MORE:   0

[HDD (BASE 65) ]
TOTAL THIS MO.     9    CLEAR  (SCALE 0-3)  16
DPTR FM NORMAL   -29    PTCLDY (SCALE 4-7)   6
TOTAL FM JUL 1     9    CLOUDY (SCALE 8-10)  0
DPTR FM NORMAL   -35

[CDD (BASE 65) ]
TOTAL THIS MO.   202
DPTR FM NORMAL    94    [PRESSURE DATA]
TOTAL FM JAN 1  3099    HIGHEST SLP M ON M
DPTR FM NORMAL   507    LOWEST  SLP 29.58 ON  8

[REMARKS]
