000
CXUS51 KCAR 170600
CF6FVE
PRELIMINARY LOCAL CLIMATOLOGICAL DATA (WS FORM: F-6)

                                          STATION:   FRENCHVILLE ME
                                          MONTH:     DECEMBER
                                          YEAR:      2017
                                          LATITUDE:   47 16 N
                                          LONGITUDE:  68 19 W

  TEMPERATURE IN F:       :PCPN:    SNOW:  WIND      :SUNSHINE: SKY     :PK WND
================================================================================
1   2   3   4   5  6A  6B    7    8   9   10  11  12  13   14  15   16   17  18
                                     12Z  AVG MX 2MIN
DY MAX MIN AVG DEP HDD CDD  WTR  SNW DPTH SPD SPD DIR MIN PSBL S-S WX    SPD DR
================================================================================

 1  34  24  29   6  36   0 0.03    M    M  7.0 17 340   M    M   9 12     21 340
 2  30  24  27   5  38   0 0.00    M    M  2.8  9 340   M    M   7        13 340
 3  29  24  27   5  38   0    T    M    M  1.9  6 340   M    M  10 1       8 320
 4  29  20  25   3  40   0 0.01    M    M  5.1 15 340   M    M   5 1      18 330
 5  33  20  27   6  38   0 0.08    M    M 17.3 26 160   M    M   8 1      36 160
 6  37  25  31  10  34   0 0.39    M    M  9.4 23 240   M    M   6 1      31 260
 7  31  24  28   8  37   0    T    M    M  8.9 25 250   M    M   8        35 250
 8  29  21  25   5  40   0    T    M    M  8.5 22 250   M    M   7 1      31 250
 9  27  19  23   4  42   0 0.10    M    M  4.8 10 160   M    M   4 1      14 180
10  24  10  17  -2  48   0 0.06    M    M  8.5 24 330   M    M   7 1      32 310
11  12  -5   4 -14  61   0    T    M    M  6.2 16 340   M    M   5 1      20 340
12  25  -6  10  -8  55   0 0.16    M    M  8.7 21  60   M    M   7 1      29  50
13  31   7  19   1  46   0 0.49    M    M 12.6 22 260   M    M  10 126    31 250
14   7  -1   3 -14  62   0    T    M    M 16.9 26 250   M    M   8 18     33 260
15  10  -3   4 -13  61   0 0.00    M    M 11.9 25 260   M    M   3        37 270
16  10  -1   5 -11  60   0    T    M    M 11.2 22 290   M    M   3        30 310
================================================================================
SM  398  202       736   0  1.32    M    141.7          M      107
================================================================================
AV 24.9 12.6                               8.9 FASTST   M    M   7    MAX(MPH)
                                 MISC ---->  # 26 160               # 37  270
================================================================================
NOTES:
# LAST OF SEVERAL OCCURRENCES

COLUMN 17 PEAK WIND IN M.P.H.

PRELIMINARY LOCAL CLIMATOLOGICAL DATA (WS FORM: F-6) , PAGE 2

                                          STATION:  FRENCHVILLE ME
                                          MONTH:    DECEMBER
                                          YEAR:     2017
                                          LATITUDE:   47 16 N
                                          LONGITUDE:  68 19 W

[TEMPERATURE DATA]      [PRECIPITATION DATA]       SYMBOLS USED IN COLUMN 16

AVERAGE MONTHLY: 18.8   TOTAL FOR MONTH:   1.32    1 = FOG OR MIST
DPTR FM NORMAL:  -0.8   DPTR FM NORMAL:   -0.18    2 = FOG REDUCING VISIBILITY
HIGHEST:    37 ON  6    GRTST 24HR  0.49 ON 13-13      TO 1/4 MILE OR LESS
LOWEST:     -6 ON 12                               3 = THUNDER
                        SNOW, ICE PELLETS, HAIL    4 = ICE PELLETS
                        TOTAL MONTH:    M          5 = HAIL
                        GRTST 24HR    M  ON   M    6 = FREEZING RAIN OR DRIZZLE
                        GRTST DEPTH:  M  ON   M    7 = DUSTSTORM OR SANDSTORM:
                                                       VSBY 1/2 MILE OR LESS
                                                   8 = SMOKE OR HAZE
[NO. OF DAYS WITH]      [WEATHER - DAYS WITH]      9 = BLOWING SNOW
                                                   X = TORNADO
MAX 32 OR BELOW:  13    0.01 INCH OR MORE:   8
MAX 90 OR ABOVE:   0    0.10 INCH OR MORE:   4
MIN 32 OR BELOW:  16    0.50 INCH OR MORE:   0
MIN  0 OR BELOW:   5    1.00 INCH OR MORE:   0

[HDD (BASE 65) ]
TOTAL THIS MO.   736    CLEAR  (SCALE 0-3)   2
DPTR FM NORMAL     9    PTCLDY (SCALE 4-7)  10
TOTAL FM JUL 1  2788    CLOUDY (SCALE 8-10)  4
DPTR FM NORMAL  -249

[CDD (BASE 65) ]
TOTAL THIS MO.     0
DPTR FM NORMAL     0    [PRESSURE DATA]
TOTAL FM JAN 1   105    HIGHEST SLP M ON M
DPTR FM NORMAL   -29    LOWEST  SLP 28.84 ON 13

[REMARKS]
