480
CXUS51 KCAR 220600
CF6FVE
PRELIMINARY LOCAL CLIMATOLOGICAL DATA (WS FORM: F-6)

                                          STATION:   FRENCHVILLE ME
                                          MONTH:     MAY
                                          YEAR:      2015
                                          LATITUDE:   47 16 N
                                          LONGITUDE:  68 19 W

  TEMPERATURE IN F:       :PCPN:    SNOW:  WIND      :SUNSHINE: SKY     :PK WND
================================================================================
1   2   3   4   5  6A  6B    7    8   9   10  11  12  13   14  15   16   17  18
                                     12Z  AVG MX 2MIN
DY MAX MIN AVG DEP HDD CDD  WTR  SNW DPTH SPD SPD DIR MIN PSBL S-S WX    SPD DR
================================================================================

 1  58  35  47   2  18   0    T    M    M  4.7 13 350   M    M   6        14 350
 2  66  33  50   5  15   0 0.00    M    M  7.7 20 330   M    M   1        25 320
 3  68  35  52   6  13   0 0.00    M    M  5.6 10 150   M    M   0        17 190
 4  81  45  63  17   2   0 0.01    M    M 13.1 31 280   M    M   4        42 240
 5  60  41  51   4  14   0 0.01    M    M 16.7 30 310   M    M   6        53 300
 6  62  37  50   3  15   0 0.00    M    M 14.0 24 290   M    M   3        40 300
 7  61  43  52   4  13   0 0.00    M    M 12.5 25 330   M    M   6        34 300
 8  50  39  45  -3  20   0 0.02    M    M 11.1 18 150   M    M   9 4      23 150
 9  56  39  48   0  17   0 0.22    M    M 10.6 20 180   M    M   5 1      26 170
10  57  46  52   3  13   0 0.30    M    M  6.2 15 340   M    M   8 12     20 340
11  57   M   M   M   M   M 0.11    M    M  6.6 13 210   M    M   3 12     16 330
12  66   M   M   M   M   M 0.71    M    M 11.1 21 330   M    M   9 128    27 330
13  53  34  44  -6  21   0    T    M    M 16.6 28 330   M    M   4        36 320
14  64  37  51   1  14   0 0.00    M    M 11.4 26 290   M    M   0        32 290
15  71  43  57   7   8   0 0.00    M    M  8.5 20 290   M    M   0        26 280
16  71  49  60   9   5   0 0.06    M    M  7.7 20 150   M    M   9        26 190
17  60  48  54   3  11   0 0.01    M    M  7.1 15 150   M    M  10 1      18 160
18  65  45  55   4  10   0    T    M    M  9.2 17 190   M    M   6 12     24 180
19  63  46  55   3  10   0 0.22    M    M  9.4 17 140   M    M   9 12     22 180
20  56  42  49  -3  16   0 0.01    M    M 16.8 35 290   M    M   7 12     42 290
21  63  39  51  -1  14   0    T    M    M 10.7 29 280   M    M   4        35 280
================================================================================
SM 1308  776       249   0  1.68    M    217.3          M      109
================================================================================
AV 62.3 40.8                              10.3 FASTST   M    M   5    MAX(MPH)
                                 MISC ---->  # 35 290               # 53  300
================================================================================
NOTES:
# LAST OF SEVERAL OCCURRENCES

COLUMN 17 PEAK WIND IN M.P.H.

PRELIMINARY LOCAL CLIMATOLOGICAL DATA (WS FORM: F-6) , PAGE 2

                                          STATION:  FRENCHVILLE ME
                                          MONTH:    MAY
                                          YEAR:     2015
                                          LATITUDE:   47 16 N
                                          LONGITUDE:  68 19 W

[TEMPERATURE DATA]      [PRECIPITATION DATA]       SYMBOLS USED IN COLUMN 16

AVERAGE MONTHLY: 51.6   TOTAL FOR MONTH:   1.68    1 = FOG OR MIST
DPTR FM NORMAL:   2.7   DPTR FM NORMAL:   -0.27    2 = FOG REDUCING VISIBILITY
HIGHEST:    81 ON  4    GRTST 24HR  0.75 ON 11-12      TO 1/4 MILE OR LESS
LOWEST:     33 ON  2                               3 = THUNDER
                        SNOW, ICE PELLETS, HAIL    4 = ICE PELLETS
                        TOTAL MONTH:    M          5 = HAIL
                        GRTST 24HR    M  ON   M    6 = FREEZING RAIN OR DRIZZLE
                        GRTST DEPTH:  M  ON   M    7 = DUSTSTORM OR SANDSTORM:
                                                       VSBY 1/2 MILE OR LESS
                                                   8 = SMOKE OR HAZE
[NO. OF DAYS WITH]      [WEATHER - DAYS WITH]      9 = BLOWING SNOW
                                                   X = TORNADO
MAX 32 OR BELOW:   0    0.01 INCH OR MORE:  11
MAX 90 OR ABOVE:   0    0.10 INCH OR MORE:   5
MIN 32 OR BELOW:   0    0.50 INCH OR MORE:   1
MIN  0 OR BELOW:   0    1.00 INCH OR MORE:   0

[HDD (BASE 65) ]
TOTAL THIS MO.   249    CLEAR  (SCALE 0-3)   5
DPTR FM NORMAL   -91    PTCLDY (SCALE 4-7)  11
TOTAL FM JUL 1  9713    CLOUDY (SCALE 8-10)  5
DPTR FM NORMAL   241

[CDD (BASE 65) ]
TOTAL THIS MO.     0
DPTR FM NORMAL     0    [PRESSURE DATA]
TOTAL FM JAN 1     0    HIGHEST SLP M ON M
DPTR FM NORMAL     0    LOWEST  SLP 29.46 ON 12

[REMARKS]
