000
CXUS53 KIWX 300800
CF6FWA
PRELIMINARY LOCAL CLIMATOLOGICAL DATA (WS FORM: F-6)

                                          STATION:   FORT WAYNE
                                          MONTH:     JULY
                                          YEAR:      2015
                                          LATITUDE:   41  0 N
                                          LONGITUDE:  85 12 W

  TEMPERATURE IN F:       :PCPN:    SNOW:  WIND      :SUNSHINE: SKY     :PK WND
================================================================================
1   2   3   4   5  6A  6B    7    8   9   10  11  12  13   14  15   16   17  18
                                     12Z  AVG MX 2MIN
DY MAX MIN AVG DEP HDD CDD  WTR  SNW DPTH SPD SPD DIR MIN PSBL S-S WX    SPD DR
================================================================================

 1  76  57  67  -7   0   2 0.00  0.0    0  7.3 14 280   M    M   5        21 320
 2  77  58  68  -6   0   3 0.00  0.0    0  9.2 18  50   M    M   8        22  40
 3  76  58  67  -7   0   2 0.00  0.0    0  6.6 14  70   M    M   7        17  70
 4  80  56  68  -6   0   3 0.00  0.0    0  2.0 10 260   M    M   4 18     13 270
 5  82  59  71  -3   0   6 0.00  0.0    0  1.4  9 130   M    M   6 18     12 110
 6  85  59  72  -2   0   7 0.00  0.0    0  7.3 18 200   M    M   4 18     23 200
 7  77  63  70  -4   0   5 0.27  0.0    0 10.1 16 340   M    M  10 18     20 340
 8  69  60  65  -9   0   0 0.34  0.0    0  7.8 15  80   M    M  10 1      17  80
 9  71  62  67  -7   0   2 1.39  0.0    0  8.3 17 250   M    M  10 1      23 260
10  76  62  69  -5   0   4 0.00  0.0    0  2.3  7 340   M    M   7 18     10 360
11  79  56  68  -6   0   3    T  0.0    0  4.1 10 200   M    M   7 1      12 200
12  73  61  67  -7   0   2 0.17  0.0    0  6.2 12  70   M    M   7 1      14  60
13  81  60  71  -3   0   6 2.37  0.0    0  7.7 30 340   M    M   8 123    39 270
14  81  66  74   0   0   9 0.06  0.0    0 11.7 25 290   M    M   5 18     34 300
15  78  62  70  -4   0   5 0.00  0.0    0  6.9 15  10   M    M   4        19  10
16  76  57  67  -7   0   2    T  0.0    0  5.8 15 150   M    M   7 8      19 150
17  88  69  79   5   0  14 0.56  0.0    0 10.7 18 200   M    M   8 13     24 220
18  89  68  79   5   0  14 0.74  0.0    0  9.1 46 320   M    M   7 138    46 320
19  86  70  78   4   0  13    T  0.0    0  7.4 17 250   M    M   8 138    22 230
20  84  64  74   0   0   9    T  0.0    0  4.8 17 260   M    M   6        21 250
21  80  62  71  -3   0   6 0.00  0.0    0  9.3 18 340   M    M   4 1      23 360
22  81  56  69  -4   0   4 0.00  0.0    0  5.0 12 290   M    M   5 8      16 290
23  84  61  73   0   0   8 0.00  0.0    0  2.0  9  60   M    M   4        13  50
24  85  62  74   1   0   9 0.00  0.0    0  2.4 10 250   M    M   3        14 250
25  85  64  75   2   0  10    T  0.0    0  8.1 16 240   M    M   5 18     21 250
26  85  67  76   3   0  11 0.07  0.0    0  4.1 15  70   M    M   8 123    19 210
27  86  69  78   5   0  13    T  0.0    0  7.8 15  90   M    M   6        18  80
28  90  66  78   5   0  13 0.00  0.0    0  4.6 10 110   M    M   4        13 120
29  89  65  77   4   0  12    T  0.0    0  6.2 17 280   M    M   6 18     20 280
================================================================================
SM 2349 1799         0 197  5.97     0.0 186.2          M      183
================================================================================
AV 81.0 62.0                               6.4 FASTST   M    M   6    MAX(MPH)
                                 MISC ---->  # 46 320               # 46  320
================================================================================
NOTES:
# LAST OF SEVERAL OCCURRENCES

COLUMN 17 PEAK WIND IN M.P.H.

PRELIMINARY LOCAL CLIMATOLOGICAL DATA (WS FORM: F-6) , PAGE 2

                                          STATION:  FORT WAYNE
                                          MONTH:    JULY
                                          YEAR:     2015
                                          LATITUDE:   41  0 N
                                          LONGITUDE:  85 12 W

[TEMPERATURE DATA]      [PRECIPITATION DATA]       SYMBOLS USED IN COLUMN 16

AVERAGE MONTHLY: 71.5   TOTAL FOR MONTH:   5.97    1 = FOG OR MIST
DPTR FM NORMAL:  -2.2   DPTR FM NORMAL:    2.00    2 = FOG REDUCING VISIBILITY
HIGHEST:    90 ON 28    GRTST 24HR  2.38 ON 13-14      TO 1/4 MILE OR LESS
LOWEST:     56 ON 22,11                            3 = THUNDER
                        SNOW, ICE PELLETS, HAIL    4 = ICE PELLETS
                        TOTAL MONTH:   0.0 INCH    5 = HAIL
                        GRTST 24HR     0.0         6 = FREEZING RAIN OR DRIZZLE
                        GRTST DEPTH:   0           7 = DUSTSTORM OR SANDSTORM:
                                                       VSBY 1/2 MILE OR LESS
                                                   8 = SMOKE OR HAZE
[NO. OF DAYS WITH]      [WEATHER - DAYS WITH]      9 = BLOWING SNOW
                                                   X = TORNADO
MAX 32 OR BELOW:   0    0.01 INCH OR MORE:   9
MAX 90 OR ABOVE:   1    0.10 INCH OR MORE:   7
MIN 32 OR BELOW:   0    0.50 INCH OR MORE:   4
MIN  0 OR BELOW:   0    1.00 INCH OR MORE:   2

[HDD (BASE 65) ]
TOTAL THIS MO.     0    CLEAR  (SCALE 0-3)   1
DPTR FM NORMAL     0    PTCLDY (SCALE 4-7)  24
TOTAL FM JUL 1     0    CLOUDY (SCALE 8-10)  4
DPTR FM NORMAL     0

[CDD (BASE 65) ]
TOTAL THIS MO.   197
DPTR FM NORMAL   -56    [PRESSURE DATA]
TOTAL FM JAN 1   469    HIGHEST SLP M ON M
DPTR FM NORMAL   -23    LOWEST  SLP 29.56 ON 14

[REMARKS]
