000
CXUS54 KOUN 010800
CF6GAG
PRELIMINARY LOCAL CLIMATOLOGICAL DATA (WS FORM: F-6)

                                          STATION:   GAGE
                                          MONTH:     JUNE
                                          YEAR:      2015
                                          LATITUDE:   36 17 N
                                          LONGITUDE:  99 46 W

  TEMPERATURE IN F:       :PCPN:    SNOW:  WIND      :SUNSHINE: SKY     :PK WND
================================================================================
1   2   3   4   5  6A  6B    7    8   9   10  11  12  13   14  15   16   17  18
                                     12Z  AVG MX 2MIN
DY MAX MIN AVG DEP HDD CDD  WTR  SNW DPTH SPD SPD DIR MIN PSBL S-S WX    SPD DR
================================================================================

 1  84  59  72   1   0   7 0.17  0.0    0 13.1 20 170   M    M   1 13     27 160
 2  91  64  78   7   0  13 0.00  0.0    0 18.6 29 190   M    M   0        39 200
 3  90  68  79   7   0  14 0.00  0.0    0 20.6 30 190   M    M   0        38 190
 4  91  67  79   7   0  14 0.00  0.0    0 18.5 35 170   M    M   0        43 170
 5  89  68  79   7   0  14 0.00  0.0    0 14.1 24 190   M    M   0        31 190
 6  90  65  78   6   0  13 0.00  0.0    0 13.8 24 200   M    M   0        32 190
 7  94  64  79   6   0  14 0.43  0.0    0 13.0 40 310   M    M   2 138    57 310
 8  90  64  77   4   0  12 0.00  0.0    0  5.0 15 330   M    M   1        21 320
 9  92  64  78   5   0  13 0.00  0.0    0  8.4 18 190   M    M   1        24 180
10  95  70  83   9   0  18 0.00  0.0    0 15.4 23 180   M    M   2 3      30 200
11  94  70  82   8   0  17    T  0.0    0 17.2 33 270   M    M   0 3      41 260
12  78  63  71  -3   0   6 2.34  0.0    0  6.5 35 290   M    M   7 13     43 290
13  81  64  73  -1   0   8    T  0.0    0  9.0 20 160   M    M   7 1      24 160
14  85  67  76   1   0  11 0.01  0.0    0  9.2 22 160   M    M   4        25 160
15  84  65  75   0   0  10 0.00  0.0    0  6.7 16  40   M    M   4 1      20 350
16  85  62  74  -1   0   9 0.00  0.0    0  4.6  9 170   M    M   0         M  M
17  85  67  76   0   0  11 0.00  0.0    0  6.4 15 130   M    M   3 1      18 140
18  89  62  76   0   0  11 0.00  0.0    0  3.5 15  30   M    M   1 12     20  30
19  91  66  79   3   0  14 0.00  0.0    0  9.6 18 180   M    M   1        24 180
20  93  72  83   7   0  18 0.00  0.0    0 19.2 29 200   M    M   0        36 180
21  92  71  82   5   0  17 0.00  0.0    0 16.4 25 190   M    M   0        30 190
22  92  71  82   5   0  17 0.00  0.0    0 19.2 31 200   M    M   0        38 200
23  92  64  78   1   0  13 0.00  0.0    0 16.0 30 200   M    M   0 18     37 210
24  93  72  83   5   0  18 0.00  0.0    0 18.8 28 200   M    M   0        35 200
25  94  71  83   5   0  18 0.00  0.0    0 16.3 23 230   M    M   0        29 190
26  91  66  79   1   0  14    T  0.0    0 10.5 26 310   M    M   1        34 310
27  88  59  74  -4   0   9 0.00  0.0    0  4.7 12 160   M    M   1 8      17  10
28  95  65  80   2   0  15 0.00  0.0    0 13.0 21 220   M    M   3        25 230
29  95  66  81   3   0  16 0.00  0.0    0  8.0 17 170   M    M   0        22 180
30  96  62  79   0   0  14 0.00  0.0    0 10.6 20 190   M    M   0        23 190
================================================================================
SM 2699 1978         0 398  2.95     0.0 365.9          M       39
================================================================================
AV 90.0 65.9                              12.2 FASTST   M    M   1    MAX(MPH)
                                 MISC ---->  # 40 310               # 57  310
================================================================================
NOTES:
# LAST OF SEVERAL OCCURRENCES

COLUMN 17 PEAK WIND IN M.P.H.

PRELIMINARY LOCAL CLIMATOLOGICAL DATA (WS FORM: F-6) , PAGE 2

                                          STATION:  GAGE
                                          MONTH:    JUNE
                                          YEAR:     2015
                                          LATITUDE:   36 17 N
                                          LONGITUDE:  99 46 W

[TEMPERATURE DATA]      [PRECIPITATION DATA]       SYMBOLS USED IN COLUMN 16

AVERAGE MONTHLY: 77.9   TOTAL FOR MONTH:   2.95    1 = FOG OR MIST
DPTR FM NORMAL:   2.8   DPTR FM NORMAL:   -0.55    2 = FOG REDUCING VISIBILITY
HIGHEST:    96 ON 30    GRTST 24HR  2.34 ON 12-12      TO 1/4 MILE OR LESS
LOWEST:     59 ON 27, 1                            3 = THUNDER
                        SNOW, ICE PELLETS, HAIL    4 = ICE PELLETS
                        TOTAL MONTH:   0.0 INCH    5 = HAIL
                        GRTST 24HR     0.0         6 = FREEZING RAIN OR DRIZZLE
                        GRTST DEPTH:   0           7 = DUSTSTORM OR SANDSTORM:
                                                       VSBY 1/2 MILE OR LESS
                                                   8 = SMOKE OR HAZE
[NO. OF DAYS WITH]      [WEATHER - DAYS WITH]      9 = BLOWING SNOW
                                                   X = TORNADO
MAX 32 OR BELOW:   0    0.01 INCH OR MORE:   4
MAX 90 OR ABOVE:  20    0.10 INCH OR MORE:   3
MIN 32 OR BELOW:   0    0.50 INCH OR MORE:   1
MIN  0 OR BELOW:   0    1.00 INCH OR MORE:   1

[HDD (BASE 65) ]
TOTAL THIS MO.     0    CLEAR  (SCALE 0-3)  25
DPTR FM NORMAL    -8    PTCLDY (SCALE 4-7)   5
TOTAL FM JUL 1  4068    CLOUDY (SCALE 8-10)  0
DPTR FM NORMAL  -325

[CDD (BASE 65) ]
TOTAL THIS MO.   398
DPTR FM NORMAL    87    [PRESSURE DATA]
TOTAL FM JAN 1   495    HIGHEST SLP M ON M
DPTR FM NORMAL    26    LOWEST  SLP 29.65 ON 11

[REMARKS]
#FINAL-06-15#
