000
CXUS53 KDDC 231200
CF6GCK
PRELIMINARY LOCAL CLIMATOLOGICAL DATA (WS FORM: F-6)

                                          STATION:   GARDEN CITY REGIONAL ARPT KS
                                          MONTH:     FEBRUARY
                                          YEAR:      2017
                                          LATITUDE:   37 55 N
                                          LONGITUDE: 100 43 W

  TEMPERATURE IN F:       :PCPN:    SNOW:  WIND      :SUNSHINE: SKY     :PK WND
================================================================================
1   2   3   4   5  6A  6B    7    8   9   10  11  12  13   14  15   16   17  18
                                     12Z  AVG MX 2MIN
DY MAX MIN AVG DEP HDD CDD  WTR  SNW DPTH SPD SPD DIR MIN PSBL S-S WX    SPD DR
================================================================================

 1  38  21  30  -2  35   0 0.00    M    M 15.1 23  50   M    M   1        28  40
 2  26  18  22 -10  43   0 0.00    M    M  9.3 17  60   M    M  10        22  40
 3  34  13  24  -8  41   0 0.00    M    M  9.6 23 170   M    M   0        31 170
 4  69  22  46  14  19   0 0.00    M    M 10.5 24 170   M    M   0        30 170
 5  62  28  45  13  20   0 0.00    M    M 11.0 17  80   M    M   0 1      21  80
 6  73  26  50  17  15   0 0.00    M    M  7.7 23 280   M    M   5 12     30 270
 7  72  26  49  16  16   0 0.00    M    M 12.0 26  60   M    M   0 8      32  60
 8  35  14  25  -8  40   0 0.00    M    M  8.3 24  20   M    M   0 8      32  20
 9  64  19  42   9  23   0 0.00    M    M 14.4 22 180   M    M   0        27 170
10  87  32  60  26   5   0 0.00    M    M  7.5 16 190   M    M   0        19 200
11  67  39  53  19  12   0 0.00    M    M 10.8 29  10   M    M   0        36  10
12  49  33  41   7  24   0 0.00    M    M 13.2 35  10   M    M   0        41  20
13  42  33  38   4  27   0 0.01    M    M  6.3 17 200   M    M   9        21 200
14  52  24  38   4  27   0 0.00    M    M 15.6 28 360   M    M   3        35  10
15  60  20  40   5  25   0 0.00    M    0  9.0 14 280   M    M   0        19 240
16  75  23  49  14  16   0 0.00    M    0  8.6 15 200   M    M   0        22 220
17   M  23   M   M   M   M 0.00    M    M  6.5 15 310   M    M   0        17 300
18  73  24  49  13  16   0 0.00    M    M  9.1 21 200   M    M   0        26 200
19  74  38  56  20   9   0 0.00    M    M 13.3 33 190   M    M   3 12     43 190
20  66  33  50  14  15   0 0.00    M    M 15.6 37 340   M    M   0        43 330
21  79  25  52  16  13   0 0.00  0.0    0  8.1 21 230   M    M   0        26 220
22  74  36  55  18  10   0 0.00  0.0    0  9.4 21  10   M    M   0 8      29 350
================================================================================
SM 1271  570       451   0  0.01     0.0 230.9          M       31
================================================================================
AV 60.5 25.9                              10.5 FASTST   M    M   1    MAX(MPH)
                                 MISC ---->  # 37 340               # 43  190
================================================================================
NOTES:
# LAST OF SEVERAL OCCURRENCES

COLUMN 17 PEAK WIND IN M.P.H.

PRELIMINARY LOCAL CLIMATOLOGICAL DATA (WS FORM: F-6) , PAGE 2

                                          STATION:  GARDEN CITY REGIONAL ARPT KS
                                          MONTH:    FEBRUARY
                                          YEAR:     2017
                                          LATITUDE:   37 55 N
                                          LONGITUDE: 100 43 W

[TEMPERATURE DATA]      [PRECIPITATION DATA]       SYMBOLS USED IN COLUMN 16

AVERAGE MONTHLY: 43.2   TOTAL FOR MONTH:   0.01    1 = FOG OR MIST
DPTR FM NORMAL:   9.2   DPTR FM NORMAL:   -0.40    2 = FOG REDUCING VISIBILITY
HIGHEST:    87 ON 10    GRTST 24HR  0.01 ON 13-13      TO 1/4 MILE OR LESS
LOWEST:     13 ON  3                               3 = THUNDER
                        SNOW, ICE PELLETS, HAIL    4 = ICE PELLETS
                        TOTAL MONTH:   0.0 INCH    5 = HAIL
                        GRTST 24HR     0.0         6 = FREEZING RAIN OR DRIZZLE
                        GRTST DEPTH:   0           7 = DUSTSTORM OR SANDSTORM:
                                                       VSBY 1/2 MILE OR LESS
                                                   8 = SMOKE OR HAZE
[NO. OF DAYS WITH]      [WEATHER - DAYS WITH]      9 = BLOWING SNOW
                                                   X = TORNADO
MAX 32 OR BELOW:   1    0.01 INCH OR MORE:   1
MAX 90 OR ABOVE:   0    0.10 INCH OR MORE:   0
MIN 32 OR BELOW:  16    0.50 INCH OR MORE:   0
MIN  0 OR BELOW:   0    1.00 INCH OR MORE:   0

[HDD (BASE 65) ]
TOTAL THIS MO.   451    CLEAR  (SCALE 0-3)  18
DPTR FM NORMAL  -232    PTCLDY (SCALE 4-7)   2
TOTAL FM JUL 1  3313    CLOUDY (SCALE 8-10)  2
DPTR FM NORMAL  -550

[CDD (BASE 65) ]
TOTAL THIS MO.     0
DPTR FM NORMAL     0    [PRESSURE DATA]
TOTAL FM JAN 1     0    HIGHEST SLP M ON M
DPTR FM NORMAL     0    LOWEST  SLP 29.47 ON  6

[REMARKS]
