000
CXUS54 KFWD 010730
CF6GDJ
PRELIMINARY LOCAL CLIMATOLOGICAL DATA (WS FORM: F-6)

                                          STATION:   GRANBURY
                                          MONTH:     SEPTEMBER
                                          YEAR:      2014
                                          LATITUDE:   32 26 N
                                          LONGITUDE:  97 48 W

  TEMPERATURE IN F:       :PCPN:    SNOW:  WIND      :SUNSHINE: SKY     :PK WND
================================================================================
1   2   3   4   5  6A  6B    7    8   9   10  11  12  13   14  15   16   17  18
                                     12Z  AVG MX 2MIN
DY MAX MIN AVG DEP HDD CDD  WTR  SNW DPTH SPD SPD DIR MIN PSBL S-S WX    SPD DR
================================================================================

 1 100  78  89   7   0  24 0.00  0.0    0 13.2 16 160   M    M   1        24 170
 2  99  79  89   7   0  24 0.00  0.0    0 11.7 15 150   M    M   1        23 160
 3 100  78  89   8   0  24 0.00  0.0    0 10.6 17 150   M    M   2        25 170
 4  99  76  88   7   0  23 0.00  0.0    0  8.7 16 150   M    M   2        25 150
 5  97  73  85   4   0  20 0.00  0.0    0  6.1 15 220   M    M   2        20 220
 6  95  73  84   4   0  19 0.13  0.0    0  4.9 18 300   M    M   4 3      23 300
 7  87  70  79  -1   0  14 0.01  0.0    0  3.8  8 340   M    M   7         M  M
 8  96  71  84   5   0  19 0.00  0.0    0  3.4  8 120   M    M   3 1       M  M
 9  99  76  88   9   0  23 0.00  0.0    0  8.8 17 180   M    M   1        21 180
10 103  79  91  12   0  26 0.00  0.0    0 11.4 16 210   M    M   1        23 180
11  86  75  81   3   0  16 0.00  0.0    0  6.4 14 350   M    M   7 8      16 340
12  75  59  67 -11   0   2 0.00  0.0    0  9.6 16 340   M    M  10 18     24 350
13  74  58  66 -11   0   1 0.00  0.0    0  7.0 13 350   M    M   9 1      18 350
14  82  65  74  -3   0   9 0.00  0.0    0  4.2  8 120   M    M   5         M  M
15  87  69  78   2   0  13 0.00  0.0    0  3.5  8 110   M    M   4         M  M
16  92  72  82   6   0  17 0.00  0.0    0  3.5  9 130   M    M   3         M  M
17  94  72  83   7   0  18 0.68  0.0    0  3.0  8 230   M    M   3        22 200
18  89  74  82   7   0  17    T  0.0    0  3.4 17 140   M    M   3         M  M
19  87  70  79   4   0  14 0.00  0.0    0  4.0 10 100   M    M   6 12      M  M
20  91  74  83   9   0  18 0.00  0.0    0  5.9 14 100   M    M   5        20 100
21  95  66  81   7   0  16 0.00  0.0    0  1.9  9 120   M    M   0         M  M
22  89  71  80   7   0  15 0.00  0.0    0  5.3 10  70   M    M   1         M  M
23  86  58  72  -1   0   7 0.00  0.0    0  4.6  8 100   M    M   0         M  M
24  88  54  71  -2   0   6 0.00  0.0    0  3.6 12  90   M    M   0        16  90
25  89  54  72   0   0   7 0.00  0.0    0  3.1 12 110   M    M   0         M  M
26  88  63  76   4   0  11 0.00  0.0    0  3.9 12 110   M    M   2        17 120
27  89  65  77   6   0  12 0.00  0.0    0  4.5  9 110   M    M   1         M  M
28  85  64  75   4   0  10 0.00  0.0    0  1.2  6  90   M    M   6         M  M
29  90  61  76   5   0  11 0.00  0.0    0  2.4  7  50   M    M   1        16  40
30  93  67  80  10   0  15 0.00  0.0    0  5.5 12 140   M    M   1        18 140
================================================================================
SM 2724 2064         0 451  0.82     0.0 169.1          M       91
================================================================================
AV 90.8 68.8                               5.6 FASTST   M    M   3    MAX(MPH)
                                 MISC ---->    18   M                 25    M
================================================================================
NOTES:
# LAST OF SEVERAL OCCURRENCES

COLUMN 17 PEAK WIND IN M.P.H.

PRELIMINARY LOCAL CLIMATOLOGICAL DATA (WS FORM: F-6) , PAGE 2

                                          STATION:  GRANBURY
                                          MONTH:    SEPTEMBER
                                          YEAR:     2014
                                          LATITUDE:   32 26 N
                                          LONGITUDE:  97 48 W

[TEMPERATURE DATA]      [PRECIPITATION DATA]       SYMBOLS USED IN COLUMN 16

AVERAGE MONTHLY: 79.8   TOTAL FOR MONTH:   0.82    1 = FOG OR MIST
DPTR FM NORMAL:   3.6   DPTR FM NORMAL:       M    2 = FOG REDUCING VISIBILITY
HIGHEST:   103 ON 10    GRTST 24HR  0.68 ON 17-17      TO 1/4 MILE OR LESS
LOWEST:     54 ON 25,24                            3 = THUNDER
                        SNOW, ICE PELLETS, HAIL    4 = ICE PELLETS
                        TOTAL MONTH:   0.0 INCH    5 = HAIL
                        GRTST 24HR     0.0         6 = FREEZING RAIN OR DRIZZLE
                        GRTST DEPTH:   0           7 = DUSTSTORM OR SANDSTORM:
                                                       VSBY 1/2 MILE OR LESS
                                                   8 = SMOKE OR HAZE
[NO. OF DAYS WITH]      [WEATHER - DAYS WITH]      9 = BLOWING SNOW
                                                   X = TORNADO
MAX 32 OR BELOW:   0    0.01 INCH OR MORE:   3
MAX 90 OR ABOVE:  15    0.10 INCH OR MORE:   2
MIN 32 OR BELOW:   0    0.50 INCH OR MORE:   1
MIN  0 OR BELOW:   0    1.00 INCH OR MORE:   0

[HDD (BASE 65) ]
TOTAL THIS MO.     0    CLEAR  (SCALE 0-3)  20
DPTR FM NORMAL    -6    PTCLDY (SCALE 4-7)   8
TOTAL FM JUL 1     0    CLOUDY (SCALE 8-10)  2
DPTR FM NORMAL    -6

[CDD (BASE 65) ]
TOTAL THIS MO.   451
DPTR FM NORMAL   109    [PRESSURE DATA]
TOTAL FM JAN 1  2702    HIGHEST SLP M ON M
DPTR FM NORMAL   429    LOWEST  SLP M ON M

[REMARKS]
#FINAL-09-14#
