000
CXUS56 KOTX 271500
CF6GEG
PRELIMINARY LOCAL CLIMATOLOGICAL DATA (WS FORM: F-6)

                                          STATION:   SPOKANE WA AIRPORT
                                          MONTH:     FEBRUARY
                                          YEAR:      2015
                                          LATITUDE:   47 37 N
                                          LONGITUDE: 117 32 W

  TEMPERATURE IN F:       :PCPN:    SNOW:  WIND      :SUNSHINE: SKY     :PK WND
================================================================================
1   2   3   4   5  6A  6B    7    8   9   10  11  12  13   14  15   16   17  18
                                     12Z  AVG MX 2MIN
DY MAX MIN AVG DEP HDD CDD  WTR  SNW DPTH SPD SPD DIR MIN PSBL S-S WX    SPD DR
================================================================================

 1  32  29  31   0  34   0 0.13  1.1    0  5.5 10 230   M    M  10 1      13  50
 2  39  30  35   3  30   0 0.12    T    1  7.0 23 220   M    M  10 126    30 230
 3  43  34  39   7  26   0    T  0.0    0  2.4  8  10   M    M  10 1      11 220
 4  40  34  37   5  28   0 0.01  0.0    0  5.7  9  30   M    M  10 12     11  30
 5  52  35  44  12  21   0 0.33  0.0    0  7.6 21 210   M    M   9 12     28 210
 6  57  43  50  18  15   0 0.14  0.0    0 13.9 39 200   M    M   8 1      48 200
 7  54  42  48  16  17   0 0.22  0.0    0 16.2 36 230   M    M  10 1      44 220
 8  54  40  47  15  18   0    T  0.0    0  8.2 17 200   M    M   8        23 210
 9  52  43  48  16  17   0 0.08  0.0    0 11.2 25 230   M    M   8 13     33 230
10  47  42  45  13  20   0 0.01  0.0    0  6.6 14 210   M    M  10 1      17 210
11  49  38  44  12  21   0 0.00  0.0    0  4.4  9  80   M    M   9 12     12  80
12  58  39  49  17  16   0    T  0.0    0  3.0 13 200   M    M   7 12     15 200
13  51  35  43  11  22   0 0.00  0.0    0  4.8 10  50   M    M   8 12     12  40
14  49  32  41   8  24   0    T  0.0    0  4.9 10 160   M    M   8 12     13 160
15  49  26  38   5  27   0    T    T    0  2.6  9 260   M    M   5 12     12 350
16  50  26  38   5  27   0 0.00  0.0    0  3.5  9 360   M    M   2        12  50
17  50  25  38   5  27   0 0.00  0.0    0  4.5 10  60   M    M   1        12  50
18  47  27  37   4  28   0 0.00  0.0    0  4.4 10  70   M    M   5        12  70
19  43  32  38   4  27   0    T  0.0    0  5.4  9 220   M    M   9 12     12 160
20  46  31  39   5  26   0    T  0.0    0  6.0 12 240   M    M   8 12     14 170
21  44  25  35   1  30   0    T    T    0  8.6 23  70   M    M   4 12     30  90
22  40  20  30  -4  35   0 0.00  0.0    0  2.4 10  20   M    M   2        13 320
23  45  19  32  -2  33   0 0.00  0.0    0  3.1  9 230   M    M   2        11  60
24  46  27  37   3  28   0 0.00  0.0    0  5.2 12 200   M    M   4        16 170
25  48  22  35   0  30   0 0.00  0.0    0  4.8 13 230   M    M   4        16 250
26  43  30  37   2  28   0 0.00  0.0    0  4.6  9  10   M    M   8        11  30
================================================================================
SM 1228  826       655   0  1.04     1.1 156.5          M      179
================================================================================
AV 47.2 31.8                               6.0 FASTST   M    M   7    MAX(MPH)
                                 MISC ---->  # 39 200               # 48  200
================================================================================
NOTES:
# LAST OF SEVERAL OCCURRENCES

COLUMN 17 PEAK WIND IN M.P.H.

PRELIMINARY LOCAL CLIMATOLOGICAL DATA (WS FORM: F-6) , PAGE 2

                                          STATION:  SPOKANE WA AIRPORT
                                          MONTH:    FEBRUARY
                                          YEAR:     2015
                                          LATITUDE:   47 37 N
                                          LONGITUDE: 117 32 W

[TEMPERATURE DATA]      [PRECIPITATION DATA]       SYMBOLS USED IN COLUMN 16

AVERAGE MONTHLY: 39.5   TOTAL FOR MONTH:   1.04    1 = FOG OR MIST
DPTR FM NORMAL:   6.7   DPTR FM NORMAL:   -0.19    2 = FOG REDUCING VISIBILITY
HIGHEST:    58 ON 12    GRTST 24HR  0.36 ON  5- 6      TO 1/4 MILE OR LESS
LOWEST:     19 ON 23                               3 = THUNDER
                        SNOW, ICE PELLETS, HAIL    4 = ICE PELLETS
                        TOTAL MONTH:   1.1 INCHES  5 = HAIL
                        GRTST 24HR   1.1 ON   M    6 = FREEZING RAIN OR DRIZZLE
                        GRTST DEPTH:   1 ON  2     7 = DUSTSTORM OR SANDSTORM:
                                                       VSBY 1/2 MILE OR LESS
                                                   8 = SMOKE OR HAZE
[NO. OF DAYS WITH]      [WEATHER - DAYS WITH]      9 = BLOWING SNOW
                                                   X = TORNADO
MAX 32 OR BELOW:   1    0.01 INCH OR MORE:   8
MAX 90 OR ABOVE:   0    0.10 INCH OR MORE:   5
MIN 32 OR BELOW:  15    0.50 INCH OR MORE:   0
MIN  0 OR BELOW:   0    1.00 INCH OR MORE:   0

[HDD (BASE 65) ]
TOTAL THIS MO.   655    CLEAR  (SCALE 0-3)   4
DPTR FM NORMAL  -181    PTCLDY (SCALE 4-7)  10
TOTAL FM JUL 1  4064    CLOUDY (SCALE 8-10) 12
DPTR FM NORMAL  -705

[CDD (BASE 65) ]
TOTAL THIS MO.     0
DPTR FM NORMAL     0    [PRESSURE DATA]
TOTAL FM JAN 1     0    HIGHEST SLP M ON M
DPTR FM NORMAL     0    LOWEST  SLP  0.00 ON M

[REMARKS]
