000
CXUS55 KRIW 010901
CF6GEY
PRELIMINARY LOCAL CLIMATOLOGICAL DATA (WS FORM: F-6)

                                          STATION:   GREYBULL WY
                                          MONTH:     OCTOBER
                                          YEAR:      2014
                                          LATITUDE:   44 30 N
                                          LONGITUDE: 108  4 W

  TEMPERATURE IN F:       :PCPN:    SNOW:  WIND      :SUNSHINE: SKY     :PK WND
================================================================================
1   2   3   4   5  6A  6B    7    8   9   10  11  12  13   14  15   16   17  18
                                     12Z  AVG MX 2MIN
DY MAX MIN AVG DEP HDD CDD  WTR  SNW DPTH SPD SPD DIR MIN PSBL S-S WX    SPD DR
================================================================================

 1  59  42  51  -1  14   0    T  0.0    0 10.2 25 340   M    M   6        32 340
 2  62  35  49  -2  16   0 0.00  0.0    0 14.5 41 340   M    M   4        53 330
 3  56  28  42  -9  23   0 0.00  0.0    0  4.4 20 300   M    M   0        23 290
 4  74  31  53   3  12   0 0.00  0.0    0  4.0 15 320   M    M   2        19 320
 5  74  46  60  10   5   0    T  0.0    0 13.3 29 320   M    M   3        34 320
 6  77  36  57   7   8   0 0.00  0.0    0  3.4  9 200   M    M   1 8      12 330
 7  77  47  62  13   3   0 0.00  0.0    0  3.1 10 160   M    M   6        13 160
 8  79  41  60  11   5   0 0.00  0.0    0  3.6 10 330   M    M   0 8      12 320
 9  74  39  57   8   8   0 0.00  0.0    0  6.5 22 320   M    M   1        27 310
10  72  41  57   9   8   0    T  0.0    0  3.5 10 260   M    M   2        12 140
11  71  40  56   8   9   0    T  0.0    0  6.2 37 340   M    M   1 8      45 340
12  57  37  47  -1  18   0 0.01  0.0    0 17.6 36 340   M    M   2        44 330
13  63  30  47   0  18   0 0.00  0.0    0  3.8 13 150   M    M   0        17 150
14  74  33  54   7  11   0 0.00  0.0    0  5.9 16 160   M    M   0        22 140
15  80  41  61  15   4   0 0.00  0.0    0 10.1 31 300   M    M   0        40 300
16  63  41  52   6  13   0 0.00  0.0    0  7.2 26 310   M    M   0        32 310
17  65  32  49   3  16   0 0.00  0.0    0  3.6 12 190   M    M   0        15 170
18  73  32  53   8  12   0 0.00  0.0    0  3.2 10 320   M    M   0        12 140
19  75  34  55  10  10   0 0.00  0.0    0  3.5  9 160   M    M   0        15 150
20  77  33  55  10  10   0 0.00  0.0    0  2.8 12 130   M    M   0        14 130
21  73  34  54  10  11   0 0.00  0.0    0  6.6 23 330   M    M   1        31 330
22  62  30  46   2  19   0 0.00  0.0    0  4.4 13 140   M    M   0        16 150
23  70  31  51   8  14   0 0.00  0.0    0  2.5 13 140   M    M   1        15 100
24  77  37  57  14   8   0 0.00  0.0    0  5.6 18 310   M    M   3        23 310
25  80  31  56  14   9   0 0.00  0.0    0  4.6 18 160   M    M   0        25 160
26  67  43  55  13  10   0 0.00  0.0    0 13.3 29 290   M    M   2        37 280
27  56  33  45   3  20   0 0.00  0.0    0  7.3 24 300   M    M   3        29 300
28  54  23  39  -2  26   0 0.00  0.0    0  4.6 10 160   M    M   0        14 110
29  65  26  46   5  19   0 0.00  0.0    0  6.6 28 290   M    M   2        33 300
30  64  29  47   7  18   0 0.00  0.0    0  3.1 10 160   M    M   1        13 160
31  71  32  52  12  13   0 0.00  0.0    0  4.2 13 190   M    M   0        15 170
================================================================================
SM 2141 1088       390   0  0.01     0.0 193.2          M       41
================================================================================
AV 69.1 35.1                               6.2 FASTST   M    M   1    MAX(MPH)
                                 MISC ---->  # 41 340               # 53  330
================================================================================
NOTES:
# LAST OF SEVERAL OCCURRENCES

COLUMN 17 PEAK WIND IN M.P.H.

PRELIMINARY LOCAL CLIMATOLOGICAL DATA (WS FORM: F-6) , PAGE 2

                                          STATION:  GREYBULL WY
                                          MONTH:    OCTOBER
                                          YEAR:     2014
                                          LATITUDE:   44 30 N
                                          LONGITUDE: 108  4 W

[TEMPERATURE DATA]      [PRECIPITATION DATA]       SYMBOLS USED IN COLUMN 16

AVERAGE MONTHLY: 52.1   TOTAL FOR MONTH:   0.01    1 = FOG OR MIST
DPTR FM NORMAL:   6.1   DPTR FM NORMAL:   -0.59    2 = FOG REDUCING VISIBILITY
HIGHEST:    80 ON 25,15 GRTST 24HR  0.08 ON 30- 1      TO 1/4 MILE OR LESS
LOWEST:     23 ON 28                               3 = THUNDER
                        SNOW, ICE PELLETS, HAIL    4 = ICE PELLETS
                        TOTAL MONTH:   0.0 INCH    5 = HAIL
                        GRTST 24HR     0.0         6 = FREEZING RAIN OR DRIZZLE
                        GRTST DEPTH:   0           7 = DUSTSTORM OR SANDSTORM:
                                                       VSBY 1/2 MILE OR LESS
                                                   8 = SMOKE OR HAZE
[NO. OF DAYS WITH]      [WEATHER - DAYS WITH]      9 = BLOWING SNOW
                                                   X = TORNADO
MAX 32 OR BELOW:   0    0.01 INCH OR MORE:   1
MAX 90 OR ABOVE:   0    0.10 INCH OR MORE:   0
MIN 32 OR BELOW:  12    0.50 INCH OR MORE:   0
MIN  0 OR BELOW:   0    1.00 INCH OR MORE:   0

[HDD (BASE 65) ]
TOTAL THIS MO.   390    CLEAR  (SCALE 0-3)  27
DPTR FM NORMAL  -201    PTCLDY (SCALE 4-7)   4
TOTAL FM JUL 1   569    CLOUDY (SCALE 8-10)  0
DPTR FM NORMAL  -253

[CDD (BASE 65) ]
TOTAL THIS MO.     0
DPTR FM NORMAL     0    [PRESSURE DATA]
TOTAL FM JAN 1   698    HIGHEST SLP M ON M
DPTR FM NORMAL    29    LOWEST  SLP 29.52 ON 15

[REMARKS]
#FINAL-10-14#
