000
CXUS53 KIND 010730
CF6GEZ
PRELIMINARY LOCAL CLIMATOLOGICAL DATA (WS FORM: F-6)

                                          STATION:   SHELBYVILLE IN
                                          MONTH:     JUNE
                                          YEAR:      2015
                                          LATITUDE:   39 35 N
                                          LONGITUDE:  85 48 W

  TEMPERATURE IN F:       :PCPN:    SNOW:  WIND      :SUNSHINE: SKY     :PK WND
================================================================================
1   2   3   4   5  6A  6B    7    8   9   10  11  12  13   14  15   16   17  18
                                     12Z  AVG MX 2MIN
DY MAX MIN AVG DEP HDD CDD  WTR  SNW DPTH SPD SPD DIR MIN PSBL S-S WX    SPD DR
================================================================================

 1  61  53  57 -11   8   0 0.10    M    M 10.2 16  50   M    M  10 8      19  50
 2  65  49  57 -11   8   0 0.00    M    M  7.3 15  80   M    M   6 1      20  90
 3  72  48  60  -8   5   0 0.00    M    M  1.6  8  60   M    M   7 128    11 130
 4  83  57  70   1   0   5 0.00    M    M  2.3 12 270   M    M   3 18     16 260
 5  90  62  76   7   0  11 0.00    M    M  6.7 17 350   M    M   3 18     21 360
 6  81  64  73   4   0   8 0.00    M    M  7.7 14  60   M    M   4 18     17  40
 7  90  64  77   7   0  12 0.00    M    M 11.6 25 200   M    M   2 18     31 190
 8  81  61  71   1   0   6 1.22    M    M 11.0 32 280   M    M   6 13     39 260
 9  84  58  71   1   0   6 0.00    M    M  5.6 16 310   M    M   0 18     20 240
10  92  67  80  10   0  15 0.00    M    M 10.3 18 220   M    M   0 8      25 250
11  93  68  81  10   0  16 0.00    M    M  8.0 17 180   M    M   1 8      21 190
12  91  73  82  11   0  17 0.15    M    M 12.6 33 260   M    M   3 3      46 260
13  91  71  81  10   0  16    T    M    M 11.3 18 190   M    M   2 13     25 190
14  90  73  82  11   0  17 0.35    M    M 11.3 26 270   M    M   3 13     36 270
15  90  73  82  10   0  17 0.60    M    M 10.9 24 280   M    M   3 138    32 220
16  86  73  80   8   0  15 0.72    M    M  5.8 12 320   M    M   7 13     32 270
17  82  74  78   6   0  13 0.31    M    M  7.5 17 250   M    M   7 18     23 220
18  88  72  80   8   0  15 0.18    M    M  9.3 26 330   M    M   6 13     31 340
19  81  69  75   3   0  10 0.81    M    M  5.9 15 190   M    M   9 13     18 200
20  83  71  77   4   0  12 0.03    M    M  9.1 18 340   M    M   7        23 340
21  85  67  76   3   0  11 0.12    M    M  7.8 31 260   M    M   3 3      42 270
22  89  69  79   6   0  14 0.00    M    M 10.8 21 210   M    M   2 1      28 200
23  86  63  75   2   0  10 0.00    M    M  9.6 18 350   M    M   3        24 350
24  82  62  72  -1   0   7 0.00    M    M  3.8 12 160   M    M   0        13 160
25  83  65  74   0   0   9 0.78    M    M  6.8 22 310   M    M   3 13     25 310
26  79  70  75   1   0  10 0.95    M    M  5.5 15 190   M    M   7 123    20 190
27  72  62  67  -7   0   2 0.24    M    M 14.2 29 320   M    M   9 1      34 320
28  79  55  67  -7   0   2    T    M    M  6.9 14 290   M    M   1        27 330
29  78  63  71  -3   0   6 1.07    M    M  5.5 13 210   M    M   8 18     17 200
30  83  64  74   0   0   9 0.19    M    M  7.8 22 270   M    M   3 13     27 260
================================================================================
SM 2490 1940        21 291  7.82    M    244.7          M      128
================================================================================
AV 83.0 64.7                               8.2 FASTST   M    M   4    MAX(MPH)
                                 MISC ---->  # 33 260               # 46  260
================================================================================
NOTES:
# LAST OF SEVERAL OCCURRENCES

COLUMN 17 PEAK WIND IN M.P.H.

PRELIMINARY LOCAL CLIMATOLOGICAL DATA (WS FORM: F-6) , PAGE 2

                                          STATION:  SHELBYVILLE IN
                                          MONTH:    JUNE
                                          YEAR:     2015
                                          LATITUDE:   39 35 N
                                          LONGITUDE:  85 48 W

[TEMPERATURE DATA]      [PRECIPITATION DATA]       SYMBOLS USED IN COLUMN 16

AVERAGE MONTHLY: 73.8   TOTAL FOR MONTH:   7.82    1 = FOG OR MIST
DPTR FM NORMAL:   2.3   DPTR FM NORMAL:    3.42    2 = FOG REDUCING VISIBILITY
HIGHEST:    93 ON 11    GRTST 24HR  1.22 ON  8- 8      TO 1/4 MILE OR LESS
LOWEST:     48 ON  3                               3 = THUNDER
                        SNOW, ICE PELLETS, HAIL    4 = ICE PELLETS
                        TOTAL MONTH:    M          5 = HAIL
                        GRTST 24HR    M  ON   M    6 = FREEZING RAIN OR DRIZZLE
                        GRTST DEPTH:  M  ON   M    7 = DUSTSTORM OR SANDSTORM:
                                                       VSBY 1/2 MILE OR LESS
                                                   8 = SMOKE OR HAZE
[NO. OF DAYS WITH]      [WEATHER - DAYS WITH]      9 = BLOWING SNOW
                                                   X = TORNADO
MAX 32 OR BELOW:   0    0.01 INCH OR MORE:  16
MAX 90 OR ABOVE:   8    0.10 INCH OR MORE:  15
MIN 32 OR BELOW:   0    0.50 INCH OR MORE:   7
MIN  0 OR BELOW:   0    1.00 INCH OR MORE:   2

[HDD (BASE 65) ]
TOTAL THIS MO.    21    CLEAR  (SCALE 0-3)  12
DPTR FM NORMAL     6    PTCLDY (SCALE 4-7)  14
TOTAL FM JUL 1  5577    CLOUDY (SCALE 8-10)  4
DPTR FM NORMAL   167

[CDD (BASE 65) ]
TOTAL THIS MO.   291
DPTR FM NORMAL    82    [PRESSURE DATA]
TOTAL FM JAN 1   479    HIGHEST SLP 30.19 ON 24
DPTR FM NORMAL   189    LOWEST  SLP 29.71 ON 27

[REMARKS]
#FINAL-06-15#
