000
CXUS53 KFGF 200915
CF6GFK
PRELIMINARY LOCAL CLIMATOLOGICAL DATA (WS FORM: F-6)

                                          STATION:   GRAND FORKS INTL AP ND
                                          MONTH:     OCTOBER
                                          YEAR:      2014
                                          LATITUDE:   47 57 N
                                          LONGITUDE:  97 11 W

  TEMPERATURE IN F:       :PCPN:    SNOW:  WIND      :SUNSHINE: SKY     :PK WND
================================================================================
1   2   3   4   5  6A  6B    7    8   9   10  11  12  13   14  15   16   17  18
                                     12Z  AVG MX 2MIN
DY MAX MIN AVG DEP HDD CDD  WTR  SNW DPTH SPD SPD DIR MIN PSBL S-S WX    SPD DR
================================================================================

 1  67  57  62  12   3   0    T  0.0    0 13.1 26 190   M    M   9        35 190
 2  68  45  57   7   8   0 0.09  0.0    0  8.9 24 310   M    M   6 18     39 320
 3  45  36  41  -8  24   0 0.03  0.0    0 21.3 32 330   M    M   9        40 320
 4  46  31  39 -10  26   0 0.00  0.0    0 10.5 21 330   M    M   6        26 310
 5  54  37  46  -2  19   0 0.00  0.0    0 11.2 25 320   M    M   6        33 330
 6  59  32  46  -2  19   0 0.00  0.0    0 11.6 28 300   M    M   5        36 290
 7  55  30  43  -4  22   0 0.00  0.0    0 11.6 30 320   M    M   4        39 310
 8  53  26  40  -7  25   0 0.00  0.0    0  7.4 17 330   M    M   2        23 350
 9  52  26  39  -7  26   0 0.00  0.0    0  5.9 13 330   M    M   1 8      17 350
10  59  22  41  -5  24   0 0.00  0.0    0  3.5 10 180   M    M   3        14 240
11  64  32  48   2  17   0 0.00  0.0    0 17.7 32 180   M    M   1        41 180
12  59  46  53   8  12   0 0.20  0.0    0  9.9 22 180   M    M   7 1      29 180
13  66  38  52   7  13   0 0.00  0.0    0  5.1 14 330   M    M   4 1      18 340
14  67  32  50   6  15   0 0.00  0.0    0  5.3 10 180   M    M   2 8      14 160
15  69  38  54  10  11   0 0.00  0.0    0 13.8 25 180   M    M   3        30 160
16  65  47  56  13   9   0 0.01  0.0    0 14.8 29 330   M    M   5        37 340
17  47  42  45   2  20   0    T  0.0    0 19.1 33 340   M    M  10        43 350
18  45  41  43   1  22   0 0.00  0.0    0  9.3 18 180   M    M   9        24 180
19  67  35  51   9  14   0 0.00  0.0    0  9.0 21 350   M    M   1        26 340
================================================================================
SM 1107  693       329   0  0.33     0.0 209.0          M       93
================================================================================
AV 58.3 36.5                              11.0 FASTST   M    M   5    MAX(MPH)
                                 MISC ---->  # 33 340               # 43  350
================================================================================
NOTES:
# LAST OF SEVERAL OCCURRENCES

COLUMN 17 PEAK WIND IN M.P.H.

PRELIMINARY LOCAL CLIMATOLOGICAL DATA (WS FORM: F-6) , PAGE 2

                                          STATION:  GRAND FORKS INTL AP ND
                                          MONTH:    OCTOBER
                                          YEAR:     2014
                                          LATITUDE:   47 57 N
                                          LONGITUDE:  97 11 W

[TEMPERATURE DATA]      [PRECIPITATION DATA]       SYMBOLS USED IN COLUMN 16

AVERAGE MONTHLY: 47.4   TOTAL FOR MONTH:   0.33    1 = FOG OR MIST
DPTR FM NORMAL:   1.4   DPTR FM NORMAL:   -0.98    2 = FOG REDUCING VISIBILITY
HIGHEST:    69 ON 15    GRTST 24HR  0.20 ON 12-12      TO 1/4 MILE OR LESS
LOWEST:     22 ON 10                               3 = THUNDER
                        SNOW, ICE PELLETS, HAIL    4 = ICE PELLETS
                        TOTAL MONTH:   0.0 INCH    5 = HAIL
                        GRTST 24HR     0.0         6 = FREEZING RAIN OR DRIZZLE
                        GRTST DEPTH:   0           7 = DUSTSTORM OR SANDSTORM:
                                                       VSBY 1/2 MILE OR LESS
                                                   8 = SMOKE OR HAZE
[NO. OF DAYS WITH]      [WEATHER - DAYS WITH]      9 = BLOWING SNOW
                                                   X = TORNADO
MAX 32 OR BELOW:   0    0.01 INCH OR MORE:   4
MAX 90 OR ABOVE:   0    0.10 INCH OR MORE:   1
MIN 32 OR BELOW:   8    0.50 INCH OR MORE:   0
MIN  0 OR BELOW:   0    1.00 INCH OR MORE:   0

[HDD (BASE 65) ]
TOTAL THIS MO.   329    CLEAR  (SCALE 0-3)   7
DPTR FM NORMAL   -33    PTCLDY (SCALE 4-7)   8
TOTAL FM JUL 1   575    CLOUDY (SCALE 8-10)  4
DPTR FM NORMAL  -138

[CDD (BASE 65) ]
TOTAL THIS MO.     0
DPTR FM NORMAL     0    [PRESSURE DATA]
TOTAL FM JAN 1   395    HIGHEST SLP M ON M
DPTR FM NORMAL    17    LOWEST  SLP 29.34 ON  6

[REMARKS]
