000
CXUS53 KGLD 260800
CF6GLD
PRELIMINARY LOCAL CLIMATOLOGICAL DATA (WS FORM: F-6)

                                          STATION:   GOODLAND KS
                                          MONTH:     MAY
                                          YEAR:      2016
                                          LATITUDE:   39 22 N
                                          LONGITUDE: 101 42 W

  TEMPERATURE IN F:       :PCPN:    SNOW:  WIND      :SUNSHINE: SKY     :PK WND
================================================================================
1   2   3   4   5  6A  6B    7    8   9   10  11  12  13   14  15   16   17  18
                                     12Z  AVG MX 2MIN
DY MAX MIN AVG DEP HDD CDD  WTR  SNW DPTH SPD SPD DIR MIN PSBL S-S WX    SPD DR
================================================================================

 1  54  30  42 -12  23   0 0.01    T    0 17.2 32  20   M    M   7 1      42  10
 2  63  29  46  -9  19   0 0.00  0.0    0  8.6 20 320   M    M   1        29 320
 3  68  37  53  -2  12   0 0.01  0.0    0 10.4 22 360   M    M   3        28 340
 4  77  41  59   4   6   0 0.00  0.0    0  8.7 14  20   M    M   0        19 330
 5  81  52  67  11   0   2 0.00  0.0    0 13.7 21 160   M    M   0 8      26 160
 6  87  50  69  13   0   4 0.00  0.0    0 16.8 25 180   M    M   0        32 180
 7  80  49  65   9   0   0 0.01  0.0    0 14.5 30 160   M    M   0 3      37 160
 8  72  41  57   0   8   0 0.31  0.0    0  8.9 22 320   M    M   2 138    25 320
 9  71  36  54  -3  11   0 0.00  0.0    0  5.7 15  30   M    M   1        20  30
10  78  43  61   4   4   0 0.14  0.0    0 13.2 30  20   M    M   3 13     39  30
11  65  40  53  -5  12   0    T  0.0    0 10.2 20  50   M    M   5        25  50
12  74  38  56  -2   9   0 0.00  0.0    0  9.6 22 210   M    M   1        32 220
13  72  37  55  -3  10   0 0.00  0.0    0 16.5 32 360   M    M   0        41  10
14  53  37  45 -14  20   0 0.00  0.0    0  6.4 13  90   M    M   9        16  80
15  52  43  48 -11  17   0 0.17  0.0    0 14.9 29 170   M    M  10 13     34 160
16  46  43  45 -14  20   0 0.29  0.0    0 12.7 20  60   M    M  10 1      25  70
17  58  39  49 -11  16   0 0.11  0.0    0  8.5 17  30   M    M   8 1      20  20
18  62  34  48 -12  17   0 0.00  0.0    0 10.7 22 180   M    M   4 1      26 190
19  65  42  54  -6  11   0 0.00  0.0    0 17.9 25 160   M    M   3        38 170
20  71  48  60  -1   5   0 0.00  0.0    0 18.3 26 160   M    M   6 1      33 150
21  81  55  68   7   0   3 0.02  0.0    0 23.3 38 130   M    M   6 12     48 120
22  88  64  76  15   0  11 0.00  0.0    0 26.7 39 150   M    M   3        47 150
23  77  51  64   2   1   0 0.00  0.0    0  8.1 21 190   M    M   3        29 190
24  79  51  65   3   0   0 0.00  0.0    0 13.7 24 130   M    M   5        30 120
25  80  49  65   3   0   0 0.00  0.0    0  8.7 22  10   M    M   5 12     29  20
================================================================================
SM 1754 1079       221  20  1.07    T    323.9          M       95
================================================================================
AV 70.2 43.2                              13.0 FASTST   M    M   4    MAX(MPH)
                                 MISC ---->  # 39 150               # 48  120
================================================================================
NOTES:
# LAST OF SEVERAL OCCURRENCES

COLUMN 17 PEAK WIND IN M.P.H.

PRELIMINARY LOCAL CLIMATOLOGICAL DATA (WS FORM: F-6) , PAGE 2

                                          STATION:  GOODLAND KS
                                          MONTH:    MAY
                                          YEAR:     2016
                                          LATITUDE:   39 22 N
                                          LONGITUDE: 101 42 W

[TEMPERATURE DATA]      [PRECIPITATION DATA]       SYMBOLS USED IN COLUMN 16

AVERAGE MONTHLY: 56.7   TOTAL FOR MONTH:   1.07    1 = FOG OR MIST
DPTR FM NORMAL:  -1.7   DPTR FM NORMAL:   -1.18    2 = FOG REDUCING VISIBILITY
HIGHEST:    88 ON 22    GRTST 24HR  0.46 ON 15-16      TO 1/4 MILE OR LESS
LOWEST:     29 ON  2                               3 = THUNDER
                        SNOW, ICE PELLETS, HAIL    4 = ICE PELLETS
                        TOTAL MONTH:    T          5 = HAIL
                        GRTST 24HR    T  ON  1- 1  6 = FREEZING RAIN OR DRIZZLE
                        GRTST DEPTH:   0           7 = DUSTSTORM OR SANDSTORM:
                                                       VSBY 1/2 MILE OR LESS
                                                   8 = SMOKE OR HAZE
[NO. OF DAYS WITH]      [WEATHER - DAYS WITH]      9 = BLOWING SNOW
                                                   X = TORNADO
MAX 32 OR BELOW:   0    0.01 INCH OR MORE:   9
MAX 90 OR ABOVE:   0    0.10 INCH OR MORE:   5
MIN 32 OR BELOW:   2    0.50 INCH OR MORE:   0
MIN  0 OR BELOW:   0    1.00 INCH OR MORE:   0

[HDD (BASE 65) ]
TOTAL THIS MO.   221    CLEAR  (SCALE 0-3)  13
DPTR FM NORMAL    32    PTCLDY (SCALE 4-7)   9
TOTAL FM JUL 1  5107    CLOUDY (SCALE 8-10)  3
DPTR FM NORMAL  -737

[CDD (BASE 65) ]
TOTAL THIS MO.    20
DPTR FM NORMAL    -7    [PRESSURE DATA]
TOTAL FM JAN 1    20    HIGHEST SLP M ON M
DPTR FM NORMAL   -11    LOWEST  SLP 29.49 ON  9

[REMARKS]
