000
CXUS54 KJAN 011200
CF6GLH
PRELIMINARY LOCAL CLIMATOLOGICAL DATA (WS FORM: F-6)

                                          STATION:   GREENVILLE
                                          MONTH:     JUNE
                                          YEAR:      2015
                                          LATITUDE:   33 29 N
                                          LONGITUDE:  90 59 W

  TEMPERATURE IN F:       :PCPN:    SNOW:  WIND      :SUNSHINE: SKY     :PK WND
================================================================================
1   2   3   4   5  6A  6B    7    8   9   10  11  12  13   14  15   16   17  18
                                     12Z  AVG MX 2MIN
DY MAX MIN AVG DEP HDD CDD  WTR  SNW DPTH SPD SPD DIR MIN PSBL S-S WX    SPD DR
================================================================================

 1  78  63  71  -5   0   6 0.00  0.0    0  6.5 12  40   M    M   6 18     20 140
 2  81  60  71  -5   0   6 0.00  0.0    0  5.0 12 360   M    M   1 1      14 350
 3  83  59  71  -6   0   6 0.00  0.0    0  4.1 13 350   M    M   1 1      16  20
 4  86  61  74  -3   0   9 0.00  0.0    0  3.5 14  40   M    M   1 1      17 340
 5  91  64  78   1   0  13 0.00  0.0    0  3.0 10 120   M    M   0        13 120
 6  90  72  81   4   0  16    T  0.0    0  3.2 10  60   M    M   2        14  60
 7  93  71  82   5   0  17    T  0.0    0  4.0 14 110   M    M   2        17 100
 8  94  73  84   6   0  19 0.00  0.0    0  7.4 17 240   M    M   1        23 240
 9  94  74  84   6   0  19 0.00  0.0    0  5.2 20  10   M    M   2 3      29  10
10  93  70  82   4   0  17 0.00  0.0    0  5.0 13 170   M    M   1        15 170
11  92  71  82   4   0  17 0.00  0.0    0  8.1 16 170   M    M   0        21 160
12  91  71  81   2   0  16 0.08  0.0    0  8.3 23 190   M    M   1 3      27 190
13  89  72  81   2   0  16    T  0.0    0  9.5 22 130   M    M   3 3      28 160
14  93  73  83   4   0  18 0.03  0.0    0  7.4 33 190   M    M   3 3      45 190
15  93  74  84   5   0  19 0.00  0.0    0  7.1 18 190   M    M   1        27 190
16  94  71  83   4   0  18 0.00  0.0    0  6.9 15 160   M    M   0        19 150
17  95  71  83   3   0  18 0.00  0.0    0  6.8 18 150   M    M   1        23 160
18  90  73  82   2   0  17 0.00  0.0    0 11.0 22 190   M    M   2        28 200
19  92  75  84   4   0  19 0.11  0.0    0 15.8 25 220   M    M   4 3      33 220
20  93  75  84   4   0  19 0.00  0.0    0 10.8 17 210   M    M   1        23 220
21  92  74  83   3   0  18 0.00  0.0    0  5.8 14 240   M    M   0        18 250
22  95  76  86   6   0  21 0.00  0.0    0  7.1 16 240   M    M   0        20 230
23  96  75  86   5   0  21 0.00  0.0    0  6.3 13 230   M    M   0        17 230
24  98  74  86   5   0  21 0.11  0.0    0  6.1 21 110   M    M   1 3      30 100
25  93  71  82   1   0  17 0.00  0.0    0  4.1 10 180   M    M   0        14 150
26  94  72  83   2   0  18    T  0.0    0  8.1 18 200   M    M   1        24 360
27  85  69  77  -4   0  12 0.03  0.0    0  6.9 13 350   M    M   5 3      16  10
28  88  64  76  -5   0  11 0.00  0.0    0  3.9 12 240   M    M   1        15 230
29  93  69  81   0   0  16 0.00  0.0    0  9.2 16 230   M    M   0        22 210
30  92  69  81   0   0  16 1.16  0.0    0 10.4 28 270   M    M   3 3      34 280
================================================================================
SM 2731 2106         0 476  1.52     0.0 206.5          M       44
================================================================================
AV 91.0 70.2                               6.9 FASTST   M    M   1    MAX(MPH)
                                 MISC ---->  # 33 190               # 45  190
================================================================================
NOTES:
# LAST OF SEVERAL OCCURRENCES

COLUMN 17 PEAK WIND IN M.P.H.

PRELIMINARY LOCAL CLIMATOLOGICAL DATA (WS FORM: F-6) , PAGE 2

                                          STATION:  GREENVILLE
                                          MONTH:    JUNE
                                          YEAR:     2015
                                          LATITUDE:   33 29 N
                                          LONGITUDE:  90 59 W

[TEMPERATURE DATA]      [PRECIPITATION DATA]       SYMBOLS USED IN COLUMN 16

AVERAGE MONTHLY: 80.6   TOTAL FOR MONTH:   1.52    1 = FOG OR MIST
DPTR FM NORMAL:   1.6   DPTR FM NORMAL:   -2.52    2 = FOG REDUCING VISIBILITY
HIGHEST:    98 ON 24    GRTST 24HR  1.16 ON 30-30      TO 1/4 MILE OR LESS
LOWEST:     59 ON  3                               3 = THUNDER
                        SNOW, ICE PELLETS, HAIL    4 = ICE PELLETS
                        TOTAL MONTH:   0.0 INCH    5 = HAIL
                        GRTST 24HR     0.0         6 = FREEZING RAIN OR DRIZZLE
                        GRTST DEPTH:   0           7 = DUSTSTORM OR SANDSTORM:
                                                       VSBY 1/2 MILE OR LESS
                                                   8 = SMOKE OR HAZE
[NO. OF DAYS WITH]      [WEATHER - DAYS WITH]      9 = BLOWING SNOW
                                                   X = TORNADO
MAX 32 OR BELOW:   0    0.01 INCH OR MORE:   6
MAX 90 OR ABOVE:  23    0.10 INCH OR MORE:   3
MIN 32 OR BELOW:   0    0.50 INCH OR MORE:   1
MIN  0 OR BELOW:   0    1.00 INCH OR MORE:   1

[HDD (BASE 65) ]
TOTAL THIS MO.     0    CLEAR  (SCALE 0-3)  27
DPTR FM NORMAL     0    PTCLDY (SCALE 4-7)   3
TOTAL FM JUL 1  2869    CLOUDY (SCALE 8-10)  0
DPTR FM NORMAL    95

[CDD (BASE 65) ]
TOTAL THIS MO.   476
DPTR FM NORMAL    56    [PRESSURE DATA]
TOTAL FM JAN 1   857    HIGHEST SLP 30.14 ON 24
DPTR FM NORMAL   115    LOWEST  SLP 29.79 ON 10

[REMARKS]
