000
CXUS54 KJAN 011200
CF6GLH
PRELIMINARY LOCAL CLIMATOLOGICAL DATA (WS FORM: F-6)

                                          STATION:   GREENVILLE
                                          MONTH:     MAY
                                          YEAR:      2015
                                          LATITUDE:   33 29 N
                                          LONGITUDE:  90 59 W

  TEMPERATURE IN F:       :PCPN:    SNOW:  WIND      :SUNSHINE: SKY     :PK WND
================================================================================
1   2   3   4   5  6A  6B    7    8   9   10  11  12  13   14  15   16   17  18
                                     12Z  AVG MX 2MIN
DY MAX MIN AVG DEP HDD CDD  WTR  SNW DPTH SPD SPD DIR MIN PSBL S-S WX    SPD DR
================================================================================

 1  75  52  64  -4   1   0 0.00  0.0    0  8.1 17 360   M    M   0        21  10
 2  79  47  63  -6   2   0 0.00  0.0    0  2.8  9 290   M    M   0        13 250
 3  83  52  68  -1   0   3 0.00  0.0    0  6.4 17 230   M    M   1        22 220
 4  84  61  73   4   0   8 0.00  0.0    0  7.4 15 140   M    M   3        20 150
 5  87  65  76   7   0  11 0.00  0.0    0 10.3 23 170   M    M   3        31 180
 6  87  61  74   4   0   9 0.00  0.0    0  8.1 17 150   M    M   2        23 160
 7  89  65  77   7   0  12 0.00  0.0    0  8.4 16 170   M    M   3        21 140
 8  87  70  79   9   0  14 0.00  0.0    0  9.3 20 180   M    M   6        23 170
 9  86  72  79   8   0  14 0.03  0.0    0  9.8 17 130   M    M   6 13     21 130
10  87  69  78   7   0  13 0.00  0.0    0  9.8 18 180   M    M   2        24 150
11  81  66  74   3   0   9 0.09  0.0    0  8.2 26 270   M    M   3 1      38 270
12  81  64  73   2   0   8 0.00  0.0    0 10.8 24  40   M    M   0        30  50
13  83  61  72   0   0   7 0.00  0.0    0  8.0 13  70   M    M   1        18  70
14  90  68  79   7   0  14    T  0.0    0  8.3 16 150   M    M   2        20 150
15  90  71  81   9   0  16 0.23  0.0    0 10.4 29 160   M    M   4 13     37 170
16  85  71  78   6   0  13 0.76  0.0    0 10.8 31 180   M    M   7 13     39 180
17  87  69  78   5   0  13 1.15  0.0    0 12.2 31 220   M    M   5 13     39 220
18  75  66  71  -2   0   6 0.52  0.0    0  7.0 25 160   M    M   3 13     35 150
19  84  66  75   2   0  10 0.00  0.0    0  3.1  8  70   M    M   5 1      10  90
20  86  67  77   4   0  12 0.00  0.0    0  6.6 20 260   M    M   3 1      24 260
21  72  52  62 -12   3   0 0.00  0.0    0 12.0 20  20   M    M   8 1      25  20
22  76  50  63 -11   2   0 0.00  0.0    0  6.9 16  70   M    M   0 1      19  70
23  86  58  72  -2   0   7 0.00  0.0    0  7.0 14 140   M    M   1        19 130
24  86  70  78   4   0  13 0.35  0.0    0 13.1 39 180   M    M   4 13     50 180
25  86  64  75   0   0  10 0.25  0.0    0 10.9 31 270   M    M   5 13     38 270
26  83  63  73  -2   0   8 0.02  0.0    0  8.2 29 260   M    M   3 1      34 260
27  79  68  74  -1   0   9 0.42  0.0    0  5.8 16 210   M    M   5 13     19 200
28  85  66  76   1   0  11    T  0.0    0  3.4 12  80   M    M   5 12     14  80
29  87  70  79   4   0  14 0.09  0.0    0  9.2 25 170   M    M   3 138    32 170
30  85  67  76   0   0  11 0.54  0.0    0  9.2 37 270   M    M   4 13     45 270
31  78  67  73  -3   0   8 0.18  0.0    0  4.4 15 270   M    M   7 1      19 270
================================================================================
SM 2589 1978         8 283  4.63     0.0 255.9          M      104
================================================================================
AV 83.5 63.8                               8.3 FASTST   M    M   3    MAX(MPH)
                                 MISC ---->  # 39 180               # 50  180
================================================================================
NOTES:
# LAST OF SEVERAL OCCURRENCES

COLUMN 17 PEAK WIND IN M.P.H.

PRELIMINARY LOCAL CLIMATOLOGICAL DATA (WS FORM: F-6) , PAGE 2

                                          STATION:  GREENVILLE
                                          MONTH:    MAY
                                          YEAR:     2015
                                          LATITUDE:   33 29 N
                                          LONGITUDE:  90 59 W

[TEMPERATURE DATA]      [PRECIPITATION DATA]       SYMBOLS USED IN COLUMN 16

AVERAGE MONTHLY: 73.7   TOTAL FOR MONTH:   4.63    1 = FOG OR MIST
DPTR FM NORMAL:   1.5   DPTR FM NORMAL:   -0.28    2 = FOG REDUCING VISIBILITY
HIGHEST:    90 ON 15,14 GRTST 24HR  1.67 ON 17-18      TO 1/4 MILE OR LESS
LOWEST:     47 ON  2                               3 = THUNDER
                        SNOW, ICE PELLETS, HAIL    4 = ICE PELLETS
                        TOTAL MONTH:   0.0 INCH    5 = HAIL
                        GRTST 24HR     0.0         6 = FREEZING RAIN OR DRIZZLE
                        GRTST DEPTH:   0           7 = DUSTSTORM OR SANDSTORM:
                                                       VSBY 1/2 MILE OR LESS
                                                   8 = SMOKE OR HAZE
[NO. OF DAYS WITH]      [WEATHER - DAYS WITH]      9 = BLOWING SNOW
                                                   X = TORNADO
MAX 32 OR BELOW:   0    0.01 INCH OR MORE:  13
MAX 90 OR ABOVE:   2    0.10 INCH OR MORE:   9
MIN 32 OR BELOW:   0    0.50 INCH OR MORE:   4
MIN  0 OR BELOW:   0    1.00 INCH OR MORE:   1

[HDD (BASE 65) ]
TOTAL THIS MO.     8    CLEAR  (SCALE 0-3)  17
DPTR FM NORMAL    -5    PTCLDY (SCALE 4-7)  13
TOTAL FM JUL 1  2869    CLOUDY (SCALE 8-10)  1
DPTR FM NORMAL    95

[CDD (BASE 65) ]
TOTAL THIS MO.   283
DPTR FM NORMAL    47    [PRESSURE DATA]
TOTAL FM JAN 1   381    HIGHEST SLP 30.31 ON 22
DPTR FM NORMAL    59    LOWEST  SLP 29.92 ON 26

[REMARKS]
