000
CXUS52 KJAX 010800
CF6GNV
PRELIMINARY LOCAL CLIMATOLOGICAL DATA (WS FORM: F-6)

                                          STATION:   GAINESVILLE FL
                                          MONTH:     JANUARY
                                          YEAR:      2015
                                          LATITUDE:   29 40 N
                                          LONGITUDE:  82 16 W

  TEMPERATURE IN F:       :PCPN:    SNOW:  WIND      :SUNSHINE: SKY     :PK WND
================================================================================
1   2   3   4   5  6A  6B    7    8   9   10  11  12  13   14  15   16   17  18
                                     12Z  AVG MX 2MIN
DY MAX MIN AVG DEP HDD CDD  WTR  SNW DPTH SPD SPD DIR MIN PSBL S-S WX    SPD DR
================================================================================

 1  66  49  58   4   7   0    T  0.0    0  7.2 12  50   M    M  10        16  70
 2  73  55  64  10   1   0 0.00  0.0    0  5.7 10  60   M    M   7 12     13  40
 3  83  61  72  18   0   7    T  0.0    0  3.9 14 200   M    M   8 12     18 210
 4  81  62  72  18   0   7 0.08  0.0    0  8.4 22 270   M    M   8 12     31 250
 5  66  44  55   1  10   0 0.00  0.0    0  6.5 17 330   M    M   2        22 330
 6  71  39  55   1  10   0 0.00  0.0    0  4.4 15 240   M    M   0        23 250
 7  65  32  49  -5  16   0 0.00  0.0    0  8.0 23 360   M    M   0        32 350
 8  46  28  37 -17  28   0 0.00  0.0    0 12.5 23 340   M    M   5        34 350
 9  56  36  46  -8  19   0    T  0.0    0  6.1 14 340   M    M   6        18 330
10  60  36  48  -6  17   0 0.00  0.0    0  7.8 16  40   M    M   1        21  50
11  68  47  58   4   7   0    T  0.0    0  6.6 12  70   M    M   8 128    14  70
12  69  57  63   9   2   0 0.77  0.0    0  2.8 13 140   M    M   9 123    16 140
13  69  58  64  10   1   0 0.00  0.0    0  5.3 13  30   M    M  10 12     17  30
14  60  50  55   1  10   0 0.00  0.0    0  7.1 14  40   M    M  10 1      17  50
15  50  46  48  -6  17   0 0.29  0.0    0  5.1 10  50   M    M  10 1      12 360
16  61  37  49  -5  16   0 0.03  0.0    0  5.5 14 360   M    M   4        20 330
17  68  33  51  -3  14   0 0.00  0.0    0  3.5 10  60   M    M   1        16  80
18  70  40  55   1  10   0 0.00  0.0    0  6.0 18 270   M    M   2 1      25 280
19  68  32  50  -4  15   0 0.00  0.0    0  2.0  8  10   M    M   0 1      11  50
20  69  37  53  -1  12   0 0.00  0.0    0  1.8  9 130   M    M   1        14  30
21  76  45  61   7   4   0 0.00  0.0    0  1.2 10 320   M    M   1 1      13 310
22  74  45  60   6   5   0 0.00  0.0    0  4.4 12 130   M    M   4 1      18 150
23  69  58  64  10   1   0 1.66  0.0    0  8.5 17 180   M    M   9 13     24 190
24  69  39  54  -1  11   0 0.26  0.0    0 14.0 32 280   M    M   5 1      43 270
25  62  33  48  -7  17   0 0.00  0.0    0  5.6 14 250   M    M   0        19 250
26  61  45  53  -2  12   0 0.15  0.0    0 10.8 25 260   M    M   3 1      32 260
27  66  37  52  -3  13   0 0.00  0.0    0  9.0 25 260   M    M   0        31 280
28  58  33  46  -9  19   0 0.00  0.0    0  4.7 14 350   M    M   0        18  10
29  67  30  49  -6  16   0 0.00  0.0    0  3.5 12 160   M    M   0        16 120
30  68  39  54  -1  11   0 0.00  0.0    0  7.3 16 340   M    M   2 8      23 330
31  66  33  50  -5  15   0 0.00  0.0    0  6.8 17  60   M    M   0        21  50
================================================================================
SM 2055 1316       336  14  3.24     0.0 192.0          M      126
================================================================================
AV 66.3 42.5                               6.2 FASTST   M    M   4    MAX(MPH)
                                 MISC ---->  # 32 280               # 43  270
================================================================================
NOTES:
# LAST OF SEVERAL OCCURRENCES

COLUMN 17 PEAK WIND IN M.P.H.

PRELIMINARY LOCAL CLIMATOLOGICAL DATA (WS FORM: F-6) , PAGE 2

                                          STATION:  GAINESVILLE FL
                                          MONTH:    JANUARY
                                          YEAR:     2015
                                          LATITUDE:   29 40 N
                                          LONGITUDE:  82 16 W

[TEMPERATURE DATA]      [PRECIPITATION DATA]       SYMBOLS USED IN COLUMN 16

AVERAGE MONTHLY: 54.4   TOTAL FOR MONTH:   3.24    1 = FOG OR MIST
DPTR FM NORMAL:   0.1   DPTR FM NORMAL:   -0.07    2 = FOG REDUCING VISIBILITY
HIGHEST:    83 ON  3    GRTST 24HR  1.92 ON 23-24      TO 1/4 MILE OR LESS
LOWEST:     28 ON  8                               3 = THUNDER
                        SNOW, ICE PELLETS, HAIL    4 = ICE PELLETS
                        TOTAL MONTH:   0.0 INCH    5 = HAIL
                        GRTST 24HR     0.0         6 = FREEZING RAIN OR DRIZZLE
                        GRTST DEPTH:   0           7 = DUSTSTORM OR SANDSTORM:
                                                       VSBY 1/2 MILE OR LESS
                                                   8 = SMOKE OR HAZE
[NO. OF DAYS WITH]      [WEATHER - DAYS WITH]      9 = BLOWING SNOW
                                                   X = TORNADO
MAX 32 OR BELOW:   0    0.01 INCH OR MORE:   7
MAX 90 OR ABOVE:   0    0.10 INCH OR MORE:   5
MIN 32 OR BELOW:   4    0.50 INCH OR MORE:   2
MIN  0 OR BELOW:   0    1.00 INCH OR MORE:   1

[HDD (BASE 65) ]
TOTAL THIS MO.   336    CLEAR  (SCALE 0-3)  16
DPTR FM NORMAL    -9    PTCLDY (SCALE 4-7)   8
TOTAL FM JUL 1   815    CLOUDY (SCALE 8-10)  7
DPTR FM NORMAL    13

[CDD (BASE 65) ]
TOTAL THIS MO.    14
DPTR FM NORMAL     2    [PRESSURE DATA]
TOTAL FM JAN 1    14    HIGHEST SLP 30.53 ON  8
DPTR FM NORMAL    14    LOWEST  SLP 29.74 ON 24

[REMARKS]
#FINAL-01-15#
