000
CXUS54 KOUN 250800
CF6GOK
PRELIMINARY LOCAL CLIMATOLOGICAL DATA (WS FORM: F-6)

                                          STATION:   GUTHRIE MUNICIPAL
                                          MONTH:     MAY
                                          YEAR:      2015
                                          LATITUDE:   35 50 N
                                          LONGITUDE:  97 25 W

  TEMPERATURE IN F:       :PCPN:    SNOW:  WIND      :SUNSHINE: SKY     :PK WND
================================================================================
1   2   3   4   5  6A  6B    7    8   9   10  11  12  13   14  15   16   17  18
                                     12Z  AVG MX 2MIN
DY MAX MIN AVG DEP HDD CDD  WTR  SNW DPTH SPD SPD DIR MIN PSBL S-S WX    SPD DR
================================================================================

 1  81  57  69   3   0   4 0.00  0.0    0  6.2 12 160   M    M   0        17 120
 2  83  57  70   4   0   5 0.00  0.0    0 10.0 20 180   M    M   0        27 190
 3  82  65  74   8   0   9 0.00  0.0    0 13.2 23 200   M    M   0        30 190
 4  84  63  74   8   0   9 0.00  0.0    0 11.2 22 180   M    M   1        38 190
 5  75  61  68   1   0   3 1.54  0.0    0 12.3 33 180   M    M   4 13     41 180
 6  78  60  69   2   0   4 0.48  0.0    0 16.2 31 170   M    M   5 13     44 180
 7  80  60  70   3   0   5 0.34  0.0    0 11.6 26 270   M    M   3 13     36 200
 8  73  59  66  -1   0   1 0.50  0.0    0  4.8 25  80   M    M   9 1238   34  80
 9  70  62  66  -2   0   1 0.23  0.0    0 11.2 24 100   M    M   7 13     35 100
10  79  56  68   0   0   3 0.12  0.0    0  9.3 20 190   M    M   5 13     27 180
11  68  45  57 -11   8   0 0.00  0.0    0  4.9 16 310   M    M   1        29  80
12  72  46  59  -9   6   0 0.00  0.0    0  5.9 15  80   M    M   0        24  90
13  65  54  60  -9   5   0 0.34  0.0    0  9.8 20 170   M    M   8 138    27 170
14  83  63  73   4   0   8 0.22  0.0    0 11.4 21 200   M    M   4 13     28 210
15  83  63  73   4   0   8 0.29  0.0    0 12.5 31 230   M    M   1 13     45 240
16  79  64  72   2   0   7 0.83  0.0    0 13.7 29 280   M    M   6 123    39 280
17  84  63  74   4   0   9 0.00  0.0    0  8.1 17 210   M    M   0 8      24 200
18  85  61  73   3   0   8 0.00  0.0    0  6.9 13  50   M    M   2 12     23  80
19  65  58  62  -8   3   0 0.78  0.0    0 11.4 23  70   M    M   7 13     29  60
20  62  53  58 -13   7   0 0.02  0.0    0  6.9 13  20   M    M  10 1      22  10
21  67  47  57 -14   8   0 0.00  0.0    0  6.5 13  70   M    M   3 1      25  80
22  59  52  56 -15   9   0 0.31  0.0    0  6.6 15 130   M    M   8 18     24 340
23  70  57  64  -7   1   0 0.31  0.0    0 10.2 21 150   M    M   9 123    27 140
24  69  61  65  -7   0   0 0.34  0.0    0  7.3 15 160   M    M   9 13     22 150
================================================================================
SM 1796 1387        47  84  6.65     0.0 228.1          M      102
================================================================================
AV 74.8 57.8                               9.5 FASTST   M    M   4    MAX(MPH)
                                 MISC ---->  # 33 180               # 45  240
================================================================================
NOTES:
# LAST OF SEVERAL OCCURRENCES

COLUMN 17 PEAK WIND IN M.P.H.

PRELIMINARY LOCAL CLIMATOLOGICAL DATA (WS FORM: F-6) , PAGE 2

                                          STATION:  GUTHRIE MUNICIPAL
                                          MONTH:    MAY
                                          YEAR:     2015
                                          LATITUDE:   35 50 N
                                          LONGITUDE:  97 25 W

[TEMPERATURE DATA]      [PRECIPITATION DATA]       SYMBOLS USED IN COLUMN 16

AVERAGE MONTHLY: 66.3   TOTAL FOR MONTH:   6.65    1 = FOG OR MIST
DPTR FM NORMAL:  -2.3   DPTR FM NORMAL:    3.46    2 = FOG REDUCING VISIBILITY
HIGHEST:    85 ON 18    GRTST 24HR  2.02 ON  5- 6      TO 1/4 MILE OR LESS
LOWEST:     45 ON 11                               3 = THUNDER
                        SNOW, ICE PELLETS, HAIL    4 = ICE PELLETS
                        TOTAL MONTH:   0.0 INCH    5 = HAIL
                        GRTST 24HR     0.0         6 = FREEZING RAIN OR DRIZZLE
                        GRTST DEPTH:   0           7 = DUSTSTORM OR SANDSTORM:
                                                       VSBY 1/2 MILE OR LESS
                                                   8 = SMOKE OR HAZE
[NO. OF DAYS WITH]      [WEATHER - DAYS WITH]      9 = BLOWING SNOW
                                                   X = TORNADO
MAX 32 OR BELOW:   0    0.01 INCH OR MORE:  15
MAX 90 OR ABOVE:   0    0.10 INCH OR MORE:  14
MIN 32 OR BELOW:   0    0.50 INCH OR MORE:   4
MIN  0 OR BELOW:   0    1.00 INCH OR MORE:   1

[HDD (BASE 65) ]
TOTAL THIS MO.    47    CLEAR  (SCALE 0-3)  10
DPTR FM NORMAL    13    PTCLDY (SCALE 4-7)   8
TOTAL FM JUL 1  3586    CLOUDY (SCALE 8-10)  6
DPTR FM NORMAL    25

[CDD (BASE 65) ]
TOTAL THIS MO.    84
DPTR FM NORMAL   -35    [PRESSURE DATA]
TOTAL FM JAN 1   159    HIGHEST SLP M ON M
DPTR FM NORMAL   -32    LOWEST  SLP 29.64 ON 16

[REMARKS]
