000
CXUS54 KFWD 290855
CF6GOP
PRELIMINARY LOCAL CLIMATOLOGICAL DATA (WS FORM: F-6)

                                          STATION:   GATESVILLE
                                          MONTH:     APRIL
                                          YEAR:      2016
                                          LATITUDE:   31 25 N
                                          LONGITUDE:  97 48 W

  TEMPERATURE IN F:       :PCPN:    SNOW:  WIND      :SUNSHINE: SKY     :PK WND
================================================================================
1   2   3   4   5  6A  6B    7    8   9   10  11  12  13   14  15   16   17  18
                                     12Z  AVG MX 2MIN
DY MAX MIN AVG DEP HDD CDD  WTR  SNW DPTH SPD SPD DIR MIN PSBL S-S WX    SPD DR
================================================================================

 1  61  46  54  -6  11   0 0.09  0.0    0  7.0 12  10   M    M   3 1      20  40
 2  72  39  56  -4   9   0 0.00  0.0    0  4.6 13 360   M    M   0        20 360
 3  75  41  58  -3   7   0 0.00  0.0    0  3.2 12 240   M    M   0 8       M  M
 4  82  54  68   7   0   3 0.00  0.0    0  4.7 12 230   M    M   0         M  M
 5  82  50  66   5   0   1 0.00  0.0    0  6.6 15 180   M    M   0        21 180
 6  79  52  66   4   0   1 0.00  0.0    0  8.2 17 360   M    M   1 8      24  10
 7  86  45  66   4   0   1 0.00  0.0    0  2.9 10 230   M    M   0        17 240
 8  77  55  66   4   0   1 0.00  0.0    0  2.9 10  70   M    M   0        20  90
 9  68  54  61  -1   4   0 0.09  0.0    0  2.8  9 170   M    M   1 18      M  M
10  75  63  69   6   0   4 0.00  0.0    0 11.7 17 170   M    M   7        27 170
11  90  66  78  15   0  13 0.00  0.0    0  6.0 15 200   M    M   4        22 200
12  64  59  62  -1   3   0 0.25  0.0    0  7.6 10  60   M    M   9 13     17  30
13  64  52  58  -6   7   0 0.00  0.0    0  2.2  8 360   M    M   8 1       M  M
14  68  50  59  -5   6   0 0.00  0.0    0  2.6  9 350   M    M   6 12      M  M
15  75  50  63  -1   2   0 0.00  0.0    0  2.0  9 100   M    M   5 12      M  M
16  75  63  69   5   0   4 0.07  0.0    0  8.3 16 140   M    M   8 18     27 140
17  70  61  66   1   0   1 2.25  0.0    0  6.2 14  60   M    M   9 13     21 150
18  72  63  68   3   0   3 1.46  0.0    0  3.4  9  60   M    M   7 1       M  M
19  73  63  68   3   0   3 0.00  0.0    0  1.0  7  90   M    M   7 12      M  M
20  75  61  68   2   0   3 0.78  0.0    0  1.9  7 140   M    M   4 13     16 360
21  77  59  68   2   0   3 0.15  0.0    0  4.9 25 340   M    M   2 3      33 340
22  81  54  68   2   0   3 0.00  0.0    0  2.4  9 350   M    M   0         M  M
23  81  54  68   2   0   3 0.00  0.0    0  1.1  8 190   M    M   0         M  M
24  77  61  69   2   0   4 0.00  0.0    0  8.1 15 170   M    M   2        20 180
25  88  68  78  11   0  13 0.00  0.0    0  9.2 15 170   M    M   5 3      20 170
26  84  63  74   7   0   9 0.30  0.0    0 13.2 22 160   M    M   5 38     37 310
27  84  61  73   6   0   8    M  0.0    0   M   M   M   M    M   0 3       M  M
28  82  55  69   1   0   4 0.00  0.0    0   M   M   M   M    M   1 13      M  M
================================================================================
SM 2137 1562        49  85  5.44     0.0 134.7          M       94
================================================================================
AV 76.3 55.8                               5.2 FASTST   M    M   3    MAX(MPH)
                                 MISC ---->    25   M                 37    M
================================================================================
NOTES:
# LAST OF SEVERAL OCCURRENCES

COLUMN 17 PEAK WIND IN M.P.H.

PRELIMINARY LOCAL CLIMATOLOGICAL DATA (WS FORM: F-6) , PAGE 2

                                          STATION:  GATESVILLE
                                          MONTH:    APRIL
                                          YEAR:     2016
                                          LATITUDE:   31 25 N
                                          LONGITUDE:  97 48 W

[TEMPERATURE DATA]      [PRECIPITATION DATA]       SYMBOLS USED IN COLUMN 16

AVERAGE MONTHLY: 66.1   TOTAL FOR MONTH:   5.44    1 = FOG OR MIST
DPTR FM NORMAL:   2.1   DPTR FM NORMAL:       M    2 = FOG REDUCING VISIBILITY
HIGHEST:    90 ON 11    GRTST 24HR  2.25 ON 17-17      TO 1/4 MILE OR LESS
LOWEST:     39 ON  2                               3 = THUNDER
                        SNOW, ICE PELLETS, HAIL    4 = ICE PELLETS
                        TOTAL MONTH:   0.0 INCH    5 = HAIL
                        GRTST 24HR     0.0         6 = FREEZING RAIN OR DRIZZLE
                        GRTST DEPTH:   0           7 = DUSTSTORM OR SANDSTORM:
                                                       VSBY 1/2 MILE OR LESS
                                                   8 = SMOKE OR HAZE
[NO. OF DAYS WITH]      [WEATHER - DAYS WITH]      9 = BLOWING SNOW
                                                   X = TORNADO
MAX 32 OR BELOW:   0    0.01 INCH OR MORE:   9
MAX 90 OR ABOVE:   1    0.10 INCH OR MORE:   6
MIN 32 OR BELOW:   0    0.50 INCH OR MORE:   3
MIN  0 OR BELOW:   0    1.00 INCH OR MORE:   2

[HDD (BASE 65) ]
TOTAL THIS MO.    49    CLEAR  (SCALE 0-3)  15
DPTR FM NORMAL   -51    PTCLDY (SCALE 4-7)  11
TOTAL FM JUL 1  1611    CLOUDY (SCALE 8-10)  2
DPTR FM NORMAL  -831

[CDD (BASE 65) ]
TOTAL THIS MO.    85
DPTR FM NORMAL    15    [PRESSURE DATA]
TOTAL FM JAN 1   142    HIGHEST SLP M ON M
DPTR FM NORMAL    50    LOWEST  SLP M ON M

[REMARKS]
