000
CXUS53 KGRB 310734
CF6GRB
PRELIMINARY LOCAL CLIMATOLOGICAL DATA (WS FORM: F-6)

                                          STATION:   GREEN BAY WI
                                          MONTH:     AUGUST
                                          YEAR:      2015
                                          LATITUDE:   44 28 N
                                          LONGITUDE:  88  8 W

  TEMPERATURE IN F:       :PCPN:    SNOW:  WIND      :SUNSHINE: SKY     :PK WND
================================================================================
1   2   3   4   5  6A  6B    7    8   9   10  11  12  13   14  15   16   17  18
                                     12Z  AVG MX 2MIN
DY MAX MIN AVG DEP HDD CDD  WTR  SNW DPTH SPD SPD DIR MIN PSBL S-S WX    SPD DR
================================================================================

 1  83  58  71   2   0   6 0.00  0.0    0  8.4 18 280   M    M   1        25 290
 2  93  63  78   9   0  13 0.64  0.0    0  7.6 25 240   M    M   3 135    40 240
 3  79  57  68  -1   0   3    T  0.0    0  9.4 18 270   M    M   4        23 270
 4  79  55  67  -2   0   2 0.00  0.0    0  6.9 17 280   M    M   3        23 270
 5  76  54  65  -3   0   0 0.00  0.0    0  5.3 14 100   M    M   4        16 100
 6  78  51  65  -3   0   0 0.00  0.0    0  4.5 12  40   M    M   0        15  70
 7  71  63  67  -1   0   2 1.24  0.0    0  8.1 18 120   M    M  10 1      25 130
 8  74  63  69   1   0   4    T  0.0    0  5.9 13  80   M    M   7 1      17 100
 9  81  57  69   1   0   4    T  0.0    0  2.1  9 260   M    M   5 128    11 250
10  83  63  73   5   0   8 0.02  0.0    0  4.6 14 320   M    M   4 1238   19 320
11  81  59  70   2   0   5 0.00  0.0    0  6.3 14  20   M    M   2        18  20
12  81  55  68   0   0   3 0.00  0.0    0  4.8 13 270   M    M   1 1      15 260
13  86  65  76   8   0  11 0.00  0.0    0  8.8 18 240   M    M   1        27 250
14  90  64  77   9   0  12 0.16  0.0    0  6.0 49  10   M    M   1 13     62  10
15  88  61  75   7   0  10 0.00  0.0    0  3.1 12 140   M    M   1 18     15 140
16  88  70  79  11   0  14 0.00  0.0    0  8.0 15 240   M    M   0 1      21 230
17  83  67  75   7   0  10 1.19  0.0    0  5.0 24 180   M    M   5 123    29 190
18  79  68  74   7   0   9 0.16  0.0    0  8.0 16  40   M    M   7 18     20  40
19  76  62  69   2   0   4 0.16  0.0    0  9.5 25 210   M    M   8 1      35 200
20  65  52  59  -8   6   0 0.09  0.0    0  9.3 24 270   M    M   9 1      35 280
21  79  49  64  -3   1   0 0.00  0.0    0  6.2 16 170   M    M   2 1      21 160
22  81  61  71   4   0   6 0.00  0.0    0 10.8 24 160   M    M   1        31 160
23  68  61  65  -2   0   0 0.37  0.0    0 11.4 22 260   M    M   6 13     31 260
24  63  51  57  -9   8   0    T  0.0    0 11.8 24 290   M    M   7        32 290
25  63  51  57  -9   8   0 0.00  0.0    0  7.4 14 280   M    M  10        17 290
26  72  53  63  -3   2   0 0.00  0.0    0  5.4 12 360   M    M   7        15 360
27  75  47  61  -5   4   0 0.00  0.0    0  3.9 10 180   M    M   3 12     13 180
28  72  55  64  -2   1   0 0.15  0.0    0  6.0 14 220   M    M   5 18     20 210
29  72  56  64  -1   1   0 0.04  0.0    0  2.7  9 120   M    M   8 128    13 130
30  75  55  65   0   0   0 0.00  0.0    0  4.3 12 210   M    M   5 128    16 210
================================================================================
SM 2334 1746        31 126  4.22     0.0 201.5          M      130
================================================================================
AV 77.8 58.2                               6.7 FASTST   M    M   4    MAX(MPH)
                                 MISC ---->  # 49  10               # 62   10
================================================================================
NOTES:
# LAST OF SEVERAL OCCURRENCES

COLUMN 17 PEAK WIND IN M.P.H.

PRELIMINARY LOCAL CLIMATOLOGICAL DATA (WS FORM: F-6) , PAGE 2

                                          STATION:  GREEN BAY WI
                                          MONTH:    AUGUST
                                          YEAR:     2015
                                          LATITUDE:   44 28 N
                                          LONGITUDE:  88  8 W

[TEMPERATURE DATA]      [PRECIPITATION DATA]       SYMBOLS USED IN COLUMN 16

AVERAGE MONTHLY: 68.0   TOTAL FOR MONTH:   4.22    1 = FOG OR MIST
DPTR FM NORMAL:   0.6   DPTR FM NORMAL:    0.96    2 = FOG REDUCING VISIBILITY
HIGHEST:    93 ON  2    GRTST 24HR  1.24 ON  7- 7      TO 1/4 MILE OR LESS
LOWEST:     47 ON 27                               3 = THUNDER
                        SNOW, ICE PELLETS, HAIL    4 = ICE PELLETS
                        TOTAL MONTH:   0.0 INCH    5 = HAIL
                        GRTST 24HR     0.0         6 = FREEZING RAIN OR DRIZZLE
                        GRTST DEPTH:   0           7 = DUSTSTORM OR SANDSTORM:
                                                       VSBY 1/2 MILE OR LESS
                                                   8 = SMOKE OR HAZE
[NO. OF DAYS WITH]      [WEATHER - DAYS WITH]      9 = BLOWING SNOW
                                                   X = TORNADO
MAX 32 OR BELOW:   0    0.01 INCH OR MORE:  11
MAX 90 OR ABOVE:   2    0.10 INCH OR MORE:   8
MIN 32 OR BELOW:   0    0.50 INCH OR MORE:   3
MIN  0 OR BELOW:   0    1.00 INCH OR MORE:   2

[HDD (BASE 65) ]
TOTAL THIS MO.    31    CLEAR  (SCALE 0-3)  13
DPTR FM NORMAL    -6    PTCLDY (SCALE 4-7)  14
TOTAL FM JUL 1    50    CLOUDY (SCALE 8-10)  3
DPTR FM NORMAL   -10

[CDD (BASE 65) ]
TOTAL THIS MO.   126
DPTR FM NORMAL    18    [PRESSURE DATA]
TOTAL FM JAN 1   397    HIGHEST SLP M ON M
DPTR FM NORMAL    38    LOWEST  SLP 29.47 ON  2

[REMARKS]
