000
CXUS53 KGRB 250654
CF6GRB
PRELIMINARY LOCAL CLIMATOLOGICAL DATA (WS FORM: F-6)

                                          STATION:   GREEN BAY WI
                                          MONTH:     JULY
                                          YEAR:      2014
                                          LATITUDE:   44 28 N
                                          LONGITUDE:  88  8 W

  TEMPERATURE IN F:       :PCPN:    SNOW:  WIND      :SUNSHINE: SKY     :PK WND
================================================================================
1   2   3   4   5  6A  6B    7    8   9   10  11  12  13   14  15   16   17  18
                                     12Z  AVG MX 2MIN
DY MAX MIN AVG DEP HDD CDD  WTR  SNW DPTH SPD SPD DIR MIN PSBL S-S WX    SPD DR
================================================================================

 1  78  64  71   3   0   6 0.06  0.0    0 10.4 21 260   M    M   4 138    27 240
 2  68  56  62  -7   3   0 0.05  0.0    0  8.8 21  40   M    M   7 1      26  50
 3  76  49  63  -6   2   0    T  0.0    0  5.0 24  10   M    M   3        33  20
 4  78  52  65  -4   0   0 0.00  0.0    0  3.6 13 180   M    M   1 1      18 160
 5  79  55  67  -2   0   2    T  0.0    0 10.6 21 200   M    M   2        27 210
 6  79  65  72   3   0   7    T  0.0    0  9.4 21 200   M    M   6 18     27 200
 7  86  62  74   5   0   9 0.13  0.0    0  9.6 22 290   M    M   2 1      28 270
 8  76  56  66  -3   0   1 0.10  0.0    0 10.9 24 320   M    M   7 1      30 310
 9  73  54  64  -5   1   0    T  0.0    0  5.4 20 300   M    M   6        24 290
10  79  51  65  -4   0   0 0.00  0.0    0  5.6 17 150   M    M   1 1      20 160
11  80  61  71   2   0   6 0.00  0.0    0  9.8 23 180   M    M   4        29 180
12  81  64  73   4   0   8    T  0.0    0  4.7 23 300   M    M   4 18     27 300
13  80  59  70   1   0   5 0.00  0.0    0  9.7 22 280   M    M   3 1      27 260
14  75  53  64  -5   1   0 0.14  0.0    0  7.2 26 280   M    M   6        31 280
15  70  54  62  -7   3   0 0.03  0.0    0 10.7 21 360   M    M   9 18     30 350
16  74  50  62  -7   3   0 0.00  0.0    0  5.5 12 280   M    M   6        16 260
17  80  51  66  -3   0   1 0.00  0.0    0  3.7 13 240   M    M   1        16 230
18  80  53  67  -2   0   2 0.00  0.0    0  7.2 21 140   M    M   1 1      26 140
19  81  59  70   1   0   5 0.00  0.0    0  7.0 15 170   M    M   5        22 180
20  81  58  70   1   0   5 0.00  0.0    0  7.8 15 200   M    M   2 18     21 190
21  86  64  75   6   0  10 0.00  0.0    0  9.4 16 180   M    M   1 18     22 200
22  91  62  77   8   0  12 0.00  0.0    0 12.2 24 350   M    M   3 18     33 360
23  75  55  65  -4   0   0 0.00  0.0    0  8.7 20  20   M    M   1        28  30
24  78  51  65  -4   0   0 0.00  0.0    0  4.8 14 160   M    M   3        17 160
================================================================================
SM 1884 1358        13  79  0.51     0.0 187.7          M       88
================================================================================
AV 78.5 56.6                               7.8 FASTST   M    M   4    MAX(MPH)
                                 MISC ---->  # 26 280               # 33   20
================================================================================
NOTES:
# LAST OF SEVERAL OCCURRENCES

COLUMN 17 PEAK WIND IN M.P.H.

PRELIMINARY LOCAL CLIMATOLOGICAL DATA (WS FORM: F-6) , PAGE 2

                                          STATION:  GREEN BAY WI
                                          MONTH:    JULY
                                          YEAR:     2014
                                          LATITUDE:   44 28 N
                                          LONGITUDE:  88  8 W

[TEMPERATURE DATA]      [PRECIPITATION DATA]       SYMBOLS USED IN COLUMN 16

AVERAGE MONTHLY: 67.5   TOTAL FOR MONTH:   0.51    1 = FOG OR MIST
DPTR FM NORMAL:  -1.4   DPTR FM NORMAL:   -2.24    2 = FOG REDUCING VISIBILITY
HIGHEST:    91 ON 22    GRTST 24HR  0.23 ON  7- 8      TO 1/4 MILE OR LESS
LOWEST:     49 ON  3                               3 = THUNDER
                        SNOW, ICE PELLETS, HAIL    4 = ICE PELLETS
                        TOTAL MONTH:   0.0 INCH    5 = HAIL
                        GRTST 24HR     0.0         6 = FREEZING RAIN OR DRIZZLE
                        GRTST DEPTH:   0           7 = DUSTSTORM OR SANDSTORM:
                                                       VSBY 1/2 MILE OR LESS
                                                   8 = SMOKE OR HAZE
[NO. OF DAYS WITH]      [WEATHER - DAYS WITH]      9 = BLOWING SNOW
                                                   X = TORNADO
MAX 32 OR BELOW:   0    0.01 INCH OR MORE:   6
MAX 90 OR ABOVE:   1    0.10 INCH OR MORE:   3
MIN 32 OR BELOW:   0    0.50 INCH OR MORE:   0
MIN  0 OR BELOW:   0    1.00 INCH OR MORE:   0

[HDD (BASE 65) ]
TOTAL THIS MO.    13    CLEAR  (SCALE 0-3)  13
DPTR FM NORMAL   -11    PTCLDY (SCALE 4-7)  10
TOTAL FM JUL 1    13    CLOUDY (SCALE 8-10)  1
DPTR FM NORMAL   -11

[CDD (BASE 65) ]
TOTAL THIS MO.    79
DPTR FM NORMAL   -41    [PRESSURE DATA]
TOTAL FM JAN 1   201    HIGHEST SLP M ON M
DPTR FM NORMAL   -20    LOWEST  SLP 29.53 ON M

[REMARKS]
