000
CXUS53 KGID 290730
CF6GRI
PRELIMINARY LOCAL CLIMATOLOGICAL DATA (WS FORM: F-6)

                                          STATION:   GRAND ISLAND NE
                                          MONTH:     JUNE
                                          YEAR:      2015
                                          LATITUDE:   40 58 N
                                          LONGITUDE:  98 19 W

  TEMPERATURE IN F:       :PCPN:    SNOW:  WIND      :SUNSHINE: SKY     :PK WND
================================================================================
1   2   3   4   5  6A  6B    7    8   9   10  11  12  13   14  15   16   17  18
                                     12Z  AVG MX 2MIN
DY MAX MIN AVG DEP HDD CDD  WTR  SNW DPTH SPD SPD DIR MIN PSBL S-S WX    SPD DR
================================================================================

 1  80  56  68   1   0   3 0.00  0.0    0 13.7 21 180   M    M   7        27 150
 2  84  59  72   5   0   7 0.00  0.0    0 15.5 29 140   M    M   6        33 140
 3  79  60  70   3   0   5 0.93  0.0    0  7.4 32 330   M    M   3 13     41 330
 4  76  63  70   2   0   5 1.81  0.0    0 10.3 36  60   M    M   6 123    45  70
 5  79  61  70   2   0   5    T  0.0    0  4.7 22 280   M    M   6 3      26 280
 6  87  65  76   8   0  11 0.33  0.0    0 16.0 29 150   M    M   3 13     35 150
 7  80  63  72   3   0   7 0.00  0.0    0  9.5 22  20   M    M   2        26  10
 8  88  60  74   5   0   9 0.00  0.0    0  8.6 18 340   M    M   0        24 310
 9  96  65  81  12   0  16 0.00  0.0    0  8.9 20 230   M    M   0 8      23 230
10  95  64  80  10   0  15 1.22  0.0    0 10.1 33  10   M    M   1 13     47 320
11  68  60  64  -6   1   0 0.14  0.0    0 11.8 22 360   M    M  10 1      28  10
12  65  59  62  -8   3   0 0.00  0.0    0  5.7 20  10   M    M   9        24  10
13  79  57  68  -3   0   3 0.00  0.0    0  5.8 12 160   M    M   3 1      15 170
14  81  62  72   1   0   7 0.15  0.0    0  6.1 17 110   M    M   5 12     22 110
15  73  58  66  -5   0   1 0.12  0.0    0  9.9 21 350   M    M   5 1      25 360
16  79  54  67  -5   0   2 0.00  0.0    0  8.7 17 140   M    M   0        22 170
17  82  62  72   0   0   7 0.33  0.0    0  8.3 18 260   M    M   1 13     23 250
18  74  61  68  -4   0   3 0.64  0.0    0  8.3 31 340   M    M   5 3      39 350
19  83  56  70  -3   0   5 0.00  0.0    0 10.7 22 170   M    M   1 1      29 150
20  87  66  77   4   0  12 0.00  0.0    0 11.9 24 190   M    M   1        29 170
21  86  63  75   2   0  10    T  0.0    0 10.7 25 340   M    M   1 3      30 340
22  86  59  73   0   0   8 0.00  0.0    0 16.2 28 360   M    M   0        36 360
23  74  54  64 -10   1   0 0.00  0.0    0  6.9 15 110   M    M   5        18 140
24  88  61  75   1   0  10    T  0.0    0  9.5 18 100   M    M   2        26  60
25  85  63  74   0   0   9 0.00  0.0    0  8.6 18  50   M    M   3 18     22  40
26  83  62  73  -1   0   8    T  0.0    0  9.2 21  10   M    M   3 1      25  10
27  88  57  73  -2   0   8 0.00  0.0    0  5.1 12 200   M    M   1        16 300
28  90  61  76   1   0  11 0.00  0.0    0 12.4 26 340   M    M   1        33 350
================================================================================
SM 2295 1691         5 187  5.67     0.0 270.5          M       90
================================================================================
AV 82.0 60.4                               9.7 FASTST   M    M   3    MAX(MPH)
                                 MISC ---->  # 36  60               # 47  320
================================================================================
NOTES:
# LAST OF SEVERAL OCCURRENCES

COLUMN 17 PEAK WIND IN M.P.H.

PRELIMINARY LOCAL CLIMATOLOGICAL DATA (WS FORM: F-6) , PAGE 2

                                          STATION:  GRAND ISLAND NE
                                          MONTH:    JUNE
                                          YEAR:     2015
                                          LATITUDE:   40 58 N
                                          LONGITUDE:  98 19 W

[TEMPERATURE DATA]      [PRECIPITATION DATA]       SYMBOLS USED IN COLUMN 16

AVERAGE MONTHLY: 71.2   TOTAL FOR MONTH:   5.67    1 = FOG OR MIST
DPTR FM NORMAL:   0.1   DPTR FM NORMAL:    1.62    2 = FOG REDUCING VISIBILITY
HIGHEST:    96 ON  9    GRTST 24HR  1.81 ON  4- 4      TO 1/4 MILE OR LESS
LOWEST:     54 ON 23,16                            3 = THUNDER
                        SNOW, ICE PELLETS, HAIL    4 = ICE PELLETS
                        TOTAL MONTH:   0.0 INCH    5 = HAIL
                        GRTST 24HR     0.0         6 = FREEZING RAIN OR DRIZZLE
                        GRTST DEPTH:   0           7 = DUSTSTORM OR SANDSTORM:
                                                       VSBY 1/2 MILE OR LESS
                                                   8 = SMOKE OR HAZE
[NO. OF DAYS WITH]      [WEATHER - DAYS WITH]      9 = BLOWING SNOW
                                                   X = TORNADO
MAX 32 OR BELOW:   0    0.01 INCH OR MORE:   9
MAX 90 OR ABOVE:   3    0.10 INCH OR MORE:   9
MIN 32 OR BELOW:   0    0.50 INCH OR MORE:   4
MIN  0 OR BELOW:   0    1.00 INCH OR MORE:   2

[HDD (BASE 65) ]
TOTAL THIS MO.     5    CLEAR  (SCALE 0-3)  14
DPTR FM NORMAL   -16    PTCLDY (SCALE 4-7)  12
TOTAL FM JUL 1  5966    CLOUDY (SCALE 8-10)  2
DPTR FM NORMAL  -230

[CDD (BASE 65) ]
TOTAL THIS MO.   187
DPTR FM NORMAL    -4    [PRESSURE DATA]
TOTAL FM JAN 1   214    HIGHEST SLP M ON M
DPTR FM NORMAL   -42    LOWEST  SLP 29.61 ON 22

[REMARKS]
