000
CXUS53 KGRR 011017
CF6GRR
PRELIMINARY LOCAL CLIMATOLOGICAL DATA (WS FORM: F-6)

                                          STATION:   GRAND RAPIDS MI
                                          MONTH:     AUGUST
                                          YEAR:      2015
                                          LATITUDE:   42 52 N
                                          LONGITUDE:  85 31 W

  TEMPERATURE IN F:       :PCPN:    SNOW:  WIND      :SUNSHINE: SKY     :PK WND
================================================================================
1   2   3   4   5  6A  6B    7    8   9   10  11  12  13   14  15   16   17  18
                                     12Z  AVG MX 2MIN
DY MAX MIN AVG DEP HDD CDD  WTR  SNW DPTH SPD SPD DIR MIN PSBL S-S WX    SPD DR
================================================================================

 1  83  61  72   0   0   7 0.00  0.0    0 10.2 26 270 859   99   3        34 260
 2  91  61  76   4   0  11 0.85  0.0    0 15.3 37 240 675   78   6 1358   45 230
 3  79  60  70  -2   0   5 0.00  0.0    0  9.5 24 270 762   88   4 12     30 290
 4  80  60  70  -2   0   5 0.00  0.0    0  9.7 23 290 731   85   4        29 230
 5  78  57  68  -4   0   3 0.00  0.0    0  1.8  9  50 534   62   6        12  50
 6  79  58  69  -3   0   4 0.00  0.0    0  6.6 17 120 463   54   6        20 130
 7  78  59  69  -3   0   4    T  0.0    0  5.7 13 100 432   51   7        18 100
 8  74  65  70  -2   0   5 0.02  0.0    0  9.1 15 100  98   11   9 1      19 100
 9  82  64  73   1   0   8    T  0.0    0  5.4 10 240  75    9   8 18     12 250
10  80  68  74   2   0   9 1.22  0.0    0  6.2 16 340 308   36   8 13     22 340
11  81  63  72   0   0   7 0.00  0.0    0  9.7 21 320 784   93   3        27 320
12  79  57  68  -4   0   3 0.00  0.0    0  6.9 15 290 792   94   3        18 300
13  83  61  72   1   0   7    T  0.0    0 11.0 24 250 528   63   6        29 270
14  87  68  78   7   0  13 0.02  0.0    0 10.0 16  90 397   47   8 38     22 250
15  87  62  75   4   0  10 0.00  0.0    0  4.3 10 170 538   64   3 18     13 200
16  88  68  78   7   0  13 0.00  0.0    0  9.0 17 260 762   91   3 1      23 240
17  88  69  79   8   0  14 0.00  0.0    0  9.0 17 260 509   61   4 18     20 250
18  80  65  73   2   0   8 0.41  0.0    0  5.4 25 150 195   24   8 1      38 150
19  83  66  75   4   0  10 0.24  0.0    0 12.1 23 220 348   42   7 13     30 220
20  69  59  64  -7   1   0 0.14  0.0    0 12.7 28 230 170   21   9 1      34 230
21  79  52  66  -4   0   1 0.00  0.0    0  6.3 14 240 775   95   2        22 220
22  81  59  70   0   0   5 0.00  0.0    0  6.6 14 150 658   81   5        18 170
23  76  59  68  -2   0   3 0.59  0.0    0 10.4 23 270 257   32   6 138    31 270
24  71  58  65  -5   0   0    T  0.0    0 12.9 30 250 307   38   9        40 240
25  62  54  58 -12   7   0 0.05  0.0    0  7.7 16 290   7    1  10 1      20 270
26  67  57  62  -8   3   0    T  0.0    0  7.0 15 300  29    4   9        18 310
27  71  51  61  -8   4   0 0.00  0.0    0  3.3  9 140 222   28   6        22 350
28  76  51  64  -5   1   0 0.03  0.0    0  3.8 13 230 413   52   7 1      15 230
29  68  61  65  -4   0   0 0.16  0.0    0  5.9 12 110   2    0   9 1      23 100
30  78  65  72   3   0   7 0.02  0.0    0  4.4 14 240 177   22   8 128    22 240
31  81  61  71   3   0   6 0.00  0.0    0  4.2 10 250 518   65   5 12     13 200
================================================================================
SM 2439 1879        16 168  3.75     0.0 242.1        13325    191
================================================================================
AV 78.7 60.6                               7.8 FASTST  430  51   6    MAX(MPH)
                                 MISC ---->  # 37 240               # 45  230
================================================================================
NOTES:
# LAST OF SEVERAL OCCURRENCES

COLUMN 17 PEAK WIND IN M.P.H.

PRELIMINARY LOCAL CLIMATOLOGICAL DATA (WS FORM: F-6) , PAGE 2

                                          STATION:  GRAND RAPIDS MI
                                          MONTH:    AUGUST
                                          YEAR:     2015
                                          LATITUDE:   42 52 N
                                          LONGITUDE:  85 31 W

[TEMPERATURE DATA]      [PRECIPITATION DATA]       SYMBOLS USED IN COLUMN 16

AVERAGE MONTHLY: 69.6   TOTAL FOR MONTH:   3.75    1 = FOG OR MIST
DPTR FM NORMAL:  -1.2   DPTR FM NORMAL:    0.16    2 = FOG REDUCING VISIBILITY
HIGHEST:    91 ON  2    GRTST 24HR  1.22 ON 10-10      TO 1/4 MILE OR LESS
LOWEST:     51 ON 28,27                            3 = THUNDER
                        SNOW, ICE PELLETS, HAIL    4 = ICE PELLETS
                        TOTAL MONTH:   0.0 INCH    5 = HAIL
                        GRTST 24HR     0.0         6 = FREEZING RAIN OR DRIZZLE
                        GRTST DEPTH:   0           7 = DUSTSTORM OR SANDSTORM:
                                                       VSBY 1/2 MILE OR LESS
                                                   8 = SMOKE OR HAZE
[NO. OF DAYS WITH]      [WEATHER - DAYS WITH]      9 = BLOWING SNOW
                                                   X = TORNADO
MAX 32 OR BELOW:   0    0.01 INCH OR MORE:  12
MAX 90 OR ABOVE:   1    0.10 INCH OR MORE:   7
MIN 32 OR BELOW:   0    0.50 INCH OR MORE:   3
MIN  0 OR BELOW:   0    1.00 INCH OR MORE:   1

[HDD (BASE 65) ]
TOTAL THIS MO.    16    CLEAR  (SCALE 0-3)   5
DPTR FM NORMAL     2    PTCLDY (SCALE 4-7)  20
TOTAL FM JUL 1    29    CLOUDY (SCALE 8-10)  6
DPTR FM NORMAL     9

[CDD (BASE 65) ]
TOTAL THIS MO.   168
DPTR FM NORMAL   -26    [PRESSURE DATA]
TOTAL FM JAN 1   507    HIGHEST SLP 30.24 ON 27
DPTR FM NORMAL  -118    LOWEST  SLP 29.56 ON  2

[REMARKS]
#FINAL-08-15#
