000
CXGM50 PGUM 290008
CF6GSN
PRELIMINARY LOCAL CLIMATOLOGICAL DATA (WS FORM: F-6)

                                          STATION:   SAIPAN/ISLEY_(CGS) MP
                                          MONTH:     JANUARY
                                          YEAR:      2015
                                          LATITUDE:   15  7 N
                                          LONGITUDE: 145-44 E

  TEMPERATURE IN F:       :PCPN:    SNOW:  WIND      :SUNSHINE: SKY     :PK WND
================================================================================
1   2   3   4   5  6A  6B    7    8   9   10  11  12  13   14  15   16   17  18
                                     12Z  AVG MX 2MIN
DY MAX MIN AVG DEP HDD CDD  WTR  SNW DPTH SPD SPD DIR MIN PSBL S-S WX    SPD DR
================================================================================

 1  87  75  81   M   0  16 0.00  0.0    0  9.6 22  80   M    M   2        26  80
 2  88  76  82   M   0  17 0.00  0.0    0 13.9 24  70   M    M   2        29  70
 3  87  76  82   M   0  17 0.00  0.0    0 15.3 25  80   M    M   5 1      29  60
 4  88  79  84   M   0  19 0.00  0.0    0 17.3 24  80   M    M   3        29  80
 5  88  77  83   M   0  18 0.12  0.0    0  9.8 23  80   M    M   3 8      29  30
 6  84  76  80   M   0  15 0.00  0.0    0 16.1 24  70   M    M   6 1      33  70
 7  88  76  82   M   0  17 0.00  0.0    0 14.6 25  70   M    M   4        29  70
 8  86  75  81   M   0  16 0.00  0.0    0  9.8 23  50   M    M   3        29  30
 9  85  76  81   M   0  16 0.00  0.0    0  9.0 23  50   M    M   6        26  50
10  83  75  79   M   0  14 0.02  0.0    0 16.2 24  50   M    M   9 1      31  50
11  84  78  81   M   0  16 0.00  0.0    0 19.4 24  50   M    M   7        32  40
12  84  77  81   M   0  16 0.00  0.0    0 18.9 23  40   M    M   7        35  30
13  80  76  78   M   0  13 0.00  0.0    0 22.7 35  60   M    M  10 18     41  60
14  85  77  81   M   0  16 0.00  0.0    M 27.6 36  60   M    M   6 1      44  80
15  88  79  84   M   0  19 0.02  0.0    0 20.3 30  80   M    M   7        36  80
16  88  77  83   M   0  18 0.07  0.0    0 13.2 22 150   M    M   5 1      37 150
17  84  78  81   M   0  16 0.18  0.0    0 11.9 21 160   M    M   6 18     26 160
18  84  75  80   M   0  15 0.07  0.0    0  5.7 16 180   M    M   4 1      22 200
19  83  74  79   M   0  14 1.54  0.0    M  5.6 15  40   M    M   4 1      21  90
20  87  75  81   M   0  16 0.00  0.0    0  9.7 22  70   M    M   5 1      26  70
21  80  72  76   M   0  11 0.05  0.0    0 18.4 28  70   M    M   8 18     35  60
22  76  72  74   M   0   9 0.62  0.0    0 10.7 26  70   M    M   6 1      36  60
23  79  72  76   M   0  11 0.57  0.0    0  6.6 15  80   M    M   7 128    18  80
24  81  78  80   M   0  15 0.03  0.0    0 13.0 20  70   M    M   4        23  70
25  81  77  79   M   0  14 0.03  0.0    0 14.7 23  60   M    M   5 1      28  60
26  87  77  82   M   0  17 0.00  0.0    0 11.0 22  70   M    M   5 18     26  80
27  85  77  81   M   0  16 0.00  0.0    0  6.3 13  80   M    M   4        21  90
28  86  75  81   M   0  16 0.00  0.0    0  7.0 15 180   M    M   2        23 170
================================================================================
SM 2366 2127         0 433  3.33     0.0 374.3          M      145
================================================================================
AV 84.5 76.0                              13.4 FASTST   M    M   5    MAX(MPH)
                                 MISC ---->  # 36  60               # 44   80
================================================================================
NOTES:
# LAST OF SEVERAL OCCURRENCES

COLUMN 17 PEAK WIND IN M.P.H.

PRELIMINARY LOCAL CLIMATOLOGICAL DATA (WS FORM: F-6) , PAGE 2

                                          STATION:  SAIPAN/ISLEY_(CGS) MP
                                          MONTH:    JANUARY
                                          YEAR:     2015
                                          LATITUDE:   15  7 N
                                          LONGITUDE: 145-44 E

[TEMPERATURE DATA]      [PRECIPITATION DATA]       SYMBOLS USED IN COLUMN 16

AVERAGE MONTHLY: 80.2   TOTAL FOR MONTH:   3.33    1 = FOG OR MIST
DPTR FM NORMAL:     M   DPTR FM NORMAL:    0.05    2 = FOG REDUCING VISIBILITY
HIGHEST:    88 ON 16,15 GRTST 24HR  1.54 ON 19-19      TO 1/4 MILE OR LESS
LOWEST:     72 ON 23,22                            3 = THUNDER
                        SNOW, ICE PELLETS, HAIL    4 = ICE PELLETS
                        TOTAL MONTH:   0.0 INCH    5 = HAIL
                        GRTST 24HR     0.0         6 = FREEZING RAIN OR DRIZZLE
                        GRTST DEPTH:   0           7 = DUSTSTORM OR SANDSTORM:
                                                       VSBY 1/2 MILE OR LESS
                                                   8 = SMOKE OR HAZE
[NO. OF DAYS WITH]      [WEATHER - DAYS WITH]      9 = BLOWING SNOW
                                                   X = TORNADO
MAX 32 OR BELOW:   0    0.01 INCH OR MORE:  12
MAX 90 OR ABOVE:   0    0.10 INCH OR MORE:   5
MIN 32 OR BELOW:   0    0.50 INCH OR MORE:   3
MIN  0 OR BELOW:   0    1.00 INCH OR MORE:   1

[HDD (BASE 65) ]
TOTAL THIS MO.     0    CLEAR  (SCALE 0-3)   4
DPTR FM NORMAL     M    PTCLDY (SCALE 4-7)  22
TOTAL FM JUL 1     0    CLOUDY (SCALE 8-10)  2
DPTR FM NORMAL     M

[CDD (BASE 65) ]
TOTAL THIS MO.   433
DPTR FM NORMAL     M    [PRESSURE DATA]
TOTAL FM JAN 1   433    HIGHEST SLP M ON M
DPTR FM NORMAL     M    LOWEST  SLP 29.81 ON  6

[REMARKS]
