000
CXUS52 KRAH 291345
CF6GSO
PRELIMINARY LOCAL CLIMATOLOGICAL DATA (WS FORM: F-6)

                                          STATION:   PIEDMONT TRIAD INTL AIRPORT NC
                                          MONTH:     JULY
                                          YEAR:      2016
                                          LATITUDE:   36  4 N
                                          LONGITUDE:  79 57 W

  TEMPERATURE IN F:       :PCPN:    SNOW:  WIND      :SUNSHINE: SKY     :PK WND
================================================================================
1   2   3   4   5  6A  6B    7    8   9   10  11  12  13   14  15   16   17  18
                                     12Z  AVG MX 2MIN
DY MAX MIN AVG DEP HDD CDD  WTR  SNW DPTH SPD SPD DIR MIN PSBL S-S WX    SPD DR
================================================================================

 1  90  68  79   1   0  14 0.15  0.0    0  6.0 16 320   M    M   7 138    21 320
 2  89  72  81   3   0  16 0.00  0.0    0  5.7 14 160   M    M   8 1      17 150
 3  74  67  71  -7   0   6 1.39  0.0    0  6.5 18 280   M    M  10 13     22 270
 4  85  67  76  -2   0  11 1.23  0.0    0  4.6 13 160   M    M   9 138    15 200
 5  93  72  83   5   0  18 0.13  0.0    0  6.8 26 280   M    M   6 13     35 270
 6  89  70  80   2   0  15    T  0.0    0  6.7 24 310   M    M   4        30 310
 7  89  72  81   3   0  16 0.27  0.0    0  7.5 15 290   M    M   6 13     20 290
 8  93  69  81   3   0  16 1.02  0.0    0  9.0 37 290   M    M   5 13     47 290
 9  90  68  79   0   0  14 0.00  0.0    0  7.9 20 270   M    M   7        25 260
10  88  69  79   0   0  14    T  0.0    0  3.1 14 320   M    M   7        18 310
11  90  72  81   2   0  16 0.02  0.0    0  5.9 15 170   M    M   6 13     18 170
12  91  70  81   2   0  16 0.00  0.0    0  5.0 16 310   M    M   7 1      20 310
13  92  71  82   3   0  17 0.00  0.0    0  4.7 15 230   M    M   5        17 290
14  94  72  83   4   0  18    T  0.0    0  4.7 15 310   M    M   4        21 290
15  94  73  84   5   0  19 0.00  0.0    0  6.1 18 320   M    M   6        24 360
16  86  71  79   0   0  14 0.10  0.0    0  5.1 14 330   M    M  10 13     17 340
17  89  70  80   1   0  15 0.00  0.0    0  4.8 12 200   M    M   6 1      15 190
18  93  72  83   4   0  18 0.00  0.0    0  5.9 13 210   M    M   5        16 220
19  93  75  84   5   0  19    T  0.0    0  3.7 10 250   M    M   4 8      14 140
20  90  71  81   2   0  16 0.00  0.0    0  5.8 14  30   M    M   5        17  20
21  90  69  80   1   0  15    T  0.0    0  4.1 13 150   M    M   5        17 150
22  95  72  84   5   0  19 0.00  0.0    0  5.8 17 290   M    M   6        20 290
23  95  72  84   5   0  19 0.00  0.0    0  4.1 14 330   M    M   4        16 330
24  95  73  84   6   0  19 0.00  0.0    0  4.7 13 190   M    M   7        20 220
25  98  75  87   9   0  22 0.00  0.0    0  8.5 14 180   M    M   6        21 230
26  98  76  87   9   0  22 0.00  0.0    0  4.7 16 330   M    M   7 3      22 350
27  98  73  86   8   0  21 0.46  0.0    0  3.4 23 160   M    M   7 13     28 150
28  96  73  85   7   0  20 0.00  0.0    0  7.5 21 230   M    M   5        26 240
================================================================================
SM 2557 1994         0 465  4.77     0.0 158.3          M      174
================================================================================
AV 91.3 71.2                               5.7 FASTST   M    M   6    MAX(MPH)
                                 MISC ---->  # 37 290               # 47  290
================================================================================
NOTES:
# LAST OF SEVERAL OCCURRENCES

COLUMN 17 PEAK WIND IN M.P.H.

PRELIMINARY LOCAL CLIMATOLOGICAL DATA (WS FORM: F-6) , PAGE 2

                                          STATION:  PIEDMONT TRIAD INTL AIRPORT NC
                                          MONTH:    JULY
                                          YEAR:     2016
                                          LATITUDE:   36  4 N
                                          LONGITUDE:  79 57 W

[TEMPERATURE DATA]      [PRECIPITATION DATA]       SYMBOLS USED IN COLUMN 16

AVERAGE MONTHLY: 81.3   TOTAL FOR MONTH:   4.77    1 = FOG OR MIST
DPTR FM NORMAL:   2.7   DPTR FM NORMAL:    0.77    2 = FOG REDUCING VISIBILITY
HIGHEST:    98 ON 27,26 GRTST 24HR  1.39 ON  3- 3      TO 1/4 MILE OR LESS
LOWEST:     67 ON  4, 3                            3 = THUNDER
                        SNOW, ICE PELLETS, HAIL    4 = ICE PELLETS
                        TOTAL MONTH:   0.0 INCH    5 = HAIL
                        GRTST 24HR     0.0         6 = FREEZING RAIN OR DRIZZLE
                        GRTST DEPTH:   0           7 = DUSTSTORM OR SANDSTORM:
                                                       VSBY 1/2 MILE OR LESS
                                                   8 = SMOKE OR HAZE
[NO. OF DAYS WITH]      [WEATHER - DAYS WITH]      9 = BLOWING SNOW
                                                   X = TORNADO
MAX 32 OR BELOW:   0    0.01 INCH OR MORE:   9
MAX 90 OR ABOVE:  20    0.10 INCH OR MORE:   8
MIN 32 OR BELOW:   0    0.50 INCH OR MORE:   3
MIN  0 OR BELOW:   0    1.00 INCH OR MORE:   3

[HDD (BASE 65) ]
TOTAL THIS MO.     0    CLEAR  (SCALE 0-3)   0
DPTR FM NORMAL     0    PTCLDY (SCALE 4-7)  25
TOTAL FM JUL 1     0    CLOUDY (SCALE 8-10)  3
DPTR FM NORMAL     0

[CDD (BASE 65) ]
TOTAL THIS MO.   465
DPTR FM NORMAL    82    [PRESSURE DATA]
TOTAL FM JAN 1  1032    HIGHEST SLP M ON M
DPTR FM NORMAL   183    LOWEST  SLP 29.79 ON 28

[REMARKS]
