000
CXUS52 KRAH 251345
CF6GSO
PRELIMINARY LOCAL CLIMATOLOGICAL DATA (WS FORM: F-6)

                                          STATION:   PIEDMONT TRIAD INTL AIRPORT NC
                                          MONTH:     SEPTEMBER
                                          YEAR:      2016
                                          LATITUDE:   36  4 N
                                          LONGITUDE:  79 57 W

  TEMPERATURE IN F:       :PCPN:    SNOW:  WIND      :SUNSHINE: SKY     :PK WND
================================================================================
1   2   3   4   5  6A  6B    7    8   9   10  11  12  13   14  15   16   17  18
                                     12Z  AVG MX 2MIN
DY MAX MIN AVG DEP HDD CDD  WTR  SNW DPTH SPD SPD DIR MIN PSBL S-S WX    SPD DR
================================================================================

 1  90  72  81   6   0  16 0.09  0.0    0  5.1 17  10   M    M   6 13     23  20
 2  72  67  70  -5   0   5    T  0.0    0 13.5 23  40   M    M  10        33  60
 3  82  64  73  -1   0   8 0.00  0.0    0  8.2 18  40   M    M   8        28  20
 4  83  62  73  -1   0   8 0.00  0.0    0  4.3 13  60   M    M   3        17 340
 5  86  60  73  -1   0   8 0.00  0.0    0  3.0 10  50   M    M   1        13  50
 6  90  64  77   3   0  12 0.00  0.0    0  5.8 13 290   M    M   1        18  30
 7  93  71  82   9   0  17    T  0.0    0  4.8 21 290   M    M   4        25 300
 8  94  69  82   9   0  17 0.00  0.0    0  5.2 14 290   M    M   4        19 250
 9  94  69  82   9   0  17 0.00  0.0    0  5.2 10 250   M    M   5        15 310
10  93  72  83  11   0  18    T  0.0    0  8.0 20 180   M    M   4 1      24 180
11  88  69  79   7   0  14 0.00  0.0    0  6.3 12 310   M    M   5        16 220
12  86  66  76   4   0  11 0.00  0.0    0  6.8 15  60   M    M   7        18  90
13  89  68  79   8   0  14 0.00  0.0    0  5.1 12 200   M    M   5 1      15 200
14  93  68  81  10   0  16 0.00  0.0    0  5.6 14 170   M    M   3        17 170
15  87  69  78   8   0  13 0.00  0.0    0  9.2 17  50   M    M   6        22  50
16  84  67  76   6   0  11 0.00  0.0    0  6.8 13  50   M    M   6        16  60
17  85  65  75   5   0  10 0.00  0.0    0  3.3  9 230   M    M   6 1      12  90
18  87  66  77   8   0  12 0.03  0.0    0  2.1 10 250   M    M   6        14 130
19  84  70  77   8   0  12 0.18  0.0    0  7.7 18  60   M    M   8 1      23  80
20  83  67  75   6   0  10 0.00  0.0    0 10.2 20  50   M    M   8        25  50
21  78  69  74   6   0   9    T  0.0    0 11.0 20  30   M    M   9 1      28  40
22  76  68  72   4   0   7 0.21  0.0    0  8.7 18  50   M    M   9 1      22  30
23  86  69  78  10   0  13 0.01  0.0    0  4.9 12  40   M    M   6 1      14  40
24  91  64  78  11   0  13 0.00  0.0    0  2.8  8  20   M    M   1        11  20
================================================================================
SM 2074 1615         0 291  0.52     0.0 153.6          M      131
================================================================================
AV 86.4 67.3                               6.4 FASTST   M    M   5    MAX(MPH)
                                 MISC ---->  # 23  40               # 33   60
================================================================================
NOTES:
# LAST OF SEVERAL OCCURRENCES

COLUMN 17 PEAK WIND IN M.P.H.

PRELIMINARY LOCAL CLIMATOLOGICAL DATA (WS FORM: F-6) , PAGE 2

                                          STATION:  PIEDMONT TRIAD INTL AIRPORT NC
                                          MONTH:    SEPTEMBER
                                          YEAR:     2016
                                          LATITUDE:   36  4 N
                                          LONGITUDE:  79 57 W

[TEMPERATURE DATA]      [PRECIPITATION DATA]       SYMBOLS USED IN COLUMN 16

AVERAGE MONTHLY: 76.9   TOTAL FOR MONTH:   0.52    1 = FOG OR MIST
DPTR FM NORMAL:   5.6   DPTR FM NORMAL:   -2.94    2 = FOG REDUCING VISIBILITY
HIGHEST:    94 ON  9, 8 GRTST 24HR  0.21 ON 18-19      TO 1/4 MILE OR LESS
LOWEST:     60 ON  5                               3 = THUNDER
                        SNOW, ICE PELLETS, HAIL    4 = ICE PELLETS
                        TOTAL MONTH:   0.0 INCH    5 = HAIL
                        GRTST 24HR     0.0         6 = FREEZING RAIN OR DRIZZLE
                        GRTST DEPTH:   0           7 = DUSTSTORM OR SANDSTORM:
                                                       VSBY 1/2 MILE OR LESS
                                                   8 = SMOKE OR HAZE
[NO. OF DAYS WITH]      [WEATHER - DAYS WITH]      9 = BLOWING SNOW
                                                   X = TORNADO
MAX 32 OR BELOW:   0    0.01 INCH OR MORE:   5
MAX 90 OR ABOVE:   8    0.10 INCH OR MORE:   2
MIN 32 OR BELOW:   0    0.50 INCH OR MORE:   0
MIN  0 OR BELOW:   0    1.00 INCH OR MORE:   0

[HDD (BASE 65) ]
TOTAL THIS MO.     0    CLEAR  (SCALE 0-3)   3
DPTR FM NORMAL   -15    PTCLDY (SCALE 4-7)  16
TOTAL FM JUL 1     0    CLOUDY (SCALE 8-10)  5
DPTR FM NORMAL   -16

[CDD (BASE 65) ]
TOTAL THIS MO.   291
DPTR FM NORMAL   126    [PRESSURE DATA]
TOTAL FM JAN 1  1858    HIGHEST SLP M ON M
DPTR FM NORMAL   431    LOWEST  SLP 29.84 ON  1

[REMARKS]
