000
CXUS54 KAMA 261015
CF6GUY
PRELIMINARY LOCAL CLIMATOLOGICAL DATA (WS FORM: F-6)

                                          STATION:   GUYMON
                                          MONTH:     MAY
                                          YEAR:      2017
                                          LATITUDE:   36 41 N
                                          LONGITUDE: 101 30 W

  TEMPERATURE IN F:       :PCPN:    SNOW:  WIND      :SUNSHINE: SKY     :PK WND
================================================================================
1   2   3   4   5  6A  6B    7    8   9   10  11  12  13   14  15   16   17  18
                                     12Z  AVG MX 2MIN
DY MAX MIN AVG DEP HDD CDD  WTR  SNW DPTH SPD SPD DIR MIN PSBL S-S WX    SPD DR
================================================================================

 1  68   M   M   M   M   M 0.00  0.0    M 10.2 41 340   M    M   0        50 340
 2  73  36  55  -5  10   0 0.38  0.0    0 10.7 45 320   M    M   1 13     57 320
 3  59  40  50 -11  15   0 0.06  0.0    0 14.3 35 360   M    M   7 1      41 340
 4  68  37  53  -8  12   0 0.00  0.0    0  9.6 15 360   M    M   0        21  10
 5  80  39  60  -2   5   0 0.00  0.0    0  6.9 16 200   M    M   0        23 210
 6  84  49  67   5   0   2 0.00  0.0    0 11.7 18 150   M    M   0        24 150
 7  88  48  68   6   0   3 0.00  0.0    0 11.7 24 180   M    M   0        35 170
 8  82  48  65   3   0   0 0.00  0.0    0 10.3 23 160   M    M   0        30 160
 9  78  57  68   5   0   3 0.10  0.0    0  9.9 26 310   M    M   6 13     36 320
10  77  53  65   2   0   0 0.40  0.0    0  9.2 24 210   M    M   4 13     29 210
11  63  46  55  -8  10   0    T  0.0    0 13.8 29  20   M    M   7 3      36  20
12  71  45  58  -6   7   0 0.00  0.0    0  8.3 15  30   M    M   0        20  40
13  86  43  65   1   0   0 0.00  0.0    0 15.6 30 200   M    M   0        37 200
14  91  54  73   9   0   8 0.00  0.0    0 13.3 31 180   M    M   0 3      42 190
15  92  61  77  12   0  12 0.57  0.0    0 18.6 33 190   M    M   0 13     43 180
16  88  60  74   9   0   9    T  0.0    0 16.4 35 240   M    M   1 3      44 250
17  81  51  66   1   0   1    T  0.0    0 15.3 35 300   M    M   1        49 300
18  82  47  65  -1   0   0 0.00  0.0    0 10.2 28 230   M    M   1        34 220
19  63  47  55 -11  10   0 0.02    M    0 19.0 30 350   M    M   9        37 350
20  69  39  54 -12  11   0 0.00  0.0    0 11.4 23 330   M    M   2        30 320
21  76  45  61  -5   4   0 0.14  0.0    0 10.2 30  10   M    M   5 1      36 130
22  67  51  59  -8   6   0 0.23  0.0    0  9.1 23 160   M    M   6 1      31 150
23  68  48  58  -9   7   0 0.21  0.0    0 12.7 25 350   M    M   4        32  10
24  83  39  61  -6   4   0 0.00  0.0    0  5.9 14 150   M    M   0        18 140
25  95  46  71   3   0   6 0.00  0.0    0  9.4 28 360   M    M   0        36 360
================================================================================
SM 1932 1129       101  44  2.11     0.0 293.7          M       54
================================================================================
AV 77.3 47.0                              11.7 FASTST   M    M   2    MAX(MPH)
                                 MISC ---->  # 45 320               # 57  320
================================================================================
NOTES:
# LAST OF SEVERAL OCCURRENCES

COLUMN 17 PEAK WIND IN M.P.H.

PRELIMINARY LOCAL CLIMATOLOGICAL DATA (WS FORM: F-6) , PAGE 2

                                          STATION:  GUYMON
                                          MONTH:    MAY
                                          YEAR:     2017
                                          LATITUDE:   36 41 N
                                          LONGITUDE: 101 30 W

[TEMPERATURE DATA]      [PRECIPITATION DATA]       SYMBOLS USED IN COLUMN 16

AVERAGE MONTHLY: 62.2   TOTAL FOR MONTH:   2.11    1 = FOG OR MIST
DPTR FM NORMAL:  -1.8   DPTR FM NORMAL:    0.33    2 = FOG REDUCING VISIBILITY
HIGHEST:    95 ON 25    GRTST 24HR  0.57 ON 15-15      TO 1/4 MILE OR LESS
LOWEST:     36 ON  2                               3 = THUNDER
                        SNOW, ICE PELLETS, HAIL    4 = ICE PELLETS
                        TOTAL MONTH:   0.0 INCH    5 = HAIL
                        GRTST 24HR     0.0         6 = FREEZING RAIN OR DRIZZLE
                        GRTST DEPTH:   0           7 = DUSTSTORM OR SANDSTORM:
                                                       VSBY 1/2 MILE OR LESS
                                                   8 = SMOKE OR HAZE
[NO. OF DAYS WITH]      [WEATHER - DAYS WITH]      9 = BLOWING SNOW
                                                   X = TORNADO
MAX 32 OR BELOW:   0    0.01 INCH OR MORE:   9
MAX 90 OR ABOVE:   3    0.10 INCH OR MORE:   7
MIN 32 OR BELOW:   0    0.50 INCH OR MORE:   1
MIN  0 OR BELOW:   0    1.00 INCH OR MORE:   0

[HDD (BASE 65) ]
TOTAL THIS MO.   101    CLEAR  (SCALE 0-3)  17
DPTR FM NORMAL    12    PTCLDY (SCALE 4-7)   7
TOTAL FM JUL 1  3668    CLOUDY (SCALE 8-10)  1
DPTR FM NORMAL  -774

[CDD (BASE 65) ]
TOTAL THIS MO.    44
DPTR FM NORMAL   -20    [PRESSURE DATA]
TOTAL FM JAN 1   109    HIGHEST SLP M ON M
DPTR FM NORMAL    30    LOWEST  SLP 29.37 ON 16

[REMARKS]
