000
CXUS52 KFFC 211110
CF6GVL
PRELIMINARY LOCAL CLIMATOLOGICAL DATA (WS FORM: F-6)

                                          STATION:   GAINESVILLE
                                          MONTH:     OCTOBER
                                          YEAR:      2014
                                          LATITUDE:   34 16 N
                                          LONGITUDE:  83 50 W

  TEMPERATURE IN F:       :PCPN:    SNOW:  WIND      :SUNSHINE: SKY     :PK WND
================================================================================
1   2   3   4   5  6A  6B    7    8   9   10  11  12  13   14  15   16   17  18
                                     12Z  AVG MX 2MIN
DY MAX MIN AVG DEP HDD CDD  WTR  SNW DPTH SPD SPD DIR MIN PSBL S-S WX    SPD DR
================================================================================

 1  84  61  73   7   0   8 0.00  0.0    M  2.2  8 180   M    M   1 8      11 190
 2  83  61  72   6   0   7 0.00  0.0    M  2.7 13 170   M    M   2 18     17 170
 3  76  64  70   4   0   5 0.53    M    M  7.4 16 260   M    M   6 13     22 260
 4  64  46  55 -10  10   0 0.00    M    M 10.0 23 290   M    M   0        29 300
 5  67  39  53 -12  12   0 0.00    M    M  5.5 16 260   M    M   0        21  30
 6  74  48  61  -4   4   0    T    M    M  4.1 14 230   M    M   3        20 230
 7  78  56  67   3   0   2    T    M    M  6.0 15 230   M    M   5        24 230
 8  82  64  73   9   0   8 0.06    M    M  8.0 16 280   M    M   1 1      21 270
 9  84  63  74  10   0   9 0.13    M    M  3.3 15 290   M    M   2 13     20 290
10  85  63  74  11   0   9 0.00  0.0    M  4.8 14 240   M    M   4 12     20 250
11  80  67  74  11   0   9 0.67  0.0    M  5.2 18 240   M    M   5 13     24 230
12  72  58  65   2   0   0 0.14  0.0    M  7.3 17 100   M    M   7 13     21  90
13  70  58  64   2   1   0 0.02  0.0    M  9.4 16  90   M    M  10 128    21  70
14  70  54  62   0   3   0 2.49  0.0    M  9.3 20 150   M    M   8 13     29 170
15  66  53  60  -2   5   0    T    M    M  5.9 15 310   M    M   5        21 240
16  63  51  57  -5   8   0 0.02    M    M  8.8 18 280   M    M   7        24 280
17  75  47  61   0   4   0 0.00    M    M  7.4 16 260   M    M   0        21 260
18  73  52  63   2   2   0 0.00    M    M  9.2 21 260   M    M   0        25 260
19  70  48  59  -2   6   0 0.00    M    M  3.9 12 330   M    M   0        15 330
20  70  47  59  -1   6   0    T    M    M  2.6 14 250   M    M   0        17 260
================================================================================
SM 1486 1100        61  57  4.06     0.0 123.0          M       66
================================================================================
AV 74.3 55.0                               6.2 FASTST   M    M   3    MAX(MPH)
                                 MISC ---->  # 23 290               # 29  300
================================================================================
NOTES:
# LAST OF SEVERAL OCCURRENCES

COLUMN 17 PEAK WIND IN M.P.H.

PRELIMINARY LOCAL CLIMATOLOGICAL DATA (WS FORM: F-6) , PAGE 2

                                          STATION:  GAINESVILLE
                                          MONTH:    OCTOBER
                                          YEAR:     2014
                                          LATITUDE:   34 16 N
                                          LONGITUDE:  83 50 W

[TEMPERATURE DATA]      [PRECIPITATION DATA]       SYMBOLS USED IN COLUMN 16

AVERAGE MONTHLY: 64.7   TOTAL FOR MONTH:   4.06    1 = FOG OR MIST
DPTR FM NORMAL:   1.4   DPTR FM NORMAL:    1.19    2 = FOG REDUCING VISIBILITY
HIGHEST:    85 ON 10    GRTST 24HR  2.50 ON 13-14      TO 1/4 MILE OR LESS
LOWEST:     39 ON  5                               3 = THUNDER
                        SNOW, ICE PELLETS, HAIL    4 = ICE PELLETS
                        TOTAL MONTH:   0.0 INCH    5 = HAIL
                        GRTST 24HR     0.0         6 = FREEZING RAIN OR DRIZZLE
                        GRTST DEPTH:  M  ON   M    7 = DUSTSTORM OR SANDSTORM:
                                                       VSBY 1/2 MILE OR LESS
                                                   8 = SMOKE OR HAZE
[NO. OF DAYS WITH]      [WEATHER - DAYS WITH]      9 = BLOWING SNOW
                                                   X = TORNADO
MAX 32 OR BELOW:   0    0.01 INCH OR MORE:   8
MAX 90 OR ABOVE:   0    0.10 INCH OR MORE:   5
MIN 32 OR BELOW:   0    0.50 INCH OR MORE:   3
MIN  0 OR BELOW:   0    1.00 INCH OR MORE:   1

[HDD (BASE 65) ]
TOTAL THIS MO.    61    CLEAR  (SCALE 0-3)  11
DPTR FM NORMAL    -8    PTCLDY (SCALE 4-7)   8
TOTAL FM JUL 1    61    CLOUDY (SCALE 8-10)  1
DPTR FM NORMAL   -21

[CDD (BASE 65) ]
TOTAL THIS MO.    57
DPTR FM NORMAL    24    [PRESSURE DATA]
TOTAL FM JAN 1  1668    HIGHEST SLP M ON M
DPTR FM NORMAL    94    LOWEST  SLP 29.73 ON 14

[REMARKS]
