000
CXUS54 KFWD 230730
CF6GVT
PRELIMINARY LOCAL CLIMATOLOGICAL DATA (WS FORM: F-6)

                                          STATION:   GREENVILLE
                                          MONTH:     JULY
                                          YEAR:      2016
                                          LATITUDE:   33  4 N
                                          LONGITUDE:  96  4 W

  TEMPERATURE IN F:       :PCPN:    SNOW:  WIND      :SUNSHINE: SKY     :PK WND
================================================================================
1   2   3   4   5  6A  6B    7    8   9   10  11  12  13   14  15   16   17  18
                                     12Z  AVG MX 2MIN
DY MAX MIN AVG DEP HDD CDD  WTR  SNW DPTH SPD SPD DIR MIN PSBL S-S WX    SPD DR
================================================================================

 1  95  70  83   0   0  18 0.00  0.0    0  2.4  9 120   M    M   0         M  M
 2  95  73  84   0   0  19 0.00  0.0    0  7.7 14 160   M    M   1        17 170
 3  97  79  88   4   0  23 0.00  0.0    0 14.5 23 210   M    M   3        30 170
 4  90  73  82  -2   0  17 0.04  0.0    0 10.4 18 180   M    M   3 3      25 190
 5  95  77  86   2   0  21    M  0.0    0 10.9 16 170   M    M   1 38     25 170
 6  97  77  87   3   0  22 0.00  0.0    0 15.0 23 190   M    M   1        30 200
 7  97  77  87   3   0  22 0.00  0.0    0 15.2 20 180   M    M   1        27 200
 8  97  77  87   3   0  22 0.00  0.0    0 10.4 17 200   M    M   1        22 200
 9  95  72  84   0   0  19 0.01  0.0    0  8.3 22 180   M    M   2 3      27 180
10  95  72  84   0   0  19 0.00  0.0    0  6.6 14 180   M    M   3        20 180
11  97  77  87   3   0  22 0.00  0.0    0 13.5 21 210   M    M   4        27 210
12  95  77  86   1   0  21 0.00  0.0    0 14.1 21 190   M    M   1        28 170
13  99  77  88   3   0  23 0.00  0.0    0 10.9 18 170   M    M   2        25 180
14  97  77  87   2   0  22 0.00  0.0    0  8.9 17 190   M    M   1 3      24 180
15  91  75  83  -2   0  18 0.00  0.0    0  5.4 12 360   M    M   2 3       M  M
16  99  72  86   1   0  21 0.00  0.0    0  5.6 15 130   M    M   0        20 130
17  97  75  86   1   0  21 0.00  0.0    0  7.9 13 190   M    M   0        18 150
18  97  73  85   0   0  20 0.00  0.0    0  5.7  9 150   M    M   1         M  M
19  97  75  86   1   0  21 0.00  0.0    0  4.9 12 150   M    M   1         M  M
20  97  77  87   2   0  22 0.00  0.0    0  5.7 12 140   M    M   1        17 140
21  99  77  88   3   0  23 0.00  0.0    0  5.2  9 160   M    M   0         M  M
22 100  73  87   2   0  22 0.00  0.0    0  4.7 12 200   M    M   1         M  M
================================================================================
SM 2118 1652         0 458  0.05     0.0 193.9          M       30
================================================================================
AV 96.3 75.1                               8.8 FASTST   M    M   1    MAX(MPH)
                                 MISC ---->  # 23 210                 30    M
================================================================================
NOTES:
# LAST OF SEVERAL OCCURRENCES

COLUMN 17 PEAK WIND IN M.P.H.

PRELIMINARY LOCAL CLIMATOLOGICAL DATA (WS FORM: F-6) , PAGE 2

                                          STATION:  GREENVILLE
                                          MONTH:    JULY
                                          YEAR:     2016
                                          LATITUDE:   33  4 N
                                          LONGITUDE:  96  4 W

[TEMPERATURE DATA]      [PRECIPITATION DATA]       SYMBOLS USED IN COLUMN 16

AVERAGE MONTHLY: 85.7   TOTAL FOR MONTH:   0.05    1 = FOG OR MIST
DPTR FM NORMAL:   1.2   DPTR FM NORMAL:   -2.34    2 = FOG REDUCING VISIBILITY
HIGHEST:   100 ON 22    GRTST 24HR  0.04 ON  4- 4      TO 1/4 MILE OR LESS
LOWEST:     70 ON  1                               3 = THUNDER
                        SNOW, ICE PELLETS, HAIL    4 = ICE PELLETS
                        TOTAL MONTH:   0.0 INCH    5 = HAIL
                        GRTST 24HR     0.0         6 = FREEZING RAIN OR DRIZZLE
                        GRTST DEPTH:   0           7 = DUSTSTORM OR SANDSTORM:
                                                       VSBY 1/2 MILE OR LESS
                                                   8 = SMOKE OR HAZE
[NO. OF DAYS WITH]      [WEATHER - DAYS WITH]      9 = BLOWING SNOW
                                                   X = TORNADO
MAX 32 OR BELOW:   0    0.01 INCH OR MORE:   2
MAX 90 OR ABOVE:  22    0.10 INCH OR MORE:   0
MIN 32 OR BELOW:   0    0.50 INCH OR MORE:   0
MIN  0 OR BELOW:   0    1.00 INCH OR MORE:   0

[HDD (BASE 65) ]
TOTAL THIS MO.     0    CLEAR  (SCALE 0-3)  19
DPTR FM NORMAL     0    PTCLDY (SCALE 4-7)   3
TOTAL FM JUL 1     0    CLOUDY (SCALE 8-10)  0
DPTR FM NORMAL     0

[CDD (BASE 65) ]
TOTAL THIS MO.   458
DPTR FM NORMAL    30    [PRESSURE DATA]
TOTAL FM JAN 1  1188    HIGHEST SLP M ON M
DPTR FM NORMAL   -93    LOWEST  SLP M ON M

[REMARKS]
