000
CXUS54 KFWD 010730
CF6GYI
PRELIMINARY LOCAL CLIMATOLOGICAL DATA (WS FORM: F-6)

                                          STATION:   SHERMAN DENISON
                                          MONTH:     JUNE
                                          YEAR:      2015
                                          LATITUDE:   33 42 N
                                          LONGITUDE:  96 40 W

  TEMPERATURE IN F:       :PCPN:    SNOW:  WIND      :SUNSHINE: SKY     :PK WND
================================================================================
1   2   3   4   5  6A  6B    7    8   9   10  11  12  13   14  15   16   17  18
                                     12Z  AVG MX 2MIN
DY MAX MIN AVG DEP HDD CDD  WTR  SNW DPTH SPD SPD DIR MIN PSBL S-S WX    SPD DR
================================================================================

 1  82  57  70  -5   0   5 0.00  0.0    0  3.5  7 170   M    M   0         M  M
 2  89  65  77   2   0  12 0.00  0.0    0  7.4 12 150   M    M   2        17 190
 3  89  70  80   5   0  15 0.00  0.0    0 10.7 15 150   M    M   1        17 150
 4  91  71  81   5   0  16 0.00  0.0    0  6.7 10 150   M    M   1        16 120
 5  92  69  81   5   0  16 0.00  0.0    0   M   8 150   M    M   1 1       M  M
 6  93  73  83   7   0  18 0.00  0.0    0   M   9 150   M    M   1         M  M
 7  94  72  83   7   0  18 0.00  0.0    0  6.0 15 200   M    M   0        20 210
 8  95  73  84   7   0  19 0.00  0.0    0  6.0 13 240   M    M   1        18 240
 9  96  73  85   8   0  20 0.00  0.0    0  3.2  8 140   M    M   0         M  M
10  98  74  86   9   0  21 0.00  0.0    0  7.1 12 150   M    M   1        16 130
11  95  75  85   8   0  20 0.00  0.0    0 13.2 18 180   M    M   0        27 170
12  94  76  85   7   0  20 0.00  0.0    0 12.0 16 140   M    M   2        22 140
13  87  69  78   0   0  13 0.56  0.0    0  7.7 17 160   M    M   5 3      22 170
14  91  75  83   5   0  18 0.01  0.0    0 13.1 17 170   M    M   5        25 160
15  90  73  82   4   0  17 0.98  0.0    0  8.0 14 170   M    M   5         M  M
16  85  73  79   1   0  14 0.23  0.0    0  5.9 12 110   M    M   7         M  M
17  77  70  74  -5   0   9 2.99  0.0    0 17.3 28 160   M    M  10 1      39 140
18  89  70  80   1   0  15 0.67  0.0    0 13.5 30 210   M    M   5 1      43 210
19  95  69  82   3   0  17 0.00  0.0    0  4.3  9 220   M    M   1        12 210
20  88  74  81   2   0  16 0.00  0.0    0 11.5 20 190   M    M   0        24 210
21  80  72  76  -3   0  11 1.03  0.0    0  9.6 30 210   M    M   5 3      36 210
22  93  73  83   3   0  18 0.00  0.0    0 11.6 18 210   M    M   2        24 200
23  93  74  84   4   0  19 0.00  0.0    0  2.3 12 220   M    M   0         M  M
24  95  75  85   5   0  20 0.00  0.0    0  6.4 13 170   M    M   0        17 170
25  95  74  85   5   0  20 0.00  0.0    0  9.4 15 230   M    M   1        17 250
26  95  73  84   4   0  19 0.30  0.0    0  7.2 14 210   M    M   2 3      20 240
27  88  73  81   1   0  16 0.00  0.0    0  5.5 14  10   M    M   1        20  10
28  91  66  79  -2   0  14 0.00  0.0    0  2.7  7 170   M    M   0         M  M
29  94  73  84   3   0  19 0.00  0.0    0  6.9 10 220   M    M   1 3       M  M
30  94  69  82   1   0  17 0.00  0.0    0  7.4 18  20   M    M   0 3      24  20
================================================================================
SM 2728 2143         0 492  6.77     0.0 226.1          M       60
================================================================================
AV 90.9 71.4                               8.1 FASTST   M    M   2    MAX(MPH)
                                 MISC ---->    30   M                 43    M
================================================================================
NOTES:
# LAST OF SEVERAL OCCURRENCES

COLUMN 17 PEAK WIND IN M.P.H.

PRELIMINARY LOCAL CLIMATOLOGICAL DATA (WS FORM: F-6) , PAGE 2

                                          STATION:  SHERMAN DENISON
                                          MONTH:    JUNE
                                          YEAR:     2015
                                          LATITUDE:   33 42 N
                                          LONGITUDE:  96 40 W

[TEMPERATURE DATA]      [PRECIPITATION DATA]       SYMBOLS USED IN COLUMN 16

AVERAGE MONTHLY: 81.2   TOTAL FOR MONTH:   6.77    1 = FOG OR MIST
DPTR FM NORMAL:   3.1   DPTR FM NORMAL:    1.77    2 = FOG REDUCING VISIBILITY
HIGHEST:    98 ON 10    GRTST 24HR  2.99 ON 17-17      TO 1/4 MILE OR LESS
LOWEST:     57 ON  1                               3 = THUNDER
                        SNOW, ICE PELLETS, HAIL    4 = ICE PELLETS
                        TOTAL MONTH:   0.0 INCH    5 = HAIL
                        GRTST 24HR     0.0         6 = FREEZING RAIN OR DRIZZLE
                        GRTST DEPTH:   0           7 = DUSTSTORM OR SANDSTORM:
                                                       VSBY 1/2 MILE OR LESS
                                                   8 = SMOKE OR HAZE
[NO. OF DAYS WITH]      [WEATHER - DAYS WITH]      9 = BLOWING SNOW
                                                   X = TORNADO
MAX 32 OR BELOW:   0    0.01 INCH OR MORE:   8
MAX 90 OR ABOVE:  20    0.10 INCH OR MORE:   7
MIN 32 OR BELOW:   0    0.50 INCH OR MORE:   5
MIN  0 OR BELOW:   0    1.00 INCH OR MORE:   2

[HDD (BASE 65) ]
TOTAL THIS MO.     0    CLEAR  (SCALE 0-3)  23
DPTR FM NORMAL    -1    PTCLDY (SCALE 4-7)   6
TOTAL FM JUL 1  2684    CLOUDY (SCALE 8-10)  1
DPTR FM NORMAL  -189

[CDD (BASE 65) ]
TOTAL THIS MO.   492
DPTR FM NORMAL    97    [PRESSURE DATA]
TOTAL FM JAN 1   797    HIGHEST SLP M ON M
DPTR FM NORMAL   134    LOWEST  SLP M ON M

[REMARKS]
#FINAL-06-15#
