826
CXUS53 KGID 180730
CF6HDE
PRELIMINARY LOCAL CLIMATOLOGICAL DATA (WS FORM: F-6)

                                          STATION:   HOLDREGE
                                          MONTH:     JANUARY
                                          YEAR:      2018
                                          LATITUDE:   40 27 N
                                          LONGITUDE:  99 20 W

  TEMPERATURE IN F:       :PCPN:    SNOW:  WIND      :SUNSHINE: SKY     :PK WND
================================================================================
1   2   3   4   5  6A  6B    7    8   9   10  11  12  13   14  15   16   17  18
                                     12Z  AVG MX 2MIN
DY MAX MIN AVG DEP HDD CDD  WTR  SNW DPTH SPD SPD DIR MIN PSBL S-S WX    SPD DR
================================================================================

 1   9 -11  -1 -27  66   0    T    M    M  3.7  8 140   M    M   7         M  M
 2  24  -6   9 -17  56   0 0.00    M    M  9.0 14 250   M    M   1        21 250
 3  27  13  20  -6  45   0 0.00    M    M  5.8 15 320   M    M   1        21 320
 4  39  12  26   0  39   0 0.00    M    M  5.6 12 220   M    M   1         M  M
 5  21  10  16 -10  49   0 0.00    M    M  6.7 10  70   M    M   3 1       M  M
 6  29   8  19  -7  46   0 0.00    M    M  9.3 15 180   M    M   2        20 190
 7  47  26  37  11  28   0    T    M    M  8.1 20 310   M    M   3        24 320
 8  53  25  39  13  26   0 0.00    M    M  7.5 14 190   M    M   0        17 190
 9  53  33  43  17  22   0 0.00    M    M  8.3 12 180   M    M   0         M  M
10  46  22  34   8  31   0 0.00    M    M  7.6 30 360   M    M   4 12     43 360
11  22   4  13 -13  52   0    M    M    M 18.3 29 340   M    M   2 8      43 340
12  10   2   6 -20  59   0    T    M    M  7.7 13  20   M    M   8         M  M
13  16   6  11 -15  54   0    M    M    M  6.4 12 160   M    M  10         M  M
14  40  16  28   2  37   0    M    M    M  8.5 17 360   M    M   7        27 360
15  29   1  15 -11  50   0 0.00    M    M 17.2 22 330   M    M   2        30 350
16  17  -4   7 -19  58   0 0.00    M    M  7.9 17 340   M    M   0        29 340
17  35   6  21  -5  44   0 0.00    M    M  9.1 14 200   M    M   0        17 200
================================================================================
SM  517  163       762   0    T     M    146.7          M       51
================================================================================
AV 30.4  9.6                               8.6 FASTST   M    M   3    MAX(MPH)
                                 MISC ---->  # 30 360               # 43  360
================================================================================
NOTES:
# LAST OF SEVERAL OCCURRENCES

COLUMN 17 PEAK WIND IN M.P.H.

PRELIMINARY LOCAL CLIMATOLOGICAL DATA (WS FORM: F-6) , PAGE 2

                                          STATION:  HOLDREGE
                                          MONTH:    JANUARY
                                          YEAR:     2018
                                          LATITUDE:   40 27 N
                                          LONGITUDE:  99 20 W

[TEMPERATURE DATA]      [PRECIPITATION DATA]       SYMBOLS USED IN COLUMN 16

AVERAGE MONTHLY: 20.0   TOTAL FOR MONTH:      T    1 = FOG OR MIST
DPTR FM NORMAL:  -6.0   DPTR FM NORMAL:   -0.27    2 = FOG REDUCING VISIBILITY
HIGHEST:    53 ON  9, 8 GRTST 24HR    T  ON 12-12      TO 1/4 MILE OR LESS
LOWEST:    -11 ON  1                               3 = THUNDER
                        SNOW, ICE PELLETS, HAIL    4 = ICE PELLETS
                        TOTAL MONTH:    M          5 = HAIL
                        GRTST 24HR    M  ON   M    6 = FREEZING RAIN OR DRIZZLE
                        GRTST DEPTH:  M  ON   M    7 = DUSTSTORM OR SANDSTORM:
                                                       VSBY 1/2 MILE OR LESS
                                                   8 = SMOKE OR HAZE
[NO. OF DAYS WITH]      [WEATHER - DAYS WITH]      9 = BLOWING SNOW
                                                   X = TORNADO
MAX 32 OR BELOW:  10    0.01 INCH OR MORE:   0
MAX 90 OR ABOVE:   0    0.10 INCH OR MORE:   0
MIN 32 OR BELOW:  16    0.50 INCH OR MORE:   0
MIN  0 OR BELOW:   3    1.00 INCH OR MORE:   0

[HDD (BASE 65) ]
TOTAL THIS MO.   762    CLEAR  (SCALE 0-3)  12
DPTR FM NORMAL    86    PTCLDY (SCALE 4-7)   3
TOTAL FM JUL 1  3106    CLOUDY (SCALE 8-10)  2
DPTR FM NORMAL   -92

[CDD (BASE 65) ]
TOTAL THIS MO.     0
DPTR FM NORMAL     0    [PRESSURE DATA]
TOTAL FM JAN 1     0    HIGHEST SLP M ON M
DPTR FM NORMAL     0    LOWEST  SLP M ON M

[REMARKS]
