000
CXUS53 KBIS 290729
CF6HEI
PRELIMINARY LOCAL CLIMATOLOGICAL DATA (WS FORM: F-6)

                                          STATION:   HETTINGER ND
                                          MONTH:     MAY
                                          YEAR:      2017
                                          LATITUDE:   46  0 N
                                          LONGITUDE: 102 39 W

  TEMPERATURE IN F:       :PCPN:    SNOW:  WIND      :SUNSHINE: SKY     :PK WND
================================================================================
1   2   3   4   5  6A  6B    7    8   9   10  11  12  13   14  15   16   17  18
                                     12Z  AVG MX 2MIN
DY MAX MIN AVG DEP HDD CDD  WTR  SNW DPTH SPD SPD DIR MIN PSBL S-S WX    SPD DR
================================================================================

 1  59  37  48   0  17   0 0.01    M    M 17.8 37 300   M    M   6 3      48 300
 2  61  30  46  -2  19   0 0.01    M    M 10.7 23 320   M    M   3        29 310
 3  62  28  45  -3  20   0 0.00    M    M 10.8 23 320   M    M   2        30 320
 4  72  24  48  -1  17   0 0.00    M    M  3.6 13 280   M    M   0 8      20 230
 5  82  41  62  13   3   0 0.00    M    M  5.9 16 120   M    M   0 8      19 130
 6  82  49  66  17   0   1 0.00    M    M 18.1 30 140   M    M   0        40 130
 7  90  51  71  21   0   6 0.00    M    M 12.7 25 330   M    M   0        33 310
 8  65  33  49  -1  16   0 0.01    M    M 19.0 31 310   M    M   3 3      45 320
 9  60  32  46  -4  19   0 0.07    M    M  4.8 20 230   M    M   8 12     24 230
10  67  34  51   1  14   0 0.00    M    M  6.5 12  30   M    M   1 12     15 340
11  75  43  59   8   6   0 0.00    M    M  6.3 15 220   M    M   4        21 230
12  83  38  61  10   4   0 0.00    M    M  9.2 22 140   M    M   0        27 140
13  85  53  69  17   0   4 0.03    M    M 11.5 29 300   M    M   1 3      36 320
14  69  46  58   6   7   0    T    M    M 15.0 28 310   M    M   1        35 310
15  71  47  59   7   6   0 0.05    M    M 12.2 31 250   M    M   7 3      39 250
16  61  42  52   0  13   0 0.05    M    M  7.8 20 340   M    M   8 1      25 320
17  59  41  50  -3  15   0 0.00    M    M 17.9 31  50   M    M   8 12     39  40
18  56  32  44  -9  21   0 0.00    M    M 12.7 24  40   M    M   1        29  40
19  54  33  44  -9  21   0 0.00    M    M  5.3 13  80   M    M   7        15  90
20  63  31  47  -7  18   0 0.00    M    M  6.9 20  10   M    M   3        26  30
21  69  25  47  -7  18   0 0.02    M    M 10.3 37 290   M    M   2 3      47 290
22  64  45  55   1  10   0    T    M    M 14.5 24  10   M    M   7        32  20
23  66  31  49  -6  16   0 0.00    M    M 10.2 24  30   M    M   2        31  40
24  73  40  57   2   8   0    T    M    M 16.6 30 150   M    M   1        39 140
25  71  40  56   1   9   0 0.00    M    M 15.1 31 280   M    M   2 12     42 290
26  68  41  55  -1  10   0 0.00    M    M 15.3 35 290   M    M   3        44 300
27  75  36  56   0   9   0 0.01    M    M 12.2 37 320   M    M   2 3      49 320
28  74  33  54  -2  11   0 0.04    M    M 14.7 36 310   M    M   1 3      45 310
================================================================================
SM 1936 1056       327  11  0.30    M    323.6          M       83
================================================================================
AV 69.1 37.7                              11.6 FASTST   M    M   3    MAX(MPH)
                                 MISC ---->  # 37 300               # 49  320
================================================================================
NOTES:
# LAST OF SEVERAL OCCURRENCES

COLUMN 17 PEAK WIND IN M.P.H.

PRELIMINARY LOCAL CLIMATOLOGICAL DATA (WS FORM: F-6) , PAGE 2

                                          STATION:  HETTINGER ND
                                          MONTH:    MAY
                                          YEAR:     2017
                                          LATITUDE:   46  0 N
                                          LONGITUDE: 102 39 W

[TEMPERATURE DATA]      [PRECIPITATION DATA]       SYMBOLS USED IN COLUMN 16

AVERAGE MONTHLY: 53.4   TOTAL FOR MONTH:   0.30    1 = FOG OR MIST
DPTR FM NORMAL:   1.5   DPTR FM NORMAL:   -1.81    2 = FOG REDUCING VISIBILITY
HIGHEST:    90 ON  7    GRTST 24HR  0.07 ON  9- 9      TO 1/4 MILE OR LESS
LOWEST:     24 ON  4                               3 = THUNDER
                        SNOW, ICE PELLETS, HAIL    4 = ICE PELLETS
                        TOTAL MONTH:    M          5 = HAIL
                        GRTST 24HR    M  ON   M    6 = FREEZING RAIN OR DRIZZLE
                        GRTST DEPTH:  M  ON   M    7 = DUSTSTORM OR SANDSTORM:
                                                       VSBY 1/2 MILE OR LESS
                                                   8 = SMOKE OR HAZE
[NO. OF DAYS WITH]      [WEATHER - DAYS WITH]      9 = BLOWING SNOW
                                                   X = TORNADO
MAX 32 OR BELOW:   0    0.01 INCH OR MORE:  10
MAX 90 OR ABOVE:   1    0.10 INCH OR MORE:   0
MIN 32 OR BELOW:   8    0.50 INCH OR MORE:   0
MIN  0 OR BELOW:   0    1.00 INCH OR MORE:   0

[HDD (BASE 65) ]
TOTAL THIS MO.   327    CLEAR  (SCALE 0-3)  20
DPTR FM NORMAL   -42    PTCLDY (SCALE 4-7)   6
TOTAL FM JUL 1  8071    CLOUDY (SCALE 8-10)  2
DPTR FM NORMAL  -402

[CDD (BASE 65) ]
TOTAL THIS MO.    11
DPTR FM NORMAL    11    [PRESSURE DATA]
TOTAL FM JAN 1    11    HIGHEST SLP  0.00 ON 21
DPTR FM NORMAL    11    LOWEST  SLP 29.39 ON M

[REMARKS]
