000
CXUS53 KBIS 300727
CF6HEI
PRELIMINARY LOCAL CLIMATOLOGICAL DATA (WS FORM: F-6)

                                          STATION:   HETTINGER ND
                                          MONTH:     MARCH
                                          YEAR:      2015
                                          LATITUDE:   46  0 N
                                          LONGITUDE: 102 39 W

  TEMPERATURE IN F:       :PCPN:    SNOW:  WIND      :SUNSHINE: SKY     :PK WND
================================================================================
1   2   3   4   5  6A  6B    7    8   9   10  11  12  13   14  15   16   17  18
                                     12Z  AVG MX 2MIN
DY MAX MIN AVG DEP HDD CDD  WTR  SNW DPTH SPD SPD DIR MIN PSBL S-S WX    SPD DR
================================================================================

 1  27   0  14 -10  51   0    T    M    M 10.0 23 290   M    M   5        28 290
 2  45   8  27   2  38   0 0.00    M    M 12.9 31 340   M    M   1        39 350
 3  18  -2   8 -17  57   0    T    M    M 20.5 35 320   M    M   6        47 290
 4  13  -7   3 -22  62   0    T    M    M 10.1 25 320   M    M   2        32 320
 5  45  -1  22  -4  43   0 0.00    M    M 10.0 26 300   M    M   2        33 290
 6  57  17  37  11  28   0 0.00    M    M  9.8 30 300   M    M   5        36 300
 7  51  20  36  10  29   0    T    M    M  7.1 18 320   M    M   6        25 330
 8  58  20  39  12  26   0 0.00    M    M  7.3 21 250   M    M   0 1      28 250
 9  62  19  41  14  24   0 0.00    M    M  6.4 25 260   M    M   1        29 280
10  61  29  45  18  20   0 0.00    M    M  8.1 17 340   M    M   0        21 350
11  72  30  51  23  14   0 0.00    M    M  6.0 13 200   M    M   0        16 180
12  69  31  50  22  15   0 0.00    M    M  9.5 28 290   M    M   0        36 300
13  64  22  43  15  22   0 0.00    M    M  7.9 20 320   M    M   0        26 320
14  70  25  48  19  17   0 0.00    M    M 10.4 23 200   M    M   0        28 190
15  78  38  58  29   7   0 0.00    M    M  9.2 18  40   M    M   1        23 290
16  52  18  35   5  30   0 0.00    M    M  9.5 31 360   M    M   4        38 360
17  42  14  28  -2  37   0 0.00    M    M  7.7 18 170   M    M   5        24 150
18  45  24  35   5  30   0 0.00    M    M  8.8 18 110   M    M   9        22 120
19  52  23  38   7  27   0    T    M    M 13.6 29 270   M    M   6 1      36 270
20  63  30  47  16  18   0 0.00    M    M 14.2 29 300   M    M   2 1      36 290
21  53  28  41   9  24   0 0.00    M    M 13.8 22 130   M    M   6 12     28 130
22  43  24  34   2  31   0 0.03    M    M  9.0 20 140   M    M   6 16     25 120
23  57  16  37   5  28   0    T    M    M 10.0 24 130   M    M   1        33 140
24  45  29  37   4  28   0 0.02    M    M 23.7 36 290   M    M   9 1      43 290
25  38  17  28  -5  37   0 0.00    M    M 14.0 29 320   M    M   7        37 320
26  39  23  31  -3  34   0 0.11    M    M  6.1 14  40   M    M   9 1      15  40
27  67  27  47  13  18   0    T    M    M 11.6 29 320   M    M   4        36 300
28  80  30  55  21  10   0 0.01    M    M 14.9 53 300   M    M   0 3      65 300
29  62  30  46  11  19   0 0.07    M    M 16.2 47 290   M    M   2 1      55 290
================================================================================
SM 1528  582       824   0  0.24    M    318.3          M       99
================================================================================
AV 52.7 20.1                              11.0 FASTST   M    M   3    MAX(MPH)
                                 MISC ---->  # 53 300               # 65  300
================================================================================
NOTES:
# LAST OF SEVERAL OCCURRENCES

COLUMN 17 PEAK WIND IN M.P.H.

PRELIMINARY LOCAL CLIMATOLOGICAL DATA (WS FORM: F-6) , PAGE 2

                                          STATION:  HETTINGER ND
                                          MONTH:    MARCH
                                          YEAR:     2015
                                          LATITUDE:   46  0 N
                                          LONGITUDE: 102 39 W

[TEMPERATURE DATA]      [PRECIPITATION DATA]       SYMBOLS USED IN COLUMN 16

AVERAGE MONTHLY: 36.4   TOTAL FOR MONTH:   0.24    1 = FOG OR MIST
DPTR FM NORMAL:   7.0   DPTR FM NORMAL:   -0.45    2 = FOG REDUCING VISIBILITY
HIGHEST:    80 ON 28    GRTST 24HR  0.11 ON 26-26      TO 1/4 MILE OR LESS
LOWEST:     -7 ON  4                               3 = THUNDER
                        SNOW, ICE PELLETS, HAIL    4 = ICE PELLETS
                        TOTAL MONTH:    M          5 = HAIL
                        GRTST 24HR    M  ON   M    6 = FREEZING RAIN OR DRIZZLE
                        GRTST DEPTH:  M  ON   M    7 = DUSTSTORM OR SANDSTORM:
                                                       VSBY 1/2 MILE OR LESS
                                                   8 = SMOKE OR HAZE
[NO. OF DAYS WITH]      [WEATHER - DAYS WITH]      9 = BLOWING SNOW
                                                   X = TORNADO
MAX 32 OR BELOW:   3    0.01 INCH OR MORE:   5
MAX 90 OR ABOVE:   0    0.10 INCH OR MORE:   1
MIN 32 OR BELOW:  28    0.50 INCH OR MORE:   0
MIN  0 OR BELOW:   4    1.00 INCH OR MORE:   0

[HDD (BASE 65) ]
TOTAL THIS MO.   824    CLEAR  (SCALE 0-3)  15
DPTR FM NORMAL  -210    PTCLDY (SCALE 4-7)  11
TOTAL FM JUL 1  7022    CLOUDY (SCALE 8-10)  3
DPTR FM NORMAL  -328

[CDD (BASE 65) ]
TOTAL THIS MO.     0
DPTR FM NORMAL     0    [PRESSURE DATA]
TOTAL FM JAN 1     0    HIGHEST SLP  0.00 ON 21
DPTR FM NORMAL     0    LOWEST  SLP 29.47 ON 28

[REMARKS]
