000
CXUS53 KBIS 210830
CF6HEI
PRELIMINARY LOCAL CLIMATOLOGICAL DATA (WS FORM: F-6)

                                          STATION:   HETTINGER ND
                                          MONTH:     NOVEMBER
                                          YEAR:      2017
                                          LATITUDE:   46  0 N
                                          LONGITUDE: 102 39 W

  TEMPERATURE IN F:       :PCPN:    SNOW:  WIND      :SUNSHINE: SKY     :PK WND
================================================================================
1   2   3   4   5  6A  6B    7    8   9   10  11  12  13   14  15   16   17  18
                                     12Z  AVG MX 2MIN
DY MAX MIN AVG DEP HDD CDD  WTR  SNW DPTH SPD SPD DIR MIN PSBL S-S WX    SPD DR
================================================================================

 1  41  29  35  -1  30   0    T    M    M 12.7 26 300   M    M   9        31 300
 2  31  27  29  -7  36   0 0.00    M    M 10.9 21 310   M    M  10 1      27 310
 3  28  24  26  -9  39   0    T    M    M 16.1 23 110   M    M  10 1      30 110
 4  32  13  23 -12  42   0    T    M    M 13.2 24 300   M    M  10 1      28 300
 5  31   9  20 -14  45   0    T    M    M  7.0 16 330   M    M   4 1      20 320
 6  22   8  15 -19  50   0    T    M    M  9.0 15  10   M    M  10 18     19  10
 7  36  -2  17 -16  48   0 0.00    M    M  6.9 21 280   M    M   2 1      25 270
 8  33   8  21 -12  44   0    T    M    M  4.5 15  20   M    M   5 8      18  20
 9  23  12  18 -14  47   0    T    M    M 11.5 25 130   M    M   9 18     34 140
10  42  14  28  -4  37   0 0.00    M    M  9.8 24 140   M    M   2        31 150
11  49  13  31   0  34   0 0.00    M    M  2.1 10  30   M    M   4        12  40
12  51  19  35   4  30   0 0.00    M    M  3.1 10 200   M    M   1 128    12 160
13  60  20  40  10  25   0 0.00    M    M  5.0 12 220   M    M   1        12 220
14  57  20  39   9  26   0    T    M    M 12.1 33 290   M    M   3        40 290
15  33  17  25  -4  40   0 0.00    M    M 11.1 21 310   M    M   3        27 320
16  37  15  26  -3  39   0 0.00    M    M 10.1 18 120   M    M   4        23 110
17  44  23  34   6  31   0 0.00    M    M  2.7 12 300   M    M   7        13 300
18  37  13  25  -3  40   0 0.00    M    M 11.0 22 300   M    M   0        27 290
19  45  16  31   4  34   0 0.00    M    M  6.5 17 270   M    M   0        20 270
20  55  23  39  12  26   0    T    M    M 15.4 33 300   M    M   3        42 310
================================================================================
SM  787  321       743   0    T     M    180.7          M       97
================================================================================
AV 39.4 16.1                               9.0 FASTST   M    M   5    MAX(MPH)
                                 MISC ---->  # 33 290               # 42  310
================================================================================
NOTES:
# LAST OF SEVERAL OCCURRENCES

COLUMN 17 PEAK WIND IN M.P.H.

PRELIMINARY LOCAL CLIMATOLOGICAL DATA (WS FORM: F-6) , PAGE 2

                                          STATION:  HETTINGER ND
                                          MONTH:    NOVEMBER
                                          YEAR:     2017
                                          LATITUDE:   46  0 N
                                          LONGITUDE: 102 39 W

[TEMPERATURE DATA]      [PRECIPITATION DATA]       SYMBOLS USED IN COLUMN 16

AVERAGE MONTHLY: 27.7   TOTAL FOR MONTH:      T    1 = FOG OR MIST
DPTR FM NORMAL:  -3.8   DPTR FM NORMAL:   -0.56    2 = FOG REDUCING VISIBILITY
HIGHEST:    60 ON 13    GRTST 24HR    T  ON 20-20      TO 1/4 MILE OR LESS
LOWEST:     -2 ON  7                               3 = THUNDER
                        SNOW, ICE PELLETS, HAIL    4 = ICE PELLETS
                        TOTAL MONTH:    M          5 = HAIL
                        GRTST 24HR    M  ON   M    6 = FREEZING RAIN OR DRIZZLE
                        GRTST DEPTH:  M  ON   M    7 = DUSTSTORM OR SANDSTORM:
                                                       VSBY 1/2 MILE OR LESS
                                                   8 = SMOKE OR HAZE
[NO. OF DAYS WITH]      [WEATHER - DAYS WITH]      9 = BLOWING SNOW
                                                   X = TORNADO
MAX 32 OR BELOW:   6    0.01 INCH OR MORE:   0
MAX 90 OR ABOVE:   0    0.10 INCH OR MORE:   0
MIN 32 OR BELOW:  20    0.50 INCH OR MORE:   0
MIN  0 OR BELOW:   1    1.00 INCH OR MORE:   0

[HDD (BASE 65) ]
TOTAL THIS MO.   743    CLEAR  (SCALE 0-3)   8
DPTR FM NORMAL    73    PTCLDY (SCALE 4-7)   6
TOTAL FM JUL 1  1729    CLOUDY (SCALE 8-10)  6
DPTR FM NORMAL     4

[CDD (BASE 65) ]
TOTAL THIS MO.     0
DPTR FM NORMAL     0    [PRESSURE DATA]
TOTAL FM JAN 1   508    HIGHEST SLP M ON M
DPTR FM NORMAL   131    LOWEST  SLP 29.46 ON M

[REMARKS]
