000
CXUS51 KLWX 260620
CF6HGR
PRELIMINARY LOCAL CLIMATOLOGICAL DATA (WS FORM: F-6)

                                          STATION:   HAGERSTOWN MD
                                          MONTH:     MARCH
                                          YEAR:      2015
                                          LATITUDE:   39 42 N
                                          LONGITUDE:  77 43 W

  TEMPERATURE IN F:       :PCPN:    SNOW:  WIND      :SUNSHINE: SKY     :PK WND
================================================================================
1   2   3   4   5  6A  6B    7    8   9   10  11  12  13   14  15   16   17  18
                                     12Z  AVG MX 2MIN
DY MAX MIN AVG DEP HDD CDD  WTR  SNW DPTH SPD SPD DIR MIN PSBL S-S WX    SPD DR
================================================================================

 1  31  21  26 -10  39   0 0.25    M    M  6.0 15 160   M    M  10 168    19 190
 2  38  24  31  -6  34   0 0.00    M    M 10.5 32 320   M    M   4 18     38 310
 3  36  23  30  -7  35   0 0.03    M    M  9.2 22 160   M    M   7 16     28 170
 4  51  33  42   5  23   0 0.47    M    M  4.1 12 340   M    M  10 18     14 340
 5  37  11  24 -14  41   0    M    M    M  9.4 20 320   M    M   9 128    24 320
 6  24   2  13 -25  52   0 0.00    M    M  3.9 13 320   M    M   0        15 310
 7  47   8  28 -10  37   0 0.00    M    M  8.6 20 190   M    M   2        27 180
 8  52  36  44   5  21   0 0.00    M    M  7.1 22 280   M    M   2        25 280
 9  57  37  47   8  18   0 0.00    M    M  3.3 12 350   M    M   1        15 350
10  46  36  41   2  24   0 0.37    M    M  1.4  7 320   M    M   6 128     8 220
11  65  40  53  13  12   0    T    M    M  7.4 31 310   M    M   4 128    39 310
12  56  37  47   7  18   0 0.00    M    M  8.9 17 340   M    M   0        23 340
13  51  30  41   1  24   0 0.07    M    M  8.4 18 170   M    M   4        26 170
14  50  40  45   4  20   0 0.39    M    M  6.5 21 310   M    M   9 1      27 320
15  49  37  43   2  22   0 0.00    M    M 15.9 39 300   M    M   7        48 300
16  67  34  51  10  14   0 0.00    M    M  3.4 12 300   M    M   2        15 300
17  66  33  50   8  15   0 0.00    M    M 19.6 36 330   M    M   2        47 340
18  48  29  39  -3  26   0 0.00    M    M 13.4 24 320   M    M   0        35 290
19  49  33  41  -1  24   0 0.00    M    M  4.3 10 340   M    M   0        14 330
20  41  33  37  -6  28   0 0.45    M    M  5.5 13 190   M    M  10 1      16 180
21  59  32  46   3  19   0 0.00    M    M  6.3 18 330   M    M   8 18     24 330
22  51  35  43  -1  22   0 0.00    M    M 11.7 21 320   M    M   1        25 320
23  44  25  35  -9  30   0 0.00    M    M  5.4 12 350   M    M   2        19  10
24  43  32  38  -6  27   0 0.00    M    M  5.2 15  10   M    M   M        18  10
25  50  30  40  -5  25   0 0.01    M    M  8.1 20 170   M    M   6        26 180
================================================================================
SM 1208  731       650   0  2.04    M    193.5          M      106
================================================================================
AV 48.3 29.2                               7.7 FASTST   M    M   4    MAX(MPH)
                                 MISC ---->  # 39 300               # 48  300
================================================================================
NOTES:
# LAST OF SEVERAL OCCURRENCES

COLUMN 17 PEAK WIND IN M.P.H.

PRELIMINARY LOCAL CLIMATOLOGICAL DATA (WS FORM: F-6) , PAGE 2

                                          STATION:  HAGERSTOWN MD
                                          MONTH:    MARCH
                                          YEAR:     2015
                                          LATITUDE:   39 42 N
                                          LONGITUDE:  77 43 W

[TEMPERATURE DATA]      [PRECIPITATION DATA]       SYMBOLS USED IN COLUMN 16

AVERAGE MONTHLY: 38.8   TOTAL FOR MONTH:   2.04    1 = FOG OR MIST
DPTR FM NORMAL:  -1.6   DPTR FM NORMAL:   -0.51    2 = FOG REDUCING VISIBILITY
HIGHEST:    67 ON 16    GRTST 24HR  0.47 ON  4- 4      TO 1/4 MILE OR LESS
LOWEST:      2 ON  6                               3 = THUNDER
                        SNOW, ICE PELLETS, HAIL    4 = ICE PELLETS
                        TOTAL MONTH:    M          5 = HAIL
                        GRTST 24HR    M  ON   M    6 = FREEZING RAIN OR DRIZZLE
                        GRTST DEPTH:  M  ON   M    7 = DUSTSTORM OR SANDSTORM:
                                                       VSBY 1/2 MILE OR LESS
                                                   8 = SMOKE OR HAZE
[NO. OF DAYS WITH]      [WEATHER - DAYS WITH]      9 = BLOWING SNOW
                                                   X = TORNADO
MAX 32 OR BELOW:   2    0.01 INCH OR MORE:   8
MAX 90 OR ABOVE:   0    0.10 INCH OR MORE:   5
MIN 32 OR BELOW:  12    0.50 INCH OR MORE:   0
MIN  0 OR BELOW:   0    1.00 INCH OR MORE:   0

[HDD (BASE 65) ]
TOTAL THIS MO.   650    CLEAR  (SCALE 0-3)  11
DPTR FM NORMAL    36    PTCLDY (SCALE 4-7)   8
TOTAL FM JUL 1  4656    CLOUDY (SCALE 8-10)  5
DPTR FM NORMAL   139

[CDD (BASE 65) ]
TOTAL THIS MO.     0
DPTR FM NORMAL     0    [PRESSURE DATA]
TOTAL FM JAN 1     0    HIGHEST SLP M ON M
DPTR FM NORMAL     0    LOWEST  SLP 29.67 ON 17

[REMARKS]
