000
CXUS54 KHGX 311313
CF6HGX
PRELIMINARY LOCAL CLIMATOLOGICAL DATA (WS FORM: F-6)

                                          STATION:   DICKINSON  WFO
                                          MONTH:     JULY
                                          YEAR:      2014
                                          LATITUDE:   29 28 N
                                          LONGITUDE:  95  5 W

  TEMPERATURE IN F:       :PCPN:    SNOW:  WIND      :SUNSHINE: SKY     :PK WND
================================================================================
1   2   3   4   5  6A  6B    7    8   9   10  11  12  13   14  15   16   17  18
                                     12Z  AVG MX 2MIN
DY MAX MIN AVG DEP HDD CDD  WTR  SNW DPTH SPD SPD DIR MIN PSBL S-S WX    SPD DR
================================================================================

 1  92  77  85   3   0  20 0.00    M    M   M   M   M   M    M   M         M  M
 2  92  74  83   1   0  18 0.00    M    M   M   M   M   M    M   M 3       M  M
 3  94  69  82   0   0  17 0.00    M    M   M   M   M   M    M   M         M  M
 4  89  75  82   0   0  17 0.06    M    M   M   M   M   M    M   M 3       M  M
 5  84  75  80  -2   0  15 0.02    M    M   M   M   M   M    M   M 3       M  M
 6  90  73  82   0   0  17 0.06    M    M   M   M   M   M    M   M         M  M
 7  91  75  83   1   0  18 0.00    M    M   M   M   M   M    M   M         M  M
 8  92  75  84   2   0  19 0.00    M    M   M   M   M   M    M   M         M  M
 9  93  74  84   2   0  19 0.00    M    M   M   M   M   M    M   M         M  M
10  93  74  84   2   0  19 0.00    M    M   M   M   M   M    M   M         M  M
11  94  73  84   2   0  19 0.00    M    M   M   M   M   M    M   M         M  M
12  93  75  84   2   0  19 0.00    M    M   M   M   M   M    M   M         M  M
13  95  76  86   4   0  21 0.00    M    M   M   M   M   M    M   M         M  M
14  93  78  86   4   0  21    T  0.0    M   M   M   M   M    M   M         M  M
15  89  76  83   1   0  18 0.00  0.0    M   M   M   M   M    M   M         M  M
16  87  74  81  -1   0  16 0.99  0.0    M   M   M   M   M    M   M         M  M
17   M   M   M   M   M   M    M    M    M   M   M   M   M    M   M         M  M
18  84  71  78  -4   0  13 0.32    M    M   M   M   M   M    M   M 3       M  M
19  88  74  81  -1   0  16 0.03    M    M   M   M   M   M    M   M         M  M
20  90  76  83   1   0  18 0.22    M    M   M   M   M   M    M   M         M  M
21  93  76  85   3   0  20 0.00    M    M   M   M   M   M    M   M         M  M
22  95  77  86   4   0  21 0.16    M    M   M   M   M   M    M   M 3       M  M
23  90  74  82   0   0  17 2.42    M    M   M   M   M   M    M   M 3       M  M
24  89  73  81  -1   0  16 0.00    M    M   M   M   M   M    M   M 3       M  M
25  94  74  84   2   0  19 0.00    M    M   M   M   M   M    M   M         M  M
26  90  76  83   1   0  18 0.12    M    M   M   M   M   M    M   M 3       M  M
27  93  76  85   3   0  20 0.00    M    M   M   M   M   M    M   M         M  M
28  97  76  87   5   0  22 0.00    M    M   M   M   M   M    M   M         M  M
29  93  74  84   2   0  19 0.02    M    M   M   M   M   M    M   M 3       M  M
30  91  74  83   1   0  18 0.00  0.0    M   M   M   M   M    M   M         M  M
================================================================================
SM 2648 2164         0 530  4.42     0.0     M          M        M
================================================================================
AV 91.3 74.6                                 M FASTST   M    M   2    MAX(MPH)
                                 MISC ---->     M   M                  M    M
================================================================================
NOTES:
# LAST OF SEVERAL OCCURRENCES

COLUMN 17 PEAK WIND IN M.P.H.

PRELIMINARY LOCAL CLIMATOLOGICAL DATA (WS FORM: F-6) , PAGE 2

                                          STATION:  DICKINSON  WFO
                                          MONTH:    JULY
                                          YEAR:     2014
                                          LATITUDE:   29 28 N
                                          LONGITUDE:  95  5 W

[TEMPERATURE DATA]      [PRECIPITATION DATA]       SYMBOLS USED IN COLUMN 16

AVERAGE MONTHLY: 83.0   TOTAL FOR MONTH:   4.42    1 = FOG OR MIST
DPTR FM NORMAL:   1.0   DPTR FM NORMAL:   -0.04    2 = FOG REDUCING VISIBILITY
HIGHEST:    97 ON 28    GRTST 24HR  2.42 ON 23-23      TO 1/4 MILE OR LESS
LOWEST:     69 ON  3                               3 = THUNDER
                        SNOW, ICE PELLETS, HAIL    4 = ICE PELLETS
                        TOTAL MONTH:   0.0 INCH    5 = HAIL
                        GRTST 24HR     0.0         6 = FREEZING RAIN OR DRIZZLE
                        GRTST DEPTH:  M  ON   M    7 = DUSTSTORM OR SANDSTORM:
                                                       VSBY 1/2 MILE OR LESS
                                                   8 = SMOKE OR HAZE
[NO. OF DAYS WITH]      [WEATHER - DAYS WITH]      9 = BLOWING SNOW
                                                   X = TORNADO
MAX 32 OR BELOW:   0    0.01 INCH OR MORE:  11
MAX 90 OR ABOVE:  22    0.10 INCH OR MORE:   6
MIN 32 OR BELOW:   0    0.50 INCH OR MORE:   2
MIN  0 OR BELOW:   0    1.00 INCH OR MORE:   1

[HDD (BASE 65) ]
TOTAL THIS MO.     0    CLEAR  (SCALE 0-3)   0
DPTR FM NORMAL     0    PTCLDY (SCALE 4-7)   0
TOTAL FM JUL 1     0    CLOUDY (SCALE 8-10)  0
DPTR FM NORMAL     0

[CDD (BASE 65) ]
TOTAL THIS MO.   530
DPTR FM NORMAL    20    [PRESSURE DATA]
TOTAL FM JAN 1  1547    HIGHEST SLP M ON M
DPTR FM NORMAL    62    LOWEST  SLP M ON M

[REMARKS]
