000
CXUS55 KLOX 201655
CF6HHR
PRELIMINARY LOCAL CLIMATOLOGICAL DATA (WS FORM: F-6)

                                          STATION:   HAWTHORNE AIRPORT CA
                                          MONTH:     OCTOBER
                                          YEAR:      2014
                                          LATITUDE:   33 55 N
                                          LONGITUDE: 118 20 W

  TEMPERATURE IN F:       :PCPN:    SNOW:  WIND      :SUNSHINE: SKY     :PK WND
================================================================================
1   2   3   4   5  6A  6B    7    8   9   10  11  12  13   14  15   16   17  18
                                     12Z  AVG MX 2MIN
DY MAX MIN AVG DEP HDD CDD  WTR  SNW DPTH SPD SPD DIR MIN PSBL S-S WX    SPD DR
================================================================================

 1  79  65  72   3   0   7 0.00  0.0    0  4.4 14 260   M    M   2 8      17 260
 2  99  64  82  13   0  17 0.00  0.0    0  2.9 14 270   M    M   0 8      16 260
 3  98  67  83  14   0  18 0.00  0.0    0  4.3 13 270   M    M   0        16 260
 4  95  66  81  13   0  16 0.00  0.0    0  3.4 13 270   M    M   0 8      17 270
 5  91  66  79  11   0  14 0.00  0.0    0  3.6 12 260   M    M   1 128    16 260
 6  89  66  78  10   0  13 0.00  0.0    0  3.3 13 260   M    M   1 1      15 260
 7  92  66  79  11   0  14 0.00  0.0    0  2.9 14 270   M    M   0 18     16 260
 8  80  66  73   5   0   8 0.00  0.0    0  4.0 14 260   M    M   1 18     17 260
 9  78  68  73   5   0   8 0.00  0.0    0  5.1 14 250   M    M   3 8      17 270
10  76  67  72   4   0   7 0.00  0.0    0  4.3 15 250   M    M   5        19 260
11  78  66  72   4   0   7 0.00  0.0    0  3.6 14 270   M    M   6 18     18 260
12  79  68  74   6   0   9 0.00  0.0    0  4.0 14 260   M    M   6 8      19 250
13  78  67  73   5   0   8 0.00  0.0    0  3.6 12 240   M    M   5 18     15 250
14  74  67  71   4   0   6 0.00  0.0    0  5.9 13 250   M    M   6 18     19 260
15  76  65  71   4   0   6 0.00  0.0    0  4.6 17 260   M    M   3 8      22 270
16  76  63  70   3   0   5 0.00  0.0    0  4.4 16 250   M    M   1        20 250
17  75  63  69   2   0   4 0.00  0.0    0  4.0 16 250   M    M   3 8      22 260
18  75  63  69   2   0   4 0.00  0.0    0  3.7 13 250   M    M   2 8      18 260
19  75  63  69   2   0   4 0.00  0.0    0  4.5 13 260   M    M   2 8      16 250
================================================================================
SM 1563 1246         0 175  0.00     0.0  76.4          M       47
================================================================================
AV 82.3 65.6                               4.0 FASTST   M    M   2    MAX(MPH)
                                 MISC ---->  # 17 260               # 22  270
================================================================================
NOTES:
# LAST OF SEVERAL OCCURRENCES

COLUMN 17 PEAK WIND IN M.P.H.

PRELIMINARY LOCAL CLIMATOLOGICAL DATA (WS FORM: F-6) , PAGE 2

                                          STATION:  HAWTHORNE AIRPORT CA
                                          MONTH:    OCTOBER
                                          YEAR:     2014
                                          LATITUDE:   33 55 N
                                          LONGITUDE: 118 20 W

[TEMPERATURE DATA]      [PRECIPITATION DATA]       SYMBOLS USED IN COLUMN 16

AVERAGE MONTHLY: 73.9   TOTAL FOR MONTH:   0.00    1 = FOG OR MIST
DPTR FM NORMAL:   6.1   DPTR FM NORMAL:   -0.39    2 = FOG REDUCING VISIBILITY
HIGHEST:    99 ON  2    GRTST 24HR  0.00 ON 19-19      TO 1/4 MILE OR LESS
LOWEST:     63 ON 19,18                            3 = THUNDER
                        SNOW, ICE PELLETS, HAIL    4 = ICE PELLETS
                        TOTAL MONTH:   0.0 INCH    5 = HAIL
                        GRTST 24HR     0.0         6 = FREEZING RAIN OR DRIZZLE
                        GRTST DEPTH:   0           7 = DUSTSTORM OR SANDSTORM:
                                                       VSBY 1/2 MILE OR LESS
                                                   8 = SMOKE OR HAZE
[NO. OF DAYS WITH]      [WEATHER - DAYS WITH]      9 = BLOWING SNOW
                                                   X = TORNADO
MAX 32 OR BELOW:   0    0.01 INCH OR MORE:   0
MAX 90 OR ABOVE:   5    0.10 INCH OR MORE:   0
MIN 32 OR BELOW:   0    0.50 INCH OR MORE:   0
MIN  0 OR BELOW:   0    1.00 INCH OR MORE:   0

[HDD (BASE 65) ]
TOTAL THIS MO.     0    CLEAR  (SCALE 0-3)  13
DPTR FM NORMAL    -7    PTCLDY (SCALE 4-7)   6
TOTAL FM JUL 1     0    CLOUDY (SCALE 8-10)  0
DPTR FM NORMAL   -10

[CDD (BASE 65) ]
TOTAL THIS MO.   175
DPTR FM NORMAL   112    [PRESSURE DATA]
TOTAL FM JAN 1  1376    HIGHEST SLP M ON M
DPTR FM NORMAL   633    LOWEST  SLP 29.72 ON  1

[REMARKS]
