000
CXUS56 KPQR 181200
CF6HIO
PRELIMINARY LOCAL CLIMATOLOGICAL DATA (WS FORM: F-6)

                                          STATION:   HILLSBORO OR
                                          MONTH:     AUGUST
                                          YEAR:      2017
                                          LATITUDE:   45 32 N
                                          LONGITUDE: 122 57 W

  TEMPERATURE IN F:       :PCPN:    SNOW:  WIND      :SUNSHINE: SKY     :PK WND
================================================================================
1   2   3   4   5  6A  6B    7    8   9   10  11  12  13   14  15   16   17  18
                                     12Z  AVG MX 2MIN
DY MAX MIN AVG DEP HDD CDD  WTR  SNW DPTH SPD SPD DIR MIN PSBL S-S WX    SPD DR
================================================================================

 1  99  53  76   9   0  11 0.00  0.0    0  4.9 16 350   M    M   0        21 360
 2 105  61  83  16   0  18 0.00  0.0    0  4.5 13  20   M    M   1 8      17 350
 3 105  61  83  16   0  18 0.00  0.0    0  3.5 15 320   M    M   5 8      19 320
 4  96  57  77  10   0  12 0.00  0.0    0  2.4 10  30   M    M   2 18     14  40
 5  89  51  70   3   0   5 0.00  0.0    0  2.2  9 310   M    M   0 8      13 170
 6  90  54  72   5   0   7 0.00  0.0    0  3.5 14 340   M    M   0 8      15 330
 7  92  59  76   9   0  11 0.00  0.0    0  3.0 12 320   M    M   0 8      14 310
 8  95  56  76   9   0  11 0.00  0.0    0  2.3 12 320   M    M   3 18     14  40
 9  96  58  77  10   0  12 0.00  0.0    0  3.5 12 320   M    M   3 18     17  90
10  93  58  76   9   0  11 0.00  0.0    0  2.3 13 340   M    M   2 8      16 340
11  89  61  75   9   0  10 0.00  0.0    0  4.6 15 310   M    M   0 8      21  70
12  80  57  69   3   0   4    T  0.0    0  3.8 12 320   M    M   5 8      14 160
13  75  54  65  -1   0   0 0.13  0.0    0  6.9 17 340   M    M   6 1      21 340
14  76  45  61  -5   4   0 0.00  0.0    0  3.6  9  60   M    M   3        19  70
15  83  47  65  -1   0   0 0.00  0.0    0  4.8 15 340   M    M   0        19 320
16  85  50  68   2   0   3 0.00  0.0    0  6.9 17 330   M    M   0        22 350
17  80  55  68   2   0   3 0.00  0.0    0  5.7 12 330   M    M   3        14 330
================================================================================
SM 1528  937         4 136  0.13     0.0  68.4          M       33
================================================================================
AV 89.9 55.1                               4.0 FASTST   M    M   2    MAX(MPH)
                                 MISC ---->  # 17 340               # 22  350
================================================================================
NOTES:
# LAST OF SEVERAL OCCURRENCES

COLUMN 17 PEAK WIND IN M.P.H.

PRELIMINARY LOCAL CLIMATOLOGICAL DATA (WS FORM: F-6) , PAGE 2

                                          STATION:  HILLSBORO OR
                                          MONTH:    AUGUST
                                          YEAR:     2017
                                          LATITUDE:   45 32 N
                                          LONGITUDE: 122 57 W

[TEMPERATURE DATA]      [PRECIPITATION DATA]       SYMBOLS USED IN COLUMN 16

AVERAGE MONTHLY: 72.5   TOTAL FOR MONTH:   0.13    1 = FOG OR MIST
DPTR FM NORMAL:   5.9   DPTR FM NORMAL:   -0.16    2 = FOG REDUCING VISIBILITY
HIGHEST:   105 ON  3, 2 GRTST 24HR  0.13 ON 13-13      TO 1/4 MILE OR LESS
LOWEST:     45 ON 14                               3 = THUNDER
                        SNOW, ICE PELLETS, HAIL    4 = ICE PELLETS
                        TOTAL MONTH:   0.0 INCH    5 = HAIL
                        GRTST 24HR     0.0         6 = FREEZING RAIN OR DRIZZLE
                        GRTST DEPTH:   0           7 = DUSTSTORM OR SANDSTORM:
                                                       VSBY 1/2 MILE OR LESS
                                                   8 = SMOKE OR HAZE
[NO. OF DAYS WITH]      [WEATHER - DAYS WITH]      9 = BLOWING SNOW
                                                   X = TORNADO
MAX 32 OR BELOW:   0    0.01 INCH OR MORE:   1
MAX 90 OR ABOVE:   9    0.10 INCH OR MORE:   1
MIN 32 OR BELOW:   0    0.50 INCH OR MORE:   0
MIN  0 OR BELOW:   0    1.00 INCH OR MORE:   0

[HDD (BASE 65) ]
TOTAL THIS MO.     4    CLEAR  (SCALE 0-3)  14
DPTR FM NORMAL   -18    PTCLDY (SCALE 4-7)   3
TOTAL FM JUL 1    16    CLOUDY (SCALE 8-10)  0
DPTR FM NORMAL   -62

[CDD (BASE 65) ]
TOTAL THIS MO.   136
DPTR FM NORMAL    85    [PRESSURE DATA]
TOTAL FM JAN 1   323    HIGHEST SLP M ON M
DPTR FM NORMAL   171    LOWEST  SLP 29.78 ON  4

[REMARKS]
