000
CXUS56 KHNX 241146
CF6HJO
PRELIMINARY LOCAL CLIMATOLOGICAL DATA (WS FORM: F-6)

                                          STATION:   HANFORD CA AIRPORT
                                          MONTH:     FEBRUARY
                                          YEAR:      2017
                                          LATITUDE:   36 19 N
                                          LONGITUDE: 119 38 W

  TEMPERATURE IN F:       :PCPN:    SNOW:  WIND      :SUNSHINE: SKY     :PK WND
================================================================================
1   2   3   4   5  6A  6B    7    8   9   10  11  12  13   14  15   16   17  18
                                     12Z  AVG MX 2MIN
DY MAX MIN AVG DEP HDD CDD  WTR  SNW DPTH SPD SPD DIR MIN PSBL S-S WX    SPD DR
================================================================================

 1  67  37  52   4  13   0 0.00  0.0    0  2.5  7 260   M    M   3 128    10 260
 2  63  50  57   9   8   0 0.11  0.0    0  3.3 10 110   M    M   8 1      14 120
 3  66  50  58  10   7   0 0.33  0.0    0  6.5 15 200   M    M   7 1      19 200
 4  64  42  53   5  12   0 0.00  0.0    0  2.1  8 240   M    M   0 12     11 290
 5  59  43  51   3  14   0 0.11  0.0    0  5.2 14 180   M    M   6 12     19 100
 6  60  52  56   8   9   0 0.40  0.0    0  6.8 15 150   M    M   8 1      18 150
 7  67  54  61  12   4   0 0.19  0.0    0  8.2 18 160   M    M   8 1      25 160
 8  69  56  63  14   2   0    T  0.0    0  6.3 13 180   M    M   2 1      16 180
 9  64  57  61  12   4   0 0.05  0.0    0  3.7 12 290   M    M   2 1      14 280
10  61  54  58   9   7   0 0.33  0.0    0  7.1 15 270   M    M   8 1      19 280
11  56  47  52   2  13   0 0.00  0.0    0  8.3 22 320   M    M   6        26 320
12  61  40  51   1  14   0 0.00  0.0    0  2.5  8 150   M    M   3 12     10 150
13  64  40  52   2  13   0 0.00  0.0    0  1.3  8 260   M    M   5 128    10 260
14  68  43  56   6   9   0 0.00  0.0    0  2.9  7 330   M    M   0 128     9 330
15  71  47  59   9   6   0 0.00  0.0    0  4.9 10 220   M    M   3 128    14 230
16  57  50  54   3  11   0 0.27  0.0    0  6.9 16 110   M    M   3 1      21 270
17  58  51  55   4  10   0 0.61  0.0    0 10.4 25 130   M    M   9 1      39 140
18  65  48  57   6   8   0 0.01  0.0    0  6.3 18 320   M    M   7        22 330
19  56  48  52   1  13   0 0.18  0.0    0  5.2 16 320   M    M   8 1      21 330
20  64  51  58   6   7   0 0.24  0.0    0  6.9 16 170   M    M   6 1      22 140
21  69  46  58   6   7   0 0.03  0.0    0  5.5 18 220   M    M   6 1      25 210
22  58  42  50  -2  15   0 0.00  0.0    0 11.6 24 330   M    M   2        29 330
23  54  36  45  -7  20   0 0.00  0.0    0  7.3 15 320   M    M   1        19 310
================================================================================
SM 1441 1084       226   0  2.86     0.0 131.7          M      111
================================================================================
AV 62.7 47.1                               5.7 FASTST   M    M   5    MAX(MPH)
                                 MISC ---->  # 25 130               # 39  140
================================================================================
NOTES:
# LAST OF SEVERAL OCCURRENCES

COLUMN 17 PEAK WIND IN M.P.H.

PRELIMINARY LOCAL CLIMATOLOGICAL DATA (WS FORM: F-6) , PAGE 2

                                          STATION:  HANFORD CA AIRPORT
                                          MONTH:    FEBRUARY
                                          YEAR:     2017
                                          LATITUDE:   36 19 N
                                          LONGITUDE: 119 38 W

[TEMPERATURE DATA]      [PRECIPITATION DATA]       SYMBOLS USED IN COLUMN 16

AVERAGE MONTHLY: 54.9   TOTAL FOR MONTH:   2.86    1 = FOG OR MIST
DPTR FM NORMAL:   5.1   DPTR FM NORMAL:    1.46    2 = FOG REDUCING VISIBILITY
HIGHEST:    71 ON 15    GRTST 24HR  0.61 ON 17-17      TO 1/4 MILE OR LESS
LOWEST:     36 ON 23                               3 = THUNDER
                        SNOW, ICE PELLETS, HAIL    4 = ICE PELLETS
                        TOTAL MONTH:   0.0 INCH    5 = HAIL
                        GRTST 24HR     0.0         6 = FREEZING RAIN OR DRIZZLE
                        GRTST DEPTH:   0           7 = DUSTSTORM OR SANDSTORM:
                                                       VSBY 1/2 MILE OR LESS
                                                   8 = SMOKE OR HAZE
[NO. OF DAYS WITH]      [WEATHER - DAYS WITH]      9 = BLOWING SNOW
                                                   X = TORNADO
MAX 32 OR BELOW:   0    0.01 INCH OR MORE:  13
MAX 90 OR ABOVE:   0    0.10 INCH OR MORE:  10
MIN 32 OR BELOW:   0    0.50 INCH OR MORE:   1
MIN  0 OR BELOW:   0    1.00 INCH OR MORE:   0

[HDD (BASE 65) ]
TOTAL THIS MO.   226    CLEAR  (SCALE 0-3)   9
DPTR FM NORMAL  -124    PTCLDY (SCALE 4-7)  11
TOTAL FM JUL 1  1630    CLOUDY (SCALE 8-10)  3
DPTR FM NORMAL  -463

[CDD (BASE 65) ]
TOTAL THIS MO.     0
DPTR FM NORMAL     0    [PRESSURE DATA]
TOTAL FM JAN 1     0    HIGHEST SLP M ON M
DPTR FM NORMAL     0    LOWEST  SLP 29.28 ON 17

[REMARKS]
