906
CXUS54 KJAN 301200
CF6HKS
PRELIMINARY LOCAL CLIMATOLOGICAL DATA (WS FORM: F-6)

                                          STATION:   JACKSON HAWKINS
                                          MONTH:     AUGUST
                                          YEAR:      2016
                                          LATITUDE:   32 20 N
                                          LONGITUDE:  90 14 W

  TEMPERATURE IN F:       :PCPN:    SNOW:  WIND      :SUNSHINE: SKY     :PK WND
================================================================================
1   2   3   4   5  6A  6B    7    8   9   10  11  12  13   14  15   16   17  18
                                     12Z  AVG MX 2MIN
DY MAX MIN AVG DEP HDD CDD  WTR  SNW DPTH SPD SPD DIR MIN PSBL S-S WX    SPD DR
================================================================================

 1  94  73  84   2   0  19 0.00  0.0    0  1.2  8 290   M    M   1 1      10 290
 2  95  77  86   4   0  21 0.00  0.0    0  4.1 12 290   M    M   1        15 300
 3  97  77  87   5   0  22 0.00  0.0    0  3.5 12 300   M    M   0        15 310
 4  97  77  87   5   0  22 0.00  0.0    0  6.0 23 140   M    M   1        30 140
 5  96  75  86   4   0  21    T  0.0    0  4.1 16  10   M    M   1 3      23  10
 6  96  74  85   3   0  20 0.93  0.0    0  5.1 17  10   M    M   1 13     29 360
 7  91  74  83   1   0  18 0.00  0.0    0  4.8 20 300   M    M   3 1      24 300
 8  91  75  83   1   0  18 0.00  0.0    0  4.6 14 300   M    M   5        19 310
 9  91  75  83   1   0  18 0.21  0.0    0  2.4 16  60   M    M   3 1      24  60
10  92  75  84   2   0  19 0.00  0.0    0  3.5 14  80   M    M   6 1      19  80
11  89  78  84   2   0  19 0.17  0.0    0  4.0 16 350   M    M   6 1      22 350
12  85  72  79  -3   0  14 0.78  0.0    0  7.7 22 140   M    M  10 1      30 130
13  85  73  79  -3   0  14    T  0.0    0 13.9 24 170   M    M   6 1      32 160
14  90  72  81  -1   0  16 1.61  0.0    0   M  36 170   M    M   3 1      42 170
15  91  74  83   1   0  18 0.07  0.0    0  7.4 21 150   M    M   5 1      24 150
16  90  73  82   0   0  17 0.03  0.0    0  6.3 23 170   M    M   2 18     32 180
17  90  73  82   0   0  17 0.00  0.0    0  4.2 13 130   M    M   2        16 360
18  91  73  82   0   0  17 0.17  0.0    0  3.1 24 170   M    M   2 1      30 170
19  89  74  82   0   0  17 1.03  0.0    0  4.4 18 310   M    M   2 1      23 300
20  88  73  81  -1   0  16 0.09  0.0    0  7.0 18 270   M    M   2 1      24 270
21  89  75  82   0   0  17 0.00  0.0    0  5.3 12 320   M    M   2        16 310
22  91  73  82   0   0  17 0.07  0.0    0  2.0 14  60   M    M   3 1      16  40
23  93  75  84   2   0  19 0.01  0.0    0  2.3 14 160   M    M   1        18 260
24  94  74  84   3   0  19 0.02  0.0    0  2.0 13  90   M    M   2 13     19 110
25  94  75  85   4   0  20 0.26  0.0    0  3.7 15 130   M    M   2 13     19 140
26  91  73  82   1   0  17 0.02  0.0    0  2.9 15 160   M    M   1 3      19  40
27  92  72  82   1   0  17 0.00  0.0    0  2.9 14  90   M    M   1 1      19 100
28  91  74  83   2   0  18    T  0.0    0  3.9 12  80   M    M   1 3      16  80
29  95  74  85   4   0  20 0.07  0.0    0  3.2 13  50   M    M   1 3      17 130
================================================================================
SM 2658 2152         0 527  5.54     0.0 125.5          M       76
================================================================================
AV 91.7 74.2                               4.5 FASTST   M    M   3    MAX(MPH)
                                 MISC ---->  # 36 170               # 42  170
================================================================================
NOTES:
# LAST OF SEVERAL OCCURRENCES

COLUMN 17 PEAK WIND IN M.P.H.

PRELIMINARY LOCAL CLIMATOLOGICAL DATA (WS FORM: F-6) , PAGE 2

                                          STATION:  JACKSON HAWKINS
                                          MONTH:    AUGUST
                                          YEAR:     2016
                                          LATITUDE:   32 20 N
                                          LONGITUDE:  90 14 W

[TEMPERATURE DATA]      [PRECIPITATION DATA]       SYMBOLS USED IN COLUMN 16

AVERAGE MONTHLY: 82.9   TOTAL FOR MONTH:   5.54    1 = FOG OR MIST
DPTR FM NORMAL:   1.1   DPTR FM NORMAL:    1.74    2 = FOG REDUCING VISIBILITY
HIGHEST:    97 ON  4, 3 GRTST 24HR  1.61 ON 14-14      TO 1/4 MILE OR LESS
LOWEST:     72 ON 27,14                            3 = THUNDER
                        SNOW, ICE PELLETS, HAIL    4 = ICE PELLETS
                        TOTAL MONTH:   0.0 INCH    5 = HAIL
                        GRTST 24HR     0.0         6 = FREEZING RAIN OR DRIZZLE
                        GRTST DEPTH:   0           7 = DUSTSTORM OR SANDSTORM:
                                                       VSBY 1/2 MILE OR LESS
                                                   8 = SMOKE OR HAZE
[NO. OF DAYS WITH]      [WEATHER - DAYS WITH]      9 = BLOWING SNOW
                                                   X = TORNADO
MAX 32 OR BELOW:   0    0.01 INCH OR MORE:  16
MAX 90 OR ABOVE:  23    0.10 INCH OR MORE:   8
MIN 32 OR BELOW:   0    0.50 INCH OR MORE:   4
MIN  0 OR BELOW:   0    1.00 INCH OR MORE:   2

[HDD (BASE 65) ]
TOTAL THIS MO.     0    CLEAR  (SCALE 0-3)  22
DPTR FM NORMAL     0    PTCLDY (SCALE 4-7)   6
TOTAL FM JUL 1     0    CLOUDY (SCALE 8-10)  1
DPTR FM NORMAL     0

[CDD (BASE 65) ]
TOTAL THIS MO.   527
DPTR FM NORMAL    40    [PRESSURE DATA]
TOTAL FM JAN 1  1995    HIGHEST SLP M ON M
DPTR FM NORMAL   177    LOWEST  SLP 29.75 ON 12

[REMARKS]
