000
CXUS51 KPBZ 230901
CF6HLG
PRELIMINARY LOCAL CLIMATOLOGICAL DATA (WS FORM: F-6)

                                          STATION:   WHEELING
                                          MONTH:     SEPTEMBER
                                          YEAR:      2014
                                          LATITUDE:   40 10 N
                                          LONGITUDE:  80 39 W

  TEMPERATURE IN F:       :PCPN:    SNOW:  WIND      :SUNSHINE: SKY     :PK WND
================================================================================
1   2   3   4   5  6A  6B    7    8   9   10  11  12  13   14  15   16   17  18
                                     12Z  AVG MX 2MIN
DY MAX MIN AVG DEP HDD CDD  WTR  SNW DPTH SPD SPD DIR MIN PSBL S-S WX    SPD DR
================================================================================

 1  82  69  76   7   0  11 0.08    M    M  7.7 18 220   M    M   6 1      23 210
 2  82  68  75   6   0  10    T    M    M  8.8 21 280   M    M   5        31 250
 3  83  62  73   5   0   8 0.00    M    M  1.7  8 190   M    M   4 12     10 200
 4  85  61  73   5   0   8 0.00    M    M  3.2 12 160   M    M   0 12     14 260
 5  86  66  76   8   0  11 0.00    M    M  6.9 12 220   M    M   3 12     15 180
 6  83  59  71   3   0   6 0.02    M    M  6.8 21 340   M    M   6 1      26 340
 7  74  52  63  -4   2   0 0.00    M    M  5.8 14  40   M    M   1 1      17  60
 8  78  53  66  -1   0   1 0.00    M    M  9.6 16 110   M    M   4        22 100
 9  79  59  69   2   0   4 0.00    M    M  5.8 12 130   M    M   5        15 140
10  81  63  72   6   0   7    T    M    M 10.7 22 200   M    M   2        32 210
11  76  55  66   0   0   1 0.25    M    M 11.3 23 200   M    M  10 1      32 200
12  61  53  57  -9   8   0    T    M    M  5.2  9  20   M    M   9 1      14  30
13  66  45  56  -9   9   0 0.03    M    M  5.9 17 300   M    M   7 1      23 310
14  65  40  53 -12  12   0 0.00    M    M  2.4 13 120   M    M   2 12     15 110
15  68  43  56  -9   9   0 0.00    M    M  3.8 13 190   M    M   2 12     17 140
16  68  51  60  -4   5   0    T    M    M  4.7 13 320   M    M   6 1      16 340
17  70  46  58  -6   7   0 0.00    M    M  3.4 10 320   M    M   4 12     13 320
18  70  50  60  -4   5   0 0.00    M    M  5.5 14  30   M    M   4 1      18  30
19  73  48  61  -2   4   0 0.00    M    M  7.0 14 130   M    M   2 1      18 150
20  77  58  68   5   0   3 0.00    M    M 10.2 17 210   M    M   2        26 210
21  79  56  68   6   0   3    T    M    M 12.0 26 270   M    M   4        38 270
22  60  44  52 -10  13   0    T    M    M  7.5 17 330   M    M   6        25 310
================================================================================
SM 1646 1201        74  73  0.38    M    145.9          M       94
================================================================================
AV 74.8 54.6                               6.6 FASTST   M    M   4    MAX(MPH)
                                 MISC ---->  # 26 270               # 38  270
================================================================================
NOTES:
# LAST OF SEVERAL OCCURRENCES

COLUMN 17 PEAK WIND IN M.P.H.

PRELIMINARY LOCAL CLIMATOLOGICAL DATA (WS FORM: F-6) , PAGE 2

                                          STATION:  WHEELING
                                          MONTH:    SEPTEMBER
                                          YEAR:     2014
                                          LATITUDE:   40 10 N
                                          LONGITUDE:  80 39 W

[TEMPERATURE DATA]      [PRECIPITATION DATA]       SYMBOLS USED IN COLUMN 16

AVERAGE MONTHLY: 64.7   TOTAL FOR MONTH:   0.38    1 = FOG OR MIST
DPTR FM NORMAL:  -1.0   DPTR FM NORMAL:   -1.38    2 = FOG REDUCING VISIBILITY
HIGHEST:    86 ON  5    GRTST 24HR  1.01 ON 31- 1      TO 1/4 MILE OR LESS
LOWEST:     40 ON 14                               3 = THUNDER
                        SNOW, ICE PELLETS, HAIL    4 = ICE PELLETS
                        TOTAL MONTH:    M          5 = HAIL
                        GRTST 24HR    M  ON   M    6 = FREEZING RAIN OR DRIZZLE
                        GRTST DEPTH:  M  ON   M    7 = DUSTSTORM OR SANDSTORM:
                                                       VSBY 1/2 MILE OR LESS
                                                   8 = SMOKE OR HAZE
[NO. OF DAYS WITH]      [WEATHER - DAYS WITH]      9 = BLOWING SNOW
                                                   X = TORNADO
MAX 32 OR BELOW:   0    0.01 INCH OR MORE:   4
MAX 90 OR ABOVE:   0    0.10 INCH OR MORE:   1
MIN 32 OR BELOW:   0    0.50 INCH OR MORE:   0
MIN  0 OR BELOW:   0    1.00 INCH OR MORE:   0

[HDD (BASE 65) ]
TOTAL THIS MO.    74    CLEAR  (SCALE 0-3)   8
DPTR FM NORMAL    30    PTCLDY (SCALE 4-7)  12
TOTAL FM JUL 1    97    CLOUDY (SCALE 8-10)  2
DPTR FM NORMAL    42

[CDD (BASE 65) ]
TOTAL THIS MO.    73
DPTR FM NORMAL    11    [PRESSURE DATA]
TOTAL FM JAN 1   639    HIGHEST SLP  0.00 ON 17
DPTR FM NORMAL   -31    LOWEST  SLP  0.00 ON 17

[REMARKS]
