000
CXUS51 KPBZ 240804
CF6HLG
PRELIMINARY LOCAL CLIMATOLOGICAL DATA (WS FORM: F-6)

                                          STATION:   WHEELING
                                          MONTH:     MARCH
                                          YEAR:      2017
                                          LATITUDE:   40 10 N
                                          LONGITUDE:  80 39 W

  TEMPERATURE IN F:       :PCPN:    SNOW:  WIND      :SUNSHINE: SKY     :PK WND
================================================================================
1   2   3   4   5  6A  6B    7    8   9   10  11  12  13   14  15   16   17  18
                                     12Z  AVG MX 2MIN
DY MAX MIN AVG DEP HDD CDD  WTR  SNW DPTH SPD SPD DIR MIN PSBL S-S WX    SPD DR
================================================================================

 1  60  39  50  15  15   0 1.29    M    M 15.4 37 260   M    M   9 138    56 240
 2  38  28  33  -2  32   0 0.02    M    0 13.9 40 280   M    M   9 1      55 270
 3  30  20  25 -11  40   0    T    M    0 10.8 30 300   M    M   6 18     39 330
 4  35  18  27  -9  38   0 0.00  0.0    0  7.6 16 340   M    M   0        21 260
 5  50  17  34  -2  31   0 0.00    M    M  8.7 14 100   M    M   1        18  60
 6  56  44  50  14  15   0 0.25    M    0 11.3 22 200   M    M   9 1      33 220
 7  59  40  50  13  15   0 0.53    M    0 15.4 22 310   M    M  10 1      39 300
 8  56  38  47  10  18   0    T    M    0 18.0 38 260   M    M   2        54 260
 9  60  35  48  10  17   0 0.01    M    0 10.7 18  30   M    M   4 1      24 220
10  35  21  28 -10  37   0 0.23    M    0 12.0 30 320   M    M   8 1268   38 320
11  27  16  22 -16  43   0 0.00  0.0    0  9.8 20 320   M    M   4        30 330
12  29  17  23 -15  42   0 0.00  0.0    0  5.7 15 280   M    M   6        18 280
13  43  18  31  -8  34   0 0.00    M    M  9.1 15 100   M    M   3        18  90
14  33  14  24 -15  41   0    T    M    M 15.3 29 300   M    M  10 18     39 300
15  28  13  21 -19  44   0 0.00  0.0    0 16.1 31 280   M    M   7 8      40 300
16  39  22  31  -9  34   0    T    M    0 11.2 23 290   M    M   6 8      32 280
17  40  23  32  -8  33   0 0.12    M    0  6.7 20 210   M    M   5 12     26 200
18  46  34  40  -1  25   0 0.01    M    M  9.5 23 290   M    M  10 128    32 290
19  39  34  37  -4  28   0 0.00    M    M  4.5 12 310   M    M  10 1      16 310
20  52  31  42   1  23   0 0.00  0.0    0  4.1 13 210   M    M   7 18     18 220
21  59  36  48   6  17   0 0.00  0.0    0  8.9 28 350   M    M   7        35 350
22  39  23  31 -11  34   0 0.00  0.0    0 13.0 23 350   M    M   4        29 350
23  51  16  34  -9  31   0 0.00  0.0    0  7.5 16  80   M    M   0        20  90
================================================================================
SM 1004  597       687   0  2.46     0.0 245.2          M      137
================================================================================
AV 43.7 26.0                              10.7 FASTST   M    M   6    MAX(MPH)
                                 MISC ---->  # 40 280               # 56  240
================================================================================
NOTES:
# LAST OF SEVERAL OCCURRENCES

COLUMN 17 PEAK WIND IN M.P.H.

PRELIMINARY LOCAL CLIMATOLOGICAL DATA (WS FORM: F-6) , PAGE 2

                                          STATION:  WHEELING
                                          MONTH:    MARCH
                                          YEAR:     2017
                                          LATITUDE:   40 10 N
                                          LONGITUDE:  80 39 W

[TEMPERATURE DATA]      [PRECIPITATION DATA]       SYMBOLS USED IN COLUMN 16

AVERAGE MONTHLY: 34.8   TOTAL FOR MONTH:   2.46    1 = FOG OR MIST
DPTR FM NORMAL:  -3.8   DPTR FM NORMAL:    0.25    2 = FOG REDUCING VISIBILITY
HIGHEST:    60 ON  9, 1 GRTST 24HR  1.29 ON  1- 1      TO 1/4 MILE OR LESS
LOWEST:     13 ON 15                               3 = THUNDER
                        SNOW, ICE PELLETS, HAIL    4 = ICE PELLETS
                        TOTAL MONTH:   0.0 INCH    5 = HAIL
                        GRTST 24HR     0.0         6 = FREEZING RAIN OR DRIZZLE
                        GRTST DEPTH:   0           7 = DUSTSTORM OR SANDSTORM:
                                                       VSBY 1/2 MILE OR LESS
                                                   8 = SMOKE OR HAZE
[NO. OF DAYS WITH]      [WEATHER - DAYS WITH]      9 = BLOWING SNOW
                                                   X = TORNADO
MAX 32 OR BELOW:   4    0.01 INCH OR MORE:   8
MAX 90 OR ABOVE:   0    0.10 INCH OR MORE:   5
MIN 32 OR BELOW:  15    0.50 INCH OR MORE:   2
MIN  0 OR BELOW:   0    1.00 INCH OR MORE:   1

[HDD (BASE 65) ]
TOTAL THIS MO.   687    CLEAR  (SCALE 0-3)   5
DPTR FM NORMAL    79    PTCLDY (SCALE 4-7)  11
TOTAL FM JUL 1  4043    CLOUDY (SCALE 8-10)  7
DPTR FM NORMAL  -732

[CDD (BASE 65) ]
TOTAL THIS MO.     0
DPTR FM NORMAL     0    [PRESSURE DATA]
TOTAL FM JAN 1     2    HIGHEST SLP M ON M
DPTR FM NORMAL     2    LOWEST  SLP 29.48 ON  1

[REMARKS]
