000
CXUS55 KFSD 270037
CF6HON
PRELIMINARY LOCAL CLIMATOLOGICAL DATA (WS FORM: F-6)

                                          STATION:   HURON
                                          MONTH:     DECEMBER
                                          YEAR:      2014
                                          LATITUDE:   44 22 N
                                          LONGITUDE:  98 13 W

  TEMPERATURE IN F:       :PCPN:    SNOW:  WIND      :SUNSHINE: SKY     :PK WND
================================================================================
1   2   3   4   5  6A  6B    7    8   9   10  11  12  13   14  15   16   17  18
                                     12Z  AVG MX 2MIN
DY MAX MIN AVG DEP HDD CDD  WTR  SNW DPTH SPD SPD DIR MIN PSBL S-S WX    SPD DR
================================================================================

 1  19  -7   6 -18  59   0 0.00  0.0    0 12.8 25 170   M    M   0        36 170
 2  37  15  26   2  39   0 0.00  0.0    0  7.6 23 180   M    M   3        33 160
 3  31  10  21  -2  44   0 0.00  0.0    0  9.7 21 320   M    M   0        26 310
 4  40  23  32   9  33   0 0.00  0.0    0 11.7 20 190   M    M   1        25 190
 5  38  13  26   4  39   0 0.00  0.0    0  8.4 17 350   M    M   1 1      21 350
 6  36   7  22   0  43   0 0.00  0.0    0 10.4 22 160   M    M   1 18     33 160
 7  48  30  39  18  26   0 0.00  0.0    0 15.6 29 290   M    M   6 18     36 160
 8  38  11  25   4  40   0 0.00  0.0    0 12.3 26 310   M    M   5 1      33 320
 9  26   7  17  -4  48   0 0.00  0.0    0  9.2 20 150   M    M   3 1      26 150
10  35  22  29   9  36   0 0.00  0.0    0 11.5 17 150   M    M   3 1      24 150
11  42  30  36  16  29   0 0.00  0.0    0 11.7 17 160   M    M   6 18     25 160
12  52  30  41  21  24   0 0.00  0.0    0 15.2 24 170   M    M   5 18     30 170
13  58  34  46  27  19   0 0.00  0.0    0 12.0 23 200   M    M   2 1      28 190
14  52  32  42  23  23   0 0.01  0.0    0 13.0 22 300   M    M  10 18     26 340
15  32  20  26   7  39   0 0.29  1.4    0 23.8 36 350   M    M  10 126    43 360
16  21   1  11  -8  54   0    T    T    1 10.8 26 350   M    M   3 1      33 360
17  15  -3   6 -12  59   0 0.00  0.0    1  3.2  8 160   M    M   4 1      11 160
18  27  14  21   3  44   0    T    T    1  7.7 14 170   M    M  10 1      17 160
19  30  27  29  11  36   0 0.00  0.0    1 12.0 18 180   M    M  10 1      24 180
20  30  24  27   9  38   0 0.00  0.0    1 10.2 17 170   M    M  10 12     24 170
21  37  30  34  16  31   0 0.00  0.0    1 11.6 18 160   M    M   9 1      25 150
22  37  29  33  15  32   0    T    T    1  6.4 15 170   M    M  10 12     19 180
23  34  28  31  14  34   0 0.09  0.5    1 16.7 25 340   M    M  10 1      32 350
24  29  24  27  10  38   0 0.00  0.0    0  9.5 20 330   M    M   8 1      23 330
25  31  24  28  11  37   0 0.27  2.8    1 10.7 23  10   M    M   9 16     29  10
================================================================================
SM  875  475       944   0  0.66     4.7 283.7          M      139
================================================================================
AV 35.0 19.0                              11.3 FASTST   M    M   6    MAX(MPH)
                                 MISC ---->  # 36 350               # 43  360
================================================================================
NOTES:
# LAST OF SEVERAL OCCURRENCES

COLUMN 17 PEAK WIND IN M.P.H.

PRELIMINARY LOCAL CLIMATOLOGICAL DATA (WS FORM: F-6) , PAGE 2

                                          STATION:  HURON
                                          MONTH:    DECEMBER
                                          YEAR:     2014
                                          LATITUDE:   44 22 N
                                          LONGITUDE:  98 13 W

[TEMPERATURE DATA]      [PRECIPITATION DATA]       SYMBOLS USED IN COLUMN 16

AVERAGE MONTHLY: 27.0   TOTAL FOR MONTH:   0.66    1 = FOG OR MIST
DPTR FM NORMAL:   7.2   DPTR FM NORMAL:    0.24    2 = FOG REDUCING VISIBILITY
HIGHEST:    58 ON 13    GRTST 24HR  0.30 ON 14-15      TO 1/4 MILE OR LESS
LOWEST:     -7 ON  1                               3 = THUNDER
                        SNOW, ICE PELLETS, HAIL    4 = ICE PELLETS
                        TOTAL MONTH:   4.7 INCHES  5 = HAIL
                        GRTST 24HR   2.8 ON   M    6 = FREEZING RAIN OR DRIZZLE
                        GRTST DEPTH:   1 ON 25,23  7 = DUSTSTORM OR SANDSTORM:
                                                       VSBY 1/2 MILE OR LESS
                                                   8 = SMOKE OR HAZE
[NO. OF DAYS WITH]      [WEATHER - DAYS WITH]      9 = BLOWING SNOW
                                                   X = TORNADO
MAX 32 OR BELOW:  11    0.01 INCH OR MORE:   4
MAX 90 OR ABOVE:   0    0.10 INCH OR MORE:   2
MIN 32 OR BELOW:  24    0.50 INCH OR MORE:   0
MIN  0 OR BELOW:   2    1.00 INCH OR MORE:   0

[HDD (BASE 65) ]
TOTAL THIS MO.   944    CLEAR  (SCALE 0-3)   9
DPTR FM NORMAL  -185    PTCLDY (SCALE 4-7)   7
TOTAL FM JUL 1  2801    CLOUDY (SCALE 8-10)  9
DPTR FM NORMAL   -30

[CDD (BASE 65) ]
TOTAL THIS MO.     0
DPTR FM NORMAL     0    [PRESSURE DATA]
TOTAL FM JAN 1   597    HIGHEST SLP M ON M
DPTR FM NORMAL  -145    LOWEST  SLP 29.44 ON 22

[REMARKS]
