000
CXUS55 KFSD 230905
CF6HON
PRELIMINARY LOCAL CLIMATOLOGICAL DATA (WS FORM: F-6)

                                          STATION:   HURON
                                          MONTH:     MAY
                                          YEAR:      2015
                                          LATITUDE:   44 22 N
                                          LONGITUDE:  98 13 W

  TEMPERATURE IN F:       :PCPN:    SNOW:  WIND      :SUNSHINE: SKY     :PK WND
================================================================================
1   2   3   4   5  6A  6B    7    8   9   10  11  12  13   14  15   16   17  18
                                     12Z  AVG MX 2MIN
DY MAX MIN AVG DEP HDD CDD  WTR  SNW DPTH SPD SPD DIR MIN PSBL S-S WX    SPD DR
================================================================================

 1  76  49  63  10   2   0    T  0.0    0  7.1 16 360   M    M   0 1      27 320
 2  85  48  67  13   0   2 0.00  0.0    0 10.9 24 220   M    M   0 18     30 210
 3  75  48  62   8   3   0 0.00  0.0    0 14.0 35  10   M    M   0 1      47  40
 4  75  31  53  -1  12   0 0.00  0.0    0  7.1 16  60   M    M   1        23  40
 5  77  42  60   5   5   0    T  0.0    0 10.4 23 160   M    M   2 1      30 160
 6  72  60  66  11   0   1 0.90  0.0    0 12.7 24 190   M    M   8 138    36 160
 7  69  49  59   4   6   0 0.18  0.0    0 13.6 26 320   M    M  10 18     31 320
 8  59  40  50  -6  15   0 0.00  0.0    0 10.2 20 360   M    M   5        24 340
 9  55  37  46 -10  19   0 0.04  0.0    0 14.7 28  20   M    M   9 1      34  20
10  62  43  53  -3  12   0 1.88  0.0    0 15.0 31  80   M    M   8 13     39  80
11  49  35  42 -15  23   0 0.01  0.0    0 19.3 31 340   M    M   8 1      40 330
12  66  30  48  -9  17   0 0.00  0.0    0 11.2 24 120   M    M   2        32 120
13  76  52  64   7   1   0 0.01  0.0    0 21.6 36 160   M    M   3        45 140
14  63  52  58   0   7   0 0.08  0.0    0  7.9 25 170   M    M  10 1      31 170
15  67  52  60   2   5   0    T  0.0    0  9.5 20 110   M    M   9 1      25 120
16  81  58  70  12   0   5 0.11  0.0    0 14.6 25 180   M    M   3 13     33 130
17  65  38  52  -6  13   0 1.24  0.0    0 20.2 44 300   M    M   9 18     53 320
18  51  35  43 -16  22   0 0.00  0.0    0 20.7 33 320   M    M  10        40 330
19  55  38  47 -12  18   0 0.00  0.0    0  7.9 15  40   M    M   5        21  40
20  63  42  53  -6  12   0 0.00  0.0    0  6.1 14  10   M    M   2 8      20 320
21  76  40  58  -2   7   0 0.00  0.0    0  9.2 22 290   M    M   2        29 300
22  75  42  59  -1   6   0 0.00  0.0    0  6.0 23 220   M    M   0        32 220
================================================================================
SM 1492  961       205   8  4.45     0.0 269.9          M      106
================================================================================
AV 67.8 43.7                              12.3 FASTST   M    M   5    MAX(MPH)
                                 MISC ---->  # 44 300               # 53  320
================================================================================
NOTES:
# LAST OF SEVERAL OCCURRENCES

COLUMN 17 PEAK WIND IN M.P.H.

PRELIMINARY LOCAL CLIMATOLOGICAL DATA (WS FORM: F-6) , PAGE 2

                                          STATION:  HURON
                                          MONTH:    MAY
                                          YEAR:     2015
                                          LATITUDE:   44 22 N
                                          LONGITUDE:  98 13 W

[TEMPERATURE DATA]      [PRECIPITATION DATA]       SYMBOLS USED IN COLUMN 16

AVERAGE MONTHLY: 55.8   TOTAL FOR MONTH:   4.45    1 = FOG OR MIST
DPTR FM NORMAL:  -1.0   DPTR FM NORMAL:    2.32    2 = FOG REDUCING VISIBILITY
HIGHEST:    85 ON  2    GRTST 24HR  1.92 ON  9-10      TO 1/4 MILE OR LESS
LOWEST:     30 ON 12                               3 = THUNDER
                        SNOW, ICE PELLETS, HAIL    4 = ICE PELLETS
                        TOTAL MONTH:   0.0 INCH    5 = HAIL
                        GRTST 24HR     0.0         6 = FREEZING RAIN OR DRIZZLE
                        GRTST DEPTH:   0           7 = DUSTSTORM OR SANDSTORM:
                                                       VSBY 1/2 MILE OR LESS
                                                   8 = SMOKE OR HAZE
[NO. OF DAYS WITH]      [WEATHER - DAYS WITH]      9 = BLOWING SNOW
                                                   X = TORNADO
MAX 32 OR BELOW:   0    0.01 INCH OR MORE:   9
MAX 90 OR ABOVE:   0    0.10 INCH OR MORE:   5
MIN 32 OR BELOW:   2    0.50 INCH OR MORE:   3
MIN  0 OR BELOW:   0    1.00 INCH OR MORE:   2

[HDD (BASE 65) ]
TOTAL THIS MO.   205    CLEAR  (SCALE 0-3)   9
DPTR FM NORMAL     6    PTCLDY (SCALE 4-7)   7
TOTAL FM JUL 1  7443    CLOUDY (SCALE 8-10)  6
DPTR FM NORMAL  -134

[CDD (BASE 65) ]
TOTAL THIS MO.     8
DPTR FM NORMAL   -11    [PRESSURE DATA]
TOTAL FM JAN 1    10    HIGHEST SLP M ON M
DPTR FM NORMAL   -13    LOWEST  SLP 29.47 ON 17

[REMARKS]
