000
CXUS54 KLZK 251130
CF6HOT
PRELIMINARY LOCAL CLIMATOLOGICAL DATA (WS FORM: F-6)

                                          STATION:   Hot Springs Memorial Field
                                          MONTH:     AUGUST
                                          YEAR:      2016
                                          LATITUDE:   34 28 N
                                          LONGITUDE:  93  6 W

  TEMPERATURE IN F:       :PCPN:    SNOW:  WIND      :SUNSHINE: SKY     :PK WND
================================================================================
1   2   3   4   5  6A  6B    7    8   9   10  11  12  13   14  15   16   17  18
                                     12Z  AVG MX 2MIN
DY MAX MIN AVG DEP HDD CDD  WTR  SNW DPTH SPD SPD DIR MIN PSBL S-S WX    SPD DR
================================================================================

 1  95  77  86   3   0  21    T  0.0    0  3.6 14 250   M    M   1        16 260
 2  97  73  85   2   0  20 0.00  0.0    0  4.1 12 240   M    M   0        15 240
 3  99  76  88   5   0  23 0.00  0.0    0  3.7 10 180   M    M   0        13 200
 4  99  76  88   5   0  23 0.00  0.0    0  3.7 18 130   M    M   2 3      26 130
 5 100  77  89   6   0  24 0.00  0.0    0  3.9 18  70   M    M   1 3      22  80
 6  90  78  84   1   0  19 0.00  0.0    0  4.4 17  60   M    M   2        22 360
 7  93  73  83   0   0  18 0.00  0.0    0  4.3 22  40   M    M   2 138    35  40
 8  84  73  79  -4   0  14 0.00  0.0    0  1.9  7  80   M    M   3 1       8 130
 9  95  75  85   2   0  20 0.00  0.0    0  2.0 17  10   M    M   1 138    26 360
10  94  74  84   1   0  19 0.00  0.0    0  1.8 10  70   M    M   2 1      13  70
11  97  76  87   4   0  22 0.00  0.0    0  2.1  9 140   M    M   1 1      13 160
12  94  77  86   3   0  21 0.67  0.0    0  1.9 21 350   M    M   0 138    34 350
13  80  74  77  -6   0  12 1.44  0.0    0  4.8 15  70   M    M   9 138    18  70
14  82  72  77  -6   0  12 0.26  0.0    0  4.8  9  60   M    M  10 13     13  90
15  77  71  74  -9   0   9 2.38  0.0    0  1.9 15 230   M    M   8 1      19 240
16  79  72  76  -7   0  11 0.08  0.0    0  3.4  9 140   M    M  10 1      13 140
17  81  72  77  -5   0  12 0.04  0.0    0  2.3  8 190   M    M   8 1      10 140
18  79  74  77  -5   0  12 0.28  0.0    0  3.3  9 190   M    M   9 1      12 190
19  86  73  80  -2   0  15 0.18  0.0    0  3.5 14 220   M    M   5 1      20 240
20  78  71  75  -7   0  10 1.93  0.0    0  2.6 10 120   M    M   7 1      13 240
21  85  68  77  -5   0  12 0.00  0.0    0  2.5 12  60   M    M   6        16  60
22  82  66  74  -8   0   9    T  0.0    0  4.0 12 110   M    M   5        15 120
23  90  72  81  -1   0  16 0.00  0.0    0  4.6 13 200   M    M   2        19 240
24  93  75  84   3   0  19 0.00  0.0    0  4.7 13 240   M    M   1        16 200
================================================================================
SM 2129 1765         0 393  7.26     0.0  79.8          M       95
================================================================================
AV 88.7 73.5                               3.3 FASTST   M    M   4    MAX(MPH)
                                 MISC ---->  # 22  40               # 35   40
================================================================================
NOTES:
# LAST OF SEVERAL OCCURRENCES

COLUMN 17 PEAK WIND IN M.P.H.

PRELIMINARY LOCAL CLIMATOLOGICAL DATA (WS FORM: F-6) , PAGE 2

                                          STATION:  Hot Springs Memorial Field
                                          MONTH:    AUGUST
                                          YEAR:     2016
                                          LATITUDE:   34 28 N
                                          LONGITUDE:  93  6 W

[TEMPERATURE DATA]      [PRECIPITATION DATA]       SYMBOLS USED IN COLUMN 16

AVERAGE MONTHLY: 81.1   TOTAL FOR MONTH:   7.26    1 = FOG OR MIST
DPTR FM NORMAL:  -1.5   DPTR FM NORMAL:    4.76    2 = FOG REDUCING VISIBILITY
HIGHEST:   100 ON  5    GRTST 24HR  2.62 ON 14-15      TO 1/4 MILE OR LESS
LOWEST:     66 ON 22                               3 = THUNDER
                        SNOW, ICE PELLETS, HAIL    4 = ICE PELLETS
                        TOTAL MONTH:   0.0 INCH    5 = HAIL
                        GRTST 24HR     0.0         6 = FREEZING RAIN OR DRIZZLE
                        GRTST DEPTH:   0           7 = DUSTSTORM OR SANDSTORM:
                                                       VSBY 1/2 MILE OR LESS
                                                   8 = SMOKE OR HAZE
[NO. OF DAYS WITH]      [WEATHER - DAYS WITH]      9 = BLOWING SNOW
                                                   X = TORNADO
MAX 32 OR BELOW:   0    0.01 INCH OR MORE:   9
MAX 90 OR ABOVE:  13    0.10 INCH OR MORE:   7
MIN 32 OR BELOW:   0    0.50 INCH OR MORE:   4
MIN  0 OR BELOW:   0    1.00 INCH OR MORE:   3

[HDD (BASE 65) ]
TOTAL THIS MO.     0    CLEAR  (SCALE 0-3)  14
DPTR FM NORMAL     0    PTCLDY (SCALE 4-7)   5
TOTAL FM JUL 1     0    CLOUDY (SCALE 8-10)  5
DPTR FM NORMAL     0

[CDD (BASE 65) ]
TOTAL THIS MO.   393
DPTR FM NORMAL   -30    [PRESSURE DATA]
TOTAL FM JAN 1  1685    HIGHEST SLP M ON M
DPTR FM NORMAL    36    LOWEST  SLP 29.72 ON 12

[REMARKS]
