000
CXUS54 KBRO 240900
CF6HRL
PRELIMINARY LOCAL CLIMATOLOGICAL DATA (WS FORM: F-6)

                                          STATION:   HARLINGEN
                                          MONTH:     JANUARY
                                          YEAR:      2018
                                          LATITUDE:   26 13 N
                                          LONGITUDE:  97 40 W

  TEMPERATURE IN F:       :PCPN:    SNOW:  WIND      :SUNSHINE: SKY     :PK WND
================================================================================
1   2   3   4   5  6A  6B    7    8   9   10  11  12  13   14  15   16   17  18
                                     12Z  AVG MX 2MIN
DY MAX MIN AVG DEP HDD CDD  WTR  SNW DPTH SPD SPD DIR MIN PSBL S-S WX    SPD DR
================================================================================

 1  44  34  39 -20  26   0 0.06    M    0 19.0 28 350   M    M  10 1      35 350
 2  38  31  35 -24  30   0 0.02  0.0    0 18.0 26 350   M    M  10 1      33 350
 3  53  32  43 -16  22   0    T  0.0    0 13.0 23 340   M    M   4 1      28 330
 4  64  30  47 -12  18   0 0.00  0.0    0  6.2 14  80   M    M   0        17 100
 5  70  45  58  -1   7   0 0.00  0.0    0  6.9 14  80   M    M   5        18  80
 6  77  50  64   5   1   0 0.00  0.0    0  7.5 18 110   M    M   8        22 120
 7  78  55  67   8   0   2 0.00  0.0    0 15.8 31 170   M    M   5        40 180
 8  77  45  61   1   4   0 0.00  0.0    0 10.2 23 330   M    M   0        28 320
 9  76  41  59  -1   6   0 0.00  0.0    0  6.3 12  70   M    M   0 1      14  90
10  80  42  61   1   4   0 0.00  0.0    0 11.9 25 160   M    M   6 12     30 150
11  84  56  70  10   0   5 0.00  0.0    0 17.0 40 350   M    M   4        53 340
12  69  40  55  -5  10   0 0.00  0.0    0 13.0 26 350   M    M   0 8      33 340
13  63  38  51  -9  14   0 0.00  0.0    0 10.2 20 360   M    M   0        22  30
14  72  35  54  -6  11   0 0.00  0.0    0  8.0 18 120   M    M   2        22 100
15  76  54  65   5   0   0 0.00  0.0    0 12.7 24 140   M    M   8        31 150
16  61  29  45 -15  20   0 0.03    T    0 16.3 32  20   M    M   9 16     40  30
17  39  29  34 -26  31   0 0.00  0.0    0 14.1 21  10   M    M  10        25 350
18  43  35  39 -21  26   0 0.03    M    0 13.5 21 340   M    M  10 18     24 320
19  52  40  46 -14  19   0 0.09    M    0  7.9 16 310   M    M  10 12     20 310
20  80  52  66   6   0   1 0.00  0.0    0  9.6 26 180   M    M   6 12     32 180
21  80  63  72  12   0   7    T  0.0    0 17.6 31 160   M    M   7 1      38 170
22  75  51  63   3   2   0 0.00  0.0    0 10.3 25  20   M    M   6 1      33 340
23  69  40  55  -6  10   0    T  0.0    0  8.5 20  60   M    M   4        24  50
================================================================================
SM 1520  967       261  15  0.23    T    273.5          M      124
================================================================================
AV 66.1 42.0                              11.9 FASTST   M    M   5    MAX(MPH)
                                 MISC ---->  # 40 350               # 53  340
================================================================================
NOTES:
# LAST OF SEVERAL OCCURRENCES

COLUMN 17 PEAK WIND IN M.P.H.

PRELIMINARY LOCAL CLIMATOLOGICAL DATA (WS FORM: F-6) , PAGE 2

                                          STATION:  HARLINGEN
                                          MONTH:    JANUARY
                                          YEAR:     2018
                                          LATITUDE:   26 13 N
                                          LONGITUDE:  97 40 W

[TEMPERATURE DATA]      [PRECIPITATION DATA]       SYMBOLS USED IN COLUMN 16

AVERAGE MONTHLY: 54.1   TOTAL FOR MONTH:   0.23    1 = FOG OR MIST
DPTR FM NORMAL:  -5.7   DPTR FM NORMAL:   -0.48    2 = FOG REDUCING VISIBILITY
HIGHEST:    84 ON 11    GRTST 24HR  0.09 ON 19-19      TO 1/4 MILE OR LESS
LOWEST:     29 ON 17,16                            3 = THUNDER
                        SNOW, ICE PELLETS, HAIL    4 = ICE PELLETS
                        TOTAL MONTH:    T          5 = HAIL
                        GRTST 24HR    T  ON 16-16  6 = FREEZING RAIN OR DRIZZLE
                        GRTST DEPTH:   0           7 = DUSTSTORM OR SANDSTORM:
                                                       VSBY 1/2 MILE OR LESS
                                                   8 = SMOKE OR HAZE
[NO. OF DAYS WITH]      [WEATHER - DAYS WITH]      9 = BLOWING SNOW
                                                   X = TORNADO
MAX 32 OR BELOW:   0    0.01 INCH OR MORE:   5
MAX 90 OR ABOVE:   0    0.10 INCH OR MORE:   0
MIN 32 OR BELOW:   5    0.50 INCH OR MORE:   0
MIN  0 OR BELOW:   0    1.00 INCH OR MORE:   0

[HDD (BASE 65) ]
TOTAL THIS MO.   261    CLEAR  (SCALE 0-3)   6
DPTR FM NORMAL   107    PTCLDY (SCALE 4-7)  10
TOTAL FM JUL 1   531    CLOUDY (SCALE 8-10)  7
DPTR FM NORMAL   129

[CDD (BASE 65) ]
TOTAL THIS MO.    15
DPTR FM NORMAL   -27    [PRESSURE DATA]
TOTAL FM JAN 1    15    HIGHEST SLP M ON M
DPTR FM NORMAL   -27    LOWEST  SLP 29.68 ON 11

[REMARKS]
