000
CXUS53 KGID 290730
CF6HSI
PRELIMINARY LOCAL CLIMATOLOGICAL DATA (WS FORM: F-6)

                                          STATION:   HASTINGS NE
                                          MONTH:     AUGUST
                                          YEAR:      2016
                                          LATITUDE:   40 35 N
                                          LONGITUDE:  98 26 W

  TEMPERATURE IN F:       :PCPN:    SNOW:  WIND      :SUNSHINE: SKY     :PK WND
================================================================================
1   2   3   4   5  6A  6B    7    8   9   10  11  12  13   14  15   16   17  18
                                     12Z  AVG MX 2MIN
DY MAX MIN AVG DEP HDD CDD  WTR  SNW DPTH SPD SPD DIR MIN PSBL S-S WX    SPD DR
================================================================================

 1  94  70  82   5   0  17 0.00  0.0    0 10.1 24 140   M    M   0        32 140
 2  89  70  80   3   0  15    T  0.0    0  9.5 22 120   M    M   2        33  40
 3  92  68  80   4   0  15 0.00  0.0    0 10.3 18 120   M    M   2 1      23 150
 4  90  65  78   2   0  13 0.41  0.0    0 10.1 24  20   M    M   3 13     30  20
 5  80  63  72  -4   0   7 0.00  0.0    0  6.0 15  50   M    M   6        19  40
 6  78  65  72  -4   0   7 0.00  0.0    0  7.6 15  80   M    M   9        22 100
 7  77  63  70  -6   0   5    T  0.0    0  8.6 17 130   M    M   9        24 140
 8  83  63  73  -3   0   8 0.00  0.0    0  7.2 15 150   M    M   7 1      22 120
 9  92  70  81   5   0  16 0.00  0.0    0  9.2 18 140   M    M   3 1      23 130
10  94  73  84   8   0  19 0.00  0.0    0 10.7 21 170   M    M   0        29 150
11  88  70  79   4   0  14    T  0.0    0  7.5 18 180   M    M   1        30 160
12  85  65  75   0   0  10 0.01  0.0    0  9.0 23 350   M    M   3 38     30 350
13  87  61  74  -1   0   9    T  0.0    0  5.2 13 340   M    M   1 3      16 350
14  86  63  75   0   0  10 0.03  0.0    0  7.0 15 130   M    M   2 3      19 150
15  87  64  76   1   0  11 0.00  0.0    0 11.4 18 140   M    M   0        25 170
16  87  65  76   2   0  11 0.00  0.0    0  5.4 15 140   M    M   0 1      20 130
17  93  60  77   3   0  12 0.00  0.0    0  7.3 17 130   M    M   0 18     22 160
18  94  66  80   6   0  15 0.00  0.0    0  9.9 18 200   M    M   0        24 200
19  75  62  69  -5   0   4 0.73  0.0    0  9.1 20 330   M    M   4 3      24 340
20  76  55  66  -8   0   1 0.00  0.0    0 10.7 22 340   M    M   2        27 330
21  83  50  67  -7   0   2 0.00  0.0    0  8.5 15 180   M    M   0        23 160
22  87  63  75   2   0  10 0.00  0.0    0 13.4 25 170   M    M   0        32 180
23  92  66  79   6   0  14    T  0.0    0  9.7 20 180   M    M   4        27 180
24  74  57  66  -7   0   1 0.01  0.0    0  6.6 15  20   M    M   1        23  40
25  78  57  68  -5   0   3 0.00  0.0    0  5.2 12  30   M    M   0        15  10
26  72  56  64  -8   1   0 0.05  0.0    0  6.1 14 130   M    M   5 1      18 110
27  85  57  71  -1   0   6 0.00  0.0    0  5.7 15 150   M    M   3 12     18 140
28  90  66  78   6   0  13 0.18  0.0    0  9.4 23 180   M    M   1 13     31 180
================================================================================
SM 2388 1773         1 268  1.42     0.0 236.4          M       68
================================================================================
AV 85.3 63.3                               8.4 FASTST   M    M   2    MAX(MPH)
                                 MISC ---->  # 25 170               # 33   40
================================================================================
NOTES:
# LAST OF SEVERAL OCCURRENCES

COLUMN 17 PEAK WIND IN M.P.H.

PRELIMINARY LOCAL CLIMATOLOGICAL DATA (WS FORM: F-6) , PAGE 2

                                          STATION:  HASTINGS NE
                                          MONTH:    AUGUST
                                          YEAR:     2016
                                          LATITUDE:   40 35 N
                                          LONGITUDE:  98 26 W

[TEMPERATURE DATA]      [PRECIPITATION DATA]       SYMBOLS USED IN COLUMN 16

AVERAGE MONTHLY: 74.3   TOTAL FOR MONTH:   1.42    1 = FOG OR MIST
DPTR FM NORMAL:  -0.3   DPTR FM NORMAL:   -1.47    2 = FOG REDUCING VISIBILITY
HIGHEST:    94 ON 18,10 GRTST 24HR  0.73 ON 19-19      TO 1/4 MILE OR LESS
LOWEST:     50 ON 21                               3 = THUNDER
                        SNOW, ICE PELLETS, HAIL    4 = ICE PELLETS
                        TOTAL MONTH:   0.0 INCH    5 = HAIL
                        GRTST 24HR     0.0         6 = FREEZING RAIN OR DRIZZLE
                        GRTST DEPTH:   0           7 = DUSTSTORM OR SANDSTORM:
                                                       VSBY 1/2 MILE OR LESS
                                                   8 = SMOKE OR HAZE
[NO. OF DAYS WITH]      [WEATHER - DAYS WITH]      9 = BLOWING SNOW
                                                   X = TORNADO
MAX 32 OR BELOW:   0    0.01 INCH OR MORE:   7
MAX 90 OR ABOVE:   9    0.10 INCH OR MORE:   3
MIN 32 OR BELOW:   0    0.50 INCH OR MORE:   1
MIN  0 OR BELOW:   0    1.00 INCH OR MORE:   0

[HDD (BASE 65) ]
TOTAL THIS MO.     1    CLEAR  (SCALE 0-3)  19
DPTR FM NORMAL     1    PTCLDY (SCALE 4-7)   7
TOTAL FM JUL 1     4    CLOUDY (SCALE 8-10)  2
DPTR FM NORMAL     3

[CDD (BASE 65) ]
TOTAL THIS MO.   268
DPTR FM NORMAL    -4    [PRESSURE DATA]
TOTAL FM JAN 1  1025    HIGHEST SLP M ON M
DPTR FM NORMAL    93    LOWEST  SLP 29.74 ON M

[REMARKS]
