000
CXUS54 KHUN 251015
CF6HSV
PRELIMINARY LOCAL CLIMATOLOGICAL DATA (WS FORM: F-6)

                                          STATION:   HUNTSVILLE
                                          MONTH:     FEBRUARY
                                          YEAR:      2017
                                          LATITUDE:   34 39 N
                                          LONGITUDE:  86 46 W

  TEMPERATURE IN F:       :PCPN:    SNOW:  WIND      :SUNSHINE: SKY     :PK WND
================================================================================
1   2   3   4   5  6A  6B    7    8   9   10  11  12  13   14  15   16   17  18
                                     12Z  AVG MX 2MIN
DY MAX MIN AVG DEP HDD CDD  WTR  SNW DPTH SPD SPD DIR MIN PSBL S-S WX    SPD DR
================================================================================

 1  69  46  58  15   7   0 0.00  0.0    0  6.2 17 240   M    M   4        23 240
 2  51  41  46   3  19   0 0.02  0.0    0 10.2 18  30   M    M   9        23  20
 3  47  30  39  -4  26   0 0.00  0.0    0 11.5 21  20   M    M   6        27 360
 4  52  23  38  -5  27   0 0.06  0.0    0  7.6 16 170   M    M   4        21 190
 5  52  44  48   5  17   0 0.17  0.0    0  5.3 12 210   M    M  10 1      14 200
 6  64  46  55  11  10   0 0.03  0.0    0  8.6 16 150   M    M   9 13     20 210
 7  64  55  60  16   5   0 0.14  0.0    0  9.0 23 180   M    M   8 13     29 170
 8  69  42  56  12   9   0 0.04  0.0    0  8.7 25 320   M    M   9 13     33 310
 9  48  33  41  -3  24   0 0.00  0.0    0 11.3 22 350   M    M   5        30 360
10  67  30  49   5  16   0 0.00  0.0    0  8.1 17 210   M    M   3        24 190
11  69  56  63  18   2   0 0.00  0.0    0 11.2 17 180   M    M   9        23 210
12  75  49  62  17   3   0    T  0.0    0 10.0 25 350   M    M   8        34 350
13  62  39  51   6  14   0 0.00  0.0    0  9.1 22  20   M    M   2        29  10
14  61  35  48   3  17   0 0.02  0.0    0  3.8 14 330   M    M   7        17 330
15  54  38  46   0  19   0 0.34  0.0    0 10.8 22  10   M    M   5 1      27 360
16  60  31  46   0  19   0 0.00  0.0    0  4.2 12 270   M    M   1        16 300
17  69  34  52   6  13   0 0.00  0.0    0  5.6 15 240   M    M   3        18 240
18  61  49  55   9  10   0 0.14  0.0    0  3.9  9 130   M    M   9 1      11 190
19  73  45  59  12   6   0 0.00  0.0    0  1.9  9 130   M    M   4 12     13 280
20  76  48  62  15   3   0 0.00  0.0    0  7.0 17 110   M    M   6        20 110
21  65  58  62  15   3   0 0.06  0.0    0  9.9 23 150   M    M   8        27 140
22  71  57  64  16   1   0    T  0.0    0  6.5 17 110   M    M   7        23 130
23  75  53  64  16   1   0 0.00  0.0    0  7.9 15 170   M    M   3 1      20 170
24  81  57  69  21   0   4 0.06  0.0    0 12.3 24 180   M    M   4 38     30 180
================================================================================
SM 1535 1039       271   4  1.08     0.0 190.6          M      143
================================================================================
AV 64.0 43.3                               7.9 FASTST   M    M   6    MAX(MPH)
                                 MISC ---->  # 25 320               # 34  350
================================================================================
NOTES:
# LAST OF SEVERAL OCCURRENCES

COLUMN 17 PEAK WIND IN M.P.H.

PRELIMINARY LOCAL CLIMATOLOGICAL DATA (WS FORM: F-6) , PAGE 2

                                          STATION:  HUNTSVILLE
                                          MONTH:    FEBRUARY
                                          YEAR:     2017
                                          LATITUDE:   34 39 N
                                          LONGITUDE:  86 46 W

[TEMPERATURE DATA]      [PRECIPITATION DATA]       SYMBOLS USED IN COLUMN 16

AVERAGE MONTHLY: 53.6   TOTAL FOR MONTH:   1.08    1 = FOG OR MIST
DPTR FM NORMAL:   8.5   DPTR FM NORMAL:   -3.05    2 = FOG REDUCING VISIBILITY
HIGHEST:    81 ON 24    GRTST 24HR  0.36 ON 14-15      TO 1/4 MILE OR LESS
LOWEST:     23 ON  4                               3 = THUNDER
                        SNOW, ICE PELLETS, HAIL    4 = ICE PELLETS
                        TOTAL MONTH:   0.0 INCH    5 = HAIL
                        GRTST 24HR     0.0         6 = FREEZING RAIN OR DRIZZLE
                        GRTST DEPTH:   0           7 = DUSTSTORM OR SANDSTORM:
                                                       VSBY 1/2 MILE OR LESS
                                                   8 = SMOKE OR HAZE
[NO. OF DAYS WITH]      [WEATHER - DAYS WITH]      9 = BLOWING SNOW
                                                   X = TORNADO
MAX 32 OR BELOW:   0    0.01 INCH OR MORE:  11
MAX 90 OR ABOVE:   0    0.10 INCH OR MORE:   4
MIN 32 OR BELOW:   4    0.50 INCH OR MORE:   0
MIN  0 OR BELOW:   0    1.00 INCH OR MORE:   0

[HDD (BASE 65) ]
TOTAL THIS MO.   271    CLEAR  (SCALE 0-3)   3
DPTR FM NORMAL  -206    PTCLDY (SCALE 4-7)  14
TOTAL FM JUL 1  1516    CLOUDY (SCALE 8-10)  7
DPTR FM NORMAL  -871

[CDD (BASE 65) ]
TOTAL THIS MO.     4
DPTR FM NORMAL     4    [PRESSURE DATA]
TOTAL FM JAN 1     5    HIGHEST SLP M ON M
DPTR FM NORMAL     5    LOWEST  SLP 29.67 ON M

[REMARKS]
