000
CXUS53 KAPX 260631
CF6HTL
PRELIMINARY LOCAL CLIMATOLOGICAL DATA (WS FORM: F-6)

                                          STATION:   HOUGHTON LAKE MI
                                          MONTH:     FEBRUARY
                                          YEAR:      2017
                                          LATITUDE:   44 22 N
                                          LONGITUDE:  84 41 W

  TEMPERATURE IN F:       :PCPN:    SNOW:  WIND      :SUNSHINE: SKY     :PK WND
================================================================================
1   2   3   4   5  6A  6B    7    8   9   10  11  12  13   14  15   16   17  18
                                     12Z  AVG MX 2MIN
DY MAX MIN AVG DEP HDD CDD  WTR  SNW DPTH SPD SPD DIR MIN PSBL S-S WX    SPD DR
================================================================================

 1  29  18  24   6  41   0 0.01  0.2    9  8.8 20 300   M    M   8 1      26 280
 2  19  11  15  -3  50   0    T    T    9 13.6 24 280   M    M   9 8      33 280
 3  15   6  11  -7  54   0    T    T    9 11.0 23 290   M    M   8 8      31 280
 4  27   4  16  -2  49   0    T    T    9  8.4 16 220   M    M   5        24 220
 5  29   9  19   1  46   0    T    T    9  9.6 21 310   M    M   8 8      29 320
 6  34  10  22   4  43   0 0.00  0.0    9  3.9 13  90   M    M  10        16  90
 7  33  28  31  13  34   0 0.43    T    9 11.5 25 310   M    M  10 16     34 290
 8  28  14  21   2  44   0    T    T    7 10.4 25 310   M    M  10 18     35 310
 9  15   8  12  -7  53   0    T    T    7 11.2 21 280   M    M   9 18     27 280
10  31   7  19   0  46   0 0.05  0.4    7  9.8 21 180   M    M   5 18     30 180
11  39  27  33  14  32   0 0.00  0.0    7  3.3 10 120   M    M   6 1      13 120
12  35  25  30  11  35   0 0.15  1.2    7 11.7 29 300   M    M  10 18     39 300
13  38  16  27   8  38   0    T    T    8  8.3 18 310   M    M   3        28 310
14  39  22  31  11  34   0 0.02  0.5    8 10.7 23 310   M    M   4 1      32 260
15  28  21  25   5  40   0    T    T    9 15.5 26 320   M    M   9 8      39 320
16  28   7  18  -2  47   0    T    T    9  3.8 13 330   M    M   2        18 350
17  43  23  33  13  32   0 0.00  0.0    9  7.0 13 150   M    M   1        16 150
18  53  32  43  23  22   0 0.00  0.0    8  7.0 14 280   M    M   0        18 280
19  52  28  40  19  25   0 0.00  0.0    6  4.2 12 280   M    M   0        16 290
20  49  24  37  16  28   0 0.00  0.0    5  8.2 20 120   M    M   0        24 110
21  54  33  44  23  21   0 0.15  0.0    4  7.0 14 160   M    M   6 12     20 150
22  58  30  44  22  21   0 0.00  0.0    T  5.4 14 180   M    M   8 12     18 180
23  54  32  43  21  22   0 0.02  0.0    T  9.5 17 310   M    M   8 1      23 300
24  34  28  31   9  34   0 1.12  1.0    1 10.7 21  80   M    M  10 136    25  70
25  34  22  28   6  37   0 0.03  0.7    T 13.3 22 300   M    M  10 18     29 270
================================================================================
SM  898  485       928   0  1.98     4.0 223.8          M      159
================================================================================
AV 35.9 19.4                               9.0 FASTST   M    M   6    MAX(MPH)
                                 MISC ---->  # 29 300               # 39  300
================================================================================
NOTES:
# LAST OF SEVERAL OCCURRENCES

COLUMN 17 PEAK WIND IN M.P.H.

PRELIMINARY LOCAL CLIMATOLOGICAL DATA (WS FORM: F-6) , PAGE 2

                                          STATION:  HOUGHTON LAKE MI
                                          MONTH:    FEBRUARY
                                          YEAR:     2017
                                          LATITUDE:   44 22 N
                                          LONGITUDE:  84 41 W

[TEMPERATURE DATA]      [PRECIPITATION DATA]       SYMBOLS USED IN COLUMN 16

AVERAGE MONTHLY: 27.7   TOTAL FOR MONTH:   1.98    1 = FOG OR MIST
DPTR FM NORMAL:   8.0   DPTR FM NORMAL:    0.93    2 = FOG REDUCING VISIBILITY
HIGHEST:    58 ON 22    GRTST 24HR  1.14 ON 23-24      TO 1/4 MILE OR LESS
LOWEST:      4 ON  4                               3 = THUNDER
                        SNOW, ICE PELLETS, HAIL    4 = ICE PELLETS
                        TOTAL MONTH:   4.0 INCHES  5 = HAIL
                        GRTST 24HR   1.2 ON   M    6 = FREEZING RAIN OR DRIZZLE
                        GRTST DEPTH:   9 ON 17,16  7 = DUSTSTORM OR SANDSTORM:
                                                       VSBY 1/2 MILE OR LESS
                                                   8 = SMOKE OR HAZE
[NO. OF DAYS WITH]      [WEATHER - DAYS WITH]      9 = BLOWING SNOW
                                                   X = TORNADO
MAX 32 OR BELOW:  10    0.01 INCH OR MORE:   9
MAX 90 OR ABOVE:   0    0.10 INCH OR MORE:   4
MIN 32 OR BELOW:  24    0.50 INCH OR MORE:   1
MIN  0 OR BELOW:   0    1.00 INCH OR MORE:   1

[HDD (BASE 65) ]
TOTAL THIS MO.   928    CLEAR  (SCALE 0-3)   5
DPTR FM NORMAL  -207    PTCLDY (SCALE 4-7)   9
TOTAL FM JUL 1  4750    CLOUDY (SCALE 8-10) 11
DPTR FM NORMAL  -997

[CDD (BASE 65) ]
TOTAL THIS MO.     0
DPTR FM NORMAL     0    [PRESSURE DATA]
TOTAL FM JAN 1     0    HIGHEST SLP M ON M
DPTR FM NORMAL     0    LOWEST  SLP 29.28 ON  7

[REMARKS]
