000
CXUS51 KRLX 171200
CF6HTS
PRELIMINARY LOCAL CLIMATOLOGICAL DATA (WS FORM: F-6)

                                          STATION:   HUNTINGTON WV
                                          MONTH:     DECEMBER
                                          YEAR:      2017
                                          LATITUDE:   38 22 N
                                          LONGITUDE:  82 33 W

  TEMPERATURE IN F:       :PCPN:    SNOW:  WIND      :SUNSHINE: SKY     :PK WND
================================================================================
1   2   3   4   5  6A  6B    7    8   9   10  11  12  13   14  15   16   17  18
                                     12Z  AVG MX 2MIN
DY MAX MIN AVG DEP HDD CDD  WTR  SNW DPTH SPD SPD DIR MIN PSBL S-S WX    SPD DR
================================================================================

 1  54  30  42   1  23   0 0.00  0.0    0  1.9  9  10   M    M   3 128    11  50
 2  54  30  42   1  23   0 0.00  0.0    0  1.7  7 360   M    M   1 1       9 360
 3  59  30  45   5  20   0 0.00  0.0    0  1.5  7  90   M    M   1 1       9  30
 4  67  29  48   8  17   0 0.00  0.0    0  5.0 15 180   M    M   0        22 160
 5  60  35  48   8  17   0 0.57  0.0    0 10.0 18 270   M    M   7 1      27 260
 6  42  31  37  -2  28   0 0.00  0.0    0  6.5 14 220   M    M   0        20 210
 7  43  26  35  -4  30   0    T    M    0  6.4 18 260   M    M   4        26 250
 8  30  24  27 -12  38   0 0.00  0.0    0  1.9  7 180   M    M   4        10 310
 9  38  24  31  -7  34   0 0.01    M    0  6.9 17 250   M    M   4        26 260
10  37  28  33  -5  32   0    T    T    0  8.7 16 260   M    M   7        25 270
11  50  26  38   0  27   0 0.00  0.0    0  5.5 14 190   M    M   1        20 190
12  49  23  36  -2  29   0 0.03    T    0 11.3 24 300   M    M   9 18     35 300
13  45  17  31  -6  34   0    T    T    T  7.9 20 230   M    M   5        27 220
14  47  26  37   0  28   0 0.00  0.0    0  8.4 22 270   M    M   9        36 260
15  34  23  29  -8  36   0    T    T    0  5.7 17 260   M    M   9        24 250
16  51  31  41   4  24   0 0.00  0.0    0  8.5 17 220   M    M   3        23 220
================================================================================
SM  760  433       440   0  0.61    T     97.8          M       67
================================================================================
AV 47.5 27.1                               6.1 FASTST   M    M   4    MAX(MPH)
                                 MISC ---->  # 24 300               # 36  260
================================================================================
NOTES:
# LAST OF SEVERAL OCCURRENCES

COLUMN 17 PEAK WIND IN M.P.H.

PRELIMINARY LOCAL CLIMATOLOGICAL DATA (WS FORM: F-6) , PAGE 2

                                          STATION:  HUNTINGTON WV
                                          MONTH:    DECEMBER
                                          YEAR:     2017
                                          LATITUDE:   38 22 N
                                          LONGITUDE:  82 33 W

[TEMPERATURE DATA]      [PRECIPITATION DATA]       SYMBOLS USED IN COLUMN 16

AVERAGE MONTHLY: 37.3   TOTAL FOR MONTH:   0.61    1 = FOG OR MIST
DPTR FM NORMAL:  -1.4   DPTR FM NORMAL:   -1.15    2 = FOG REDUCING VISIBILITY
HIGHEST:    67 ON  4    GRTST 24HR  0.57 ON  5- 5      TO 1/4 MILE OR LESS
LOWEST:     17 ON 13                               3 = THUNDER
                        SNOW, ICE PELLETS, HAIL    4 = ICE PELLETS
                        TOTAL MONTH:    T          5 = HAIL
                        GRTST 24HR    T  ON 15-15  6 = FREEZING RAIN OR DRIZZLE
                        GRTST DEPTH:   T           7 = DUSTSTORM OR SANDSTORM:
                                                       VSBY 1/2 MILE OR LESS
                                                   8 = SMOKE OR HAZE
[NO. OF DAYS WITH]      [WEATHER - DAYS WITH]      9 = BLOWING SNOW
                                                   X = TORNADO
MAX 32 OR BELOW:   1    0.01 INCH OR MORE:   3
MAX 90 OR ABOVE:   0    0.10 INCH OR MORE:   1
MIN 32 OR BELOW:  15    0.50 INCH OR MORE:   1
MIN  0 OR BELOW:   0    1.00 INCH OR MORE:   0

[HDD (BASE 65) ]
TOTAL THIS MO.   440    CLEAR  (SCALE 0-3)   7
DPTR FM NORMAL    19    PTCLDY (SCALE 4-7)   6
TOTAL FM JUL 1  1212    CLOUDY (SCALE 8-10)  3
DPTR FM NORMAL   -96

[CDD (BASE 65) ]
TOTAL THIS MO.     0
DPTR FM NORMAL     0    [PRESSURE DATA]
TOTAL FM JAN 1  1191    HIGHEST SLP M ON M
DPTR FM NORMAL    57    LOWEST  SLP 29.52 ON M

[REMARKS]
