000
CXUS53 KIND 200730
CF6HUF
PRELIMINARY LOCAL CLIMATOLOGICAL DATA (WS FORM: F-6)

                                          STATION:   TERRE HAUTE IN
                                          MONTH:     SEPTEMBER
                                          YEAR:      2017
                                          LATITUDE:   39 27 N
                                          LONGITUDE:  87 18 W

  TEMPERATURE IN F:       :PCPN:    SNOW:  WIND      :SUNSHINE: SKY     :PK WND
================================================================================
1   2   3   4   5  6A  6B    7    8   9   10  11  12  13   14  15   16   17  18
                                     12Z  AVG MX 2MIN
DY MAX MIN AVG DEP HDD CDD  WTR  SNW DPTH SPD SPD DIR MIN PSBL S-S WX    SPD DR
================================================================================

 1  66  58  62  -9   3   0 0.00    M    M 12.1 22  60   M    M   2        30  60
 2  77  50  64  -7   1   0 0.00    M    M  5.2 14 340   M    M   0        20 360
 3  84  53  69  -1   0   4 0.00    M    M  2.3  9 270   M    M   3        13 280
 4  91  52  72   2   0   7    T    M    M  8.6 22 210   M    M   2 123    30 220
 5  74  57  66  -4   0   1 0.00    M    M  8.4 18 300   M    M   3        25 300
 6  68  43  56 -14   9   0    T    M    M  4.0 13 310   M    M   4        17 320
 7  72  41  57 -12   8   0 0.00    M    M  4.3 15 260   M    M   3 1      23 270
 8  79  43  61  -8   4   0 0.00    M    M  1.7 10 240   M    M   0        14 230
 9  79  46  63  -6   2   0 0.00    M    M  5.2 15  70   M    M   0 1      23  80
10  76  44  60  -8   5   0 0.00    M    M  6.5 16  50   M    M   0        22  60
11  75  43  59  -9   6   0 0.00    M    M  5.9 15  80   M    M   0        20  60
12  75  56  66  -2   0   1    T    M    M  9.2 22  60   M    M   4        27  60
13  72  62  67   0   0   2 0.04    M    M  3.9  9 150   M    M  10 1      13  90
14  78  59  69   2   0   4 0.00    M    M  2.6  7 220   M    M   6 1      10 220
15  87  56  72   6   0   7 0.00    M    M  3.5 10 220   M    M   0 1      15 210
16  89  55  72   6   0   7 0.00    M    M  3.0 10 210   M    M   2 12     15 210
17  89  60  75   9   0  10 0.10    M    M  5.7 17 230   M    M   4 13     23 240
18  87  68  78  13   0  13    T    M    M  3.8 18 150   M    M   5 1      27 160
19  85  64  75  10   0  10 0.17    M    M  4.1 13 240   M    M   5 13     16 230
================================================================================
SM 1503 1010        38  66  0.31    M    100.0          M       53
================================================================================
AV 79.1 53.2                               5.3 FASTST   M    M   3    MAX(MPH)
                                 MISC ---->  # 22  60               # 30   60
================================================================================
NOTES:
# LAST OF SEVERAL OCCURRENCES

COLUMN 17 PEAK WIND IN M.P.H.

PRELIMINARY LOCAL CLIMATOLOGICAL DATA (WS FORM: F-6) , PAGE 2

                                          STATION:  TERRE HAUTE IN
                                          MONTH:    SEPTEMBER
                                          YEAR:     2017
                                          LATITUDE:   39 27 N
                                          LONGITUDE:  87 18 W

[TEMPERATURE DATA]      [PRECIPITATION DATA]       SYMBOLS USED IN COLUMN 16

AVERAGE MONTHLY: 66.1   TOTAL FOR MONTH:   0.31    1 = FOG OR MIST
DPTR FM NORMAL:  -2.0   DPTR FM NORMAL:   -2.01    2 = FOG REDUCING VISIBILITY
HIGHEST:    91 ON  4    GRTST 24HR  0.17 ON 19-19      TO 1/4 MILE OR LESS
LOWEST:     41 ON  7                               3 = THUNDER
                        SNOW, ICE PELLETS, HAIL    4 = ICE PELLETS
                        TOTAL MONTH:    M          5 = HAIL
                        GRTST 24HR    M  ON   M    6 = FREEZING RAIN OR DRIZZLE
                        GRTST DEPTH:  M  ON   M    7 = DUSTSTORM OR SANDSTORM:
                                                       VSBY 1/2 MILE OR LESS
                                                   8 = SMOKE OR HAZE
[NO. OF DAYS WITH]      [WEATHER - DAYS WITH]      9 = BLOWING SNOW
                                                   X = TORNADO
MAX 32 OR BELOW:   0    0.01 INCH OR MORE:   3
MAX 90 OR ABOVE:   1    0.10 INCH OR MORE:   2
MIN 32 OR BELOW:   0    0.50 INCH OR MORE:   0
MIN  0 OR BELOW:   0    1.00 INCH OR MORE:   0

[HDD (BASE 65) ]
TOTAL THIS MO.    38    CLEAR  (SCALE 0-3)  11
DPTR FM NORMAL    17    PTCLDY (SCALE 4-7)   7
TOTAL FM JUL 1    38    CLOUDY (SCALE 8-10)  1
DPTR FM NORMAL    12

[CDD (BASE 65) ]
TOTAL THIS MO.    66
DPTR FM NORMAL   -13    [PRESSURE DATA]
TOTAL FM JAN 1   976    HIGHEST SLP M ON M
DPTR FM NORMAL    18    LOWEST  SLP 29.71 ON  4

[REMARKS]
