677
CXUS56 KMTR 261000
CF6HWD
PRELIMINARY LOCAL CLIMATOLOGICAL DATA (WS FORM: F-6)

                                          STATION:   HAYWARD AIRPORT
                                          MONTH:     SEPTEMBER
                                          YEAR:      2016
                                          LATITUDE:   37 39 N
                                          LONGITUDE: 122  7 W

  TEMPERATURE IN F:       :PCPN:    SNOW:  WIND      :SUNSHINE: SKY     :PK WND
================================================================================
1   2   3   4   5  6A  6B    7    8   9   10  11  12  13   14  15   16   17  18
                                     12Z  AVG MX 2MIN
DY MAX MIN AVG DEP HDD CDD  WTR  SNW DPTH SPD SPD DIR MIN PSBL S-S WX    SPD DR
================================================================================

 1  68  60  64  -3   1   0 0.00  0.0    0  8.5 17 300   M    M   7        26 230
 2  73  56  65  -2   0   0 0.00  0.0    0  8.2 17 270   M    M   1        23 280
 3  66  58  62  -5   3   0 0.00  0.0    0  9.7 20 290   M    M   6        25 290
 4  68  56  62  -5   3   0 0.00  0.0    0  9.2 17 270   M    M   3        21 270
 5  77  52  65  -2   0   0 0.00  0.0    0  6.2 18 300   M    M   0 8      20 290
 6  85  54  70   3   0   5 0.00  0.0    0  5.1 18 280   M    M   0        27 230
 7  90  59  75   8   0  10 0.00  0.0    0  5.6 16 290   M    M   0        23 240
 8  75  59  67   0   0   2 0.00  0.0    0  7.6 20 310   M    M   2        23 310
 9  73  57  65  -2   0   0 0.00  0.0    0  7.8 17 290   M    M   4 8      20 290
10  73  58  66  -1   0   1 0.00  0.0    0  9.0 17 290   M    M   4         M  M
11  71  59  65  -2   0   0 0.00  0.0    0  9.8 20 310   M    M   7        25 300
12  68  58  63  -4   2   0 0.00  0.0    0 11.2 23 290   M    M   6        28 290
13  75  55  65  -2   0   0 0.00  0.0    0  7.4 16 150   M    M   3        23 190
14  76  55  66  -1   0   1 0.00  0.0    0  6.8 18 300   M    M   0         M  M
15  71  56  64  -2   1   0 0.00  0.0    0  6.3 17 290   M    M   4 8      21 290
16  75  56  66   0   0   1 0.00  0.0    0  6.7 15 290   M    M   4        17 290
17  78  55  67   1   0   2 0.00  0.0    0  4.5 13 280   M    M   3 18     19 240
18  89  57  73   7   0   8 0.00  0.0    0  3.1 13 290   M    M   0        15 290
19  94  63  79  13   0  14 0.00  0.0    0  5.2 16 310   M    M   0        25 220
20  79  58  69   3   0   4 0.00  0.0    0  8.0 15 290   M    M   0        17 290
21  68  56  62  -4   3   0 0.00  0.0    0 12.8 23 290   M    M   0        29 290
22  69  56  63  -3   2   0 0.00  0.0    0 12.1 23 290   M    M   1        41 250
23  76  52  64  -2   1   0 0.00  0.0    0  6.3 18 290   M    M   0        23 280
24  82  57  70   4   0   5 0.00  0.0    0  4.5 15 280   M    M   0         M  M
25  94  59  77  11   0  12 0.00  0.0    0  4.8 12 280   M    M   0        24 100
================================================================================
SM 1913 1421        16  65  0.00     0.0 186.4          M       55
================================================================================
AV 76.5 56.8                               7.5 FASTST   M    M   2    MAX(MPH)
                                 MISC ---->  # 23 290                10000  M
================================================================================
NOTES:
# LAST OF SEVERAL OCCURRENCES

COLUMN 17 PEAK WIND IN M.P.H.

PRELIMINARY LOCAL CLIMATOLOGICAL DATA (WS FORM: F-6) , PAGE 2

                                          STATION:  HAYWARD AIRPORT
                                          MONTH:    SEPTEMBER
                                          YEAR:     2016
                                          LATITUDE:   37 39 N
                                          LONGITUDE: 122  7 W

[TEMPERATURE DATA]      [PRECIPITATION DATA]       SYMBOLS USED IN COLUMN 16

AVERAGE MONTHLY: 66.7   TOTAL FOR MONTH:   0.00    1 = FOG OR MIST
DPTR FM NORMAL:   0.1   DPTR FM NORMAL:   -0.20    2 = FOG REDUCING VISIBILITY
HIGHEST:    94 ON 25,19 GRTST 24HR  0.00 ON 25-25      TO 1/4 MILE OR LESS
LOWEST:     52 ON 23, 5                            3 = THUNDER
                        SNOW, ICE PELLETS, HAIL    4 = ICE PELLETS
                        TOTAL MONTH:   0.0 INCH    5 = HAIL
                        GRTST 24HR     0.0         6 = FREEZING RAIN OR DRIZZLE
                        GRTST DEPTH:   0           7 = DUSTSTORM OR SANDSTORM:
                                                       VSBY 1/2 MILE OR LESS
                                                   8 = SMOKE OR HAZE
[NO. OF DAYS WITH]      [WEATHER - DAYS WITH]      9 = BLOWING SNOW
                                                   X = TORNADO
MAX 32 OR BELOW:   0    0.01 INCH OR MORE:   0
MAX 90 OR ABOVE:   3    0.10 INCH OR MORE:   0
MIN 32 OR BELOW:   0    0.50 INCH OR MORE:   0
MIN  0 OR BELOW:   0    1.00 INCH OR MORE:   0

[HDD (BASE 65) ]
TOTAL THIS MO.    16    CLEAR  (SCALE 0-3)  17
DPTR FM NORMAL   -12    PTCLDY (SCALE 4-7)   8
TOTAL FM JUL 1    36    CLOUDY (SCALE 8-10)  0
DPTR FM NORMAL   -59

[CDD (BASE 65) ]
TOTAL THIS MO.    65
DPTR FM NORMAL    -1    [PRESSURE DATA]
TOTAL FM JAN 1   298    HIGHEST SLP M ON M
DPTR FM NORMAL    42    LOWEST  SLP 29.81 ON M

[REMARKS]
