000
CXUS54 KHGX 301415
CF6IAH
PRELIMINARY LOCAL CLIMATOLOGICAL DATA (WS FORM: F-6)

                                          STATION:   HOUSTON INTERCONTINENTAL
                                          MONTH:     MAY
                                          YEAR:      2015
                                          LATITUDE:   29 58 N
                                          LONGITUDE:  95 21 W

  TEMPERATURE IN F:       :PCPN:    SNOW:  WIND      :SUNSHINE: SKY     :PK WND
================================================================================
1   2   3   4   5  6A  6B    7    8   9   10  11  12  13   14  15   16   17  18
                                     12Z  AVG MX 2MIN
DY MAX MIN AVG DEP HDD CDD  WTR  SNW DPTH SPD SPD DIR MIN PSBL S-S WX    SPD DR
================================================================================

 1  84  57  71  -2   0   6 0.00  0.0    0  3.1  9  40   M    M   3        14  30
 2  83  57  70  -4   0   5 0.00  0.0    0  4.1 18 140   M    M   3        23 140
 3  83  57  70  -4   0   5 0.00  0.0    0  7.7 22 150   M    M   5        26 130
 4  84  61  73  -1   0   8 0.00  0.0    0  7.5 21 140   M    M   3        25 150
 5  82  63  73  -1   0   8 0.13  0.0    0 14.8 31 130   M    M   7 1      39 150
 6  83  73  78   3   0  13 0.41  0.0    0 13.3 24 140   M    M   8 1      29 140
 7  85  74  80   5   0  15    T  0.0    0 13.1 25 150   M    M   8        30 150
 8  85  77  81   6   0  16    T  0.0    0 12.2 23 150   M    M   9        29 140
 9  87  76  82   7   0  17    T  0.0    0 14.5 31 150   M    M   8        36 150
10  87  77  82   6   0  17 0.03  0.0    0 15.3 29 150   M    M   8 1      37 150
11  80  69  75  -1   0  10 0.28  0.0    0  8.7 15  40   M    M   9 18     24  70
12  79  69  74  -2   0   9 0.56  0.0    0  6.7 15  60   M    M  10 1      17 100
13  81  68  75  -1   0  10 1.55  0.0    0  7.9 22 140   M    M  10 13     26 140
14  87  72  80   3   0  15 0.05  0.0    0  7.0 18 130   M    M   8 13     24 130
15  84  73  79   2   0  14 0.15  0.0    0  6.3 24 140   M    M   9 3      29 140
16  89  73  81   4   0  16 0.00  0.0    0 11.2 23 160   M    M   7 1      30 150
17  85  71  78   1   0  13 0.98  0.0    0  7.7 22  70   M    M   7 123    25 160
18  86  73  80   2   0  15 0.24  0.0    0  7.3 21  90   M    M   8 13     25  80
19  86  73  80   2   0  15 0.02  0.0    0  8.8 20 150   M    M   8 13     23 140
20  89  73  81   3   0  16 0.31  0.0    0  4.8 21  20   M    M   6 138    28  20
21  82  71  77  -1   0  12 1.08  0.0    0  5.3 24 330   M    M   9 13     30 340
22  79  65  72  -6   0   7 0.00  0.0    0 10.2 15 100   M    M   9 1      21 120
23  85  73  79   0   0  14 0.72  0.0    0  9.1 21 150   M    M   7 138    28 140
24  81  69  75  -4   0  10 0.56  0.0    0  9.3 25 190   M    M   8 13     38 190
25  88  66  77  -2   0  12 4.34  0.0    0 11.4 26 350   M    M   7 13     35 140
26  85  66  76  -3   0  11 0.77  0.0    0 11.2 24 150   M    M   8 38     31 150
27  86  65  76  -4   0  11 1.41  0.0    0  6.7 29  40   M    M   7 13     37  40
28  90  70  80   0   0  15 0.00  0.0    0  7.6 20 140   M    M   6        24 140
29  89  70  80   0   0  15 0.01  0.0    0  6.6 16 130   M    M   7 13     23 260
================================================================================
SM 2454 2001         0 350 13.60     0.0 259.4          M      212
================================================================================
AV 84.6 69.0                               8.9 FASTST   M    M   7    MAX(MPH)
                                 MISC ---->  # 31 130               # 39  150
================================================================================
NOTES:
# LAST OF SEVERAL OCCURRENCES

COLUMN 17 PEAK WIND IN M.P.H.

PRELIMINARY LOCAL CLIMATOLOGICAL DATA (WS FORM: F-6) , PAGE 2

                                          STATION:  HOUSTON INTERCONTINENTAL
                                          MONTH:    MAY
                                          YEAR:     2015
                                          LATITUDE:   29 58 N
                                          LONGITUDE:  95 21 W

[TEMPERATURE DATA]      [PRECIPITATION DATA]       SYMBOLS USED IN COLUMN 16

AVERAGE MONTHLY: 76.8   TOTAL FOR MONTH:  13.60    1 = FOG OR MIST
DPTR FM NORMAL:   0.0   DPTR FM NORMAL:    8.85    2 = FOG REDUCING VISIBILITY
HIGHEST:    90 ON 28    GRTST 24HR  5.11 ON 25-26      TO 1/4 MILE OR LESS
LOWEST:     57 ON  3, 2                            3 = THUNDER
                        SNOW, ICE PELLETS, HAIL    4 = ICE PELLETS
                        TOTAL MONTH:   0.0 INCH    5 = HAIL
                        GRTST 24HR     0.0         6 = FREEZING RAIN OR DRIZZLE
                        GRTST DEPTH:   0           7 = DUSTSTORM OR SANDSTORM:
                                                       VSBY 1/2 MILE OR LESS
                                                   8 = SMOKE OR HAZE
[NO. OF DAYS WITH]      [WEATHER - DAYS WITH]      9 = BLOWING SNOW
                                                   X = TORNADO
MAX 32 OR BELOW:   0    0.01 INCH OR MORE:  19
MAX 90 OR ABOVE:   1    0.10 INCH OR MORE:  15
MIN 32 OR BELOW:   0    0.50 INCH OR MORE:   9
MIN  0 OR BELOW:   0    1.00 INCH OR MORE:   4

[HDD (BASE 65) ]
TOTAL THIS MO.     0    CLEAR  (SCALE 0-3)   1
DPTR FM NORMAL     0    PTCLDY (SCALE 4-7)  18
TOTAL FM JUL 1  1462    CLOUDY (SCALE 8-10) 10
DPTR FM NORMAL    96

[CDD (BASE 65) ]
TOTAL THIS MO.   350
DPTR FM NORMAL     9    [PRESSURE DATA]
TOTAL FM JAN 1   664    HIGHEST SLP M ON M
DPTR FM NORMAL    42    LOWEST  SLP 29.80 ON 25

[REMARKS]
