000
CXUS53 KICT 201146
CF6ICT
PRELIMINARY LOCAL CLIMATOLOGICAL DATA (WS FORM: F-6)

                                          STATION:   WICHITA MID CONTINENT KS
                                          MONTH:     OCTOBER
                                          YEAR:      2014
                                          LATITUDE:   37 39 N
                                          LONGITUDE:  97 25 W

  TEMPERATURE IN F:       :PCPN:    SNOW:  WIND      :SUNSHINE: SKY     :PK WND
================================================================================
1   2   3   4   5  6A  6B    7    8   9   10  11  12  13   14  15   16   17  18
                                     12Z  AVG MX 2MIN
DY MAX MIN AVG DEP HDD CDD  WTR  SNW DPTH SPD SPD DIR MIN PSBL S-S WX    SPD DR
================================================================================

 1  91  67  79  15   0  14 0.00  0.0    0 10.4 22 160   M    M   5        28 160
 2  73  50  62  -2   3   0 0.15  0.0    0 13.4 28 340   M    M   6 138    34 340
 3  63  41  52 -11  13   0    T  0.0    0 14.1 37 340   M    M   4 18     45 340
 4  73  37  55  -8  10   0 0.00  0.0    0  4.8 13  60   M    M   5        15 240
 5  85  48  67   5   0   2    T  0.0    0  8.5 30 330   M    M   6        40 340
 6  84  54  69   7   0   4    T  0.0    0  9.4 18 210   M    M   7 8      23 230
 7  91  51  71   9   0   6 0.00  0.0    0  5.7 15  30   M    M   4 8      19  20
 8  86  61  74  13   0   9 0.00  0.0    0 11.7 20 130   M    M   8        24 130
 9  87  60  74  13   0   9 0.06  0.0    0 13.3 23  40   M    M   9 1      27  40
10  60  49  55  -5  10   0 0.46  0.0    0 17.1 26  50   M    M   9 1      35  30
11  66  47  57  -3   8   0 0.00  0.0    0  7.3 15  20   M    M   7 8      19  20
12  68  43  56  -4   9   0 0.15    M    0 11.7 26 160   M    M   6 1      32 150
13  62  53  58  -1   7   0 0.56  0.0    0 20.2 32 340   M    M   7 1      43 330
14  71  49  60   1   5   0 0.00  0.0    0 14.8 29 320   M    M   0        35 320
15  74  42  58  -1   7   0 0.00  0.0    0  6.1 10 160   M    M   1 8      17 220
16  80  50  65   7   0   0 0.00  0.0    0  7.9 16 340   M    M   5        21 340
17  72  49  61   3   4   0 0.00  0.0    0  9.2 17 350   M    M   3        22 360
18  65  47  56  -2   9   0 0.00  0.0    0  6.0 14  10   M    M   6 8      16 340
19  74  44  59   2   6   0    T    M    0  8.1 20 180   M    M   6        23 200
================================================================================
SM 1425  942        91  44  1.38     0.0 199.7          M      104
================================================================================
AV 75.0 49.6                              10.5 FASTST   M    M   5    MAX(MPH)
                                 MISC ---->  # 37 340               # 45  340
================================================================================
NOTES:
# LAST OF SEVERAL OCCURRENCES

COLUMN 17 PEAK WIND IN M.P.H.

PRELIMINARY LOCAL CLIMATOLOGICAL DATA (WS FORM: F-6) , PAGE 2

                                          STATION:  WICHITA MID CONTINENT KS
                                          MONTH:    OCTOBER
                                          YEAR:     2014
                                          LATITUDE:   37 39 N
                                          LONGITUDE:  97 25 W

[TEMPERATURE DATA]      [PRECIPITATION DATA]       SYMBOLS USED IN COLUMN 16

AVERAGE MONTHLY: 62.3   TOTAL FOR MONTH:   1.38    1 = FOG OR MIST
DPTR FM NORMAL:   1.8   DPTR FM NORMAL:   -0.46    2 = FOG REDUCING VISIBILITY
HIGHEST:    91 ON  7, 1 GRTST 24HR  0.71 ON 12-13      TO 1/4 MILE OR LESS
LOWEST:     37 ON  4                               3 = THUNDER
                        SNOW, ICE PELLETS, HAIL    4 = ICE PELLETS
                        TOTAL MONTH:   0.0 INCH    5 = HAIL
                        GRTST 24HR     0.0         6 = FREEZING RAIN OR DRIZZLE
                        GRTST DEPTH:   0           7 = DUSTSTORM OR SANDSTORM:
                                                       VSBY 1/2 MILE OR LESS
                                                   8 = SMOKE OR HAZE
[NO. OF DAYS WITH]      [WEATHER - DAYS WITH]      9 = BLOWING SNOW
                                                   X = TORNADO
MAX 32 OR BELOW:   0    0.01 INCH OR MORE:   5
MAX 90 OR ABOVE:   2    0.10 INCH OR MORE:   4
MIN 32 OR BELOW:   0    0.50 INCH OR MORE:   1
MIN  0 OR BELOW:   0    1.00 INCH OR MORE:   0

[HDD (BASE 65) ]
TOTAL THIS MO.    91    CLEAR  (SCALE 0-3)   2
DPTR FM NORMAL   -25    PTCLDY (SCALE 4-7)  15
TOTAL FM JUL 1   112    CLOUDY (SCALE 8-10)  2
DPTR FM NORMAL   -47

[CDD (BASE 65) ]
TOTAL THIS MO.    44
DPTR FM NORMAL    12    [PRESSURE DATA]
TOTAL FM JAN 1  1815    HIGHEST SLP M ON M
DPTR FM NORMAL   134    LOWEST  SLP 29.55 ON 13

[REMARKS]
