000
CXUS53 KUNR 180930
CF6IEN
PRELIMINARY LOCAL CLIMATOLOGICAL DATA (WS FORM: F-6)
STATION: PINE RIDGE SD
MONTH: MARCH
YEAR: 2024
LATITUDE: 43 1 N
LONGITUDE: 102 31 W
TEMPERATURE IN F: :PCPN: SNOW: WIND :SUNSHINE: SKY :PK WND
================================================================================
1 2 3 4 5 6A 6B 7 8 9 10 11 12 13 14 15 16 17 18
12Z AVG MX 2MIN
DY MAX MIN AVG DEP HDD CDD WTR SNW DPTH SPD SPD DIR MIN PSBL S-S WX SPD DR
================================================================================
1 69 41 55 23 10 0 0.00 M M 13.6 22 280 M M 1 46 280
2 M M M M M M 0.00 M M M M M M M M M M
3 M M M M M M 0.00 M M M M M M M M M M
4 67 27 47 14 18 0 0.00 M M 6.1 12 250 M M 1 M M
5 69 24 47 14 18 0 0.00 M M 11.9 32 270 M M 1 46 280
6 50 25 38 4 27 0 0.00 M M 11.9 25 190 M M 3 37 180
7 31 22 27 -7 38 0 T M M 8.6 15 70 M M 10 1 20 70
8 44 15 30 -4 35 0 T M M 4.4 14 300 M M 3 1 20 300
9 56 13 35 0 30 0 0.00 M M 4.2 13 260 M M 0 18 250
10 65 18 42 7 23 0 0.00 M M 6.0 25 280 M M 0 38 280
11 63 23 43 7 22 0 0.00 M M 3.8 17 270 M M 1 24 280
12 63 24 44 8 21 0 0.00 M M 6.7 24 270 M M 1 35 250
13 56 34 45 9 20 0 T M M 5.5 17 20 M M 9 24 20
14 44 18 31 -6 34 0 0.00 M M 10.7 29 10 M M 5 1 39 10
15 57 12 35 -2 30 0 0.00 M M 7.6 21 220 M M 0 29 240
16 52 23 38 0 27 0 0.00 M M 8.3 21 350 M M 0 30 340
17 41 11 26 -12 39 0 0.00 M M 7.5 21 360 M M 4 29 360
================================================================================
SM 827 330 392 0 T M 116.8 M 39
================================================================================
AV 55.1 22.0 7.8 FASTST M M 3 MAX(MPH)
MISC ----> 32 270 # 46 280
================================================================================
NOTES:
# LAST OF SEVERAL OCCURRENCES
COLUMN 17 PEAK WIND IN M.P.H.
PRELIMINARY LOCAL CLIMATOLOGICAL DATA (WS FORM: F-6) , PAGE 2
STATION: PINE RIDGE SD
MONTH: MARCH
YEAR: 2024
LATITUDE: 43 1 N
LONGITUDE: 102 31 W
[TEMPERATURE DATA] [PRECIPITATION DATA] SYMBOLS USED IN COLUMN 16
AVERAGE MONTHLY: 38.6 TOTAL FOR MONTH: T 1 = FOG OR MIST
DPTR FM NORMAL: 3.7 DPTR FM NORMAL: -0.39 2 = FOG REDUCING VISIBILITY
HIGHEST: 69 ON 5, 1 GRTST 24HR T ON 7- 7 TO 1/4 MILE OR LESS
LOWEST: 11 ON 17 3 = THUNDER
SNOW, ICE PELLETS, HAIL 4 = ICE PELLETS
TOTAL MONTH: M 5 = HAIL
GRTST 24HR M ON M 6 = FREEZING RAIN OR DRIZZLE
GRTST DEPTH: M ON M 7 = DUSTSTORM OR SANDSTORM:
VSBY 1/2 MILE OR LESS
8 = SMOKE OR HAZE
[NO. OF DAYS WITH] [WEATHER - DAYS WITH] 9 = BLOWING SNOW
X = TORNADO
MAX 32 OR BELOW: 1 0.01 INCH OR MORE: 0
MAX 90 OR ABOVE: 0 0.10 INCH OR MORE: 0
MIN 32 OR BELOW: 13 0.50 INCH OR MORE: 0
MIN 0 OR BELOW: 0 1.00 INCH OR MORE: 0
[HDD (BASE 65) ]
TOTAL THIS MO. 392 CLEAR (SCALE 0-3) 11
DPTR FM NORMAL -121 PTCLDY (SCALE 4-7) 2
TOTAL FM JUL 1 5274 CLOUDY (SCALE 8-10) 4
DPTR FM NORMAL -435
[CDD (BASE 65) ]
TOTAL THIS MO. 0
DPTR FM NORMAL 0 [PRESSURE DATA]
TOTAL FM JAN 1 0 HIGHEST SLP M ON M
DPTR FM NORMAL 0 LOWEST SLP 29.61 ON 5
[REMARKS]