000
CXUS53 KUNR 290945
CF6IEN
PRELIMINARY LOCAL CLIMATOLOGICAL DATA (WS FORM: F-6)

                                          STATION:   PINE RIDGE SD
                                          MONTH:     MAY
                                          YEAR:      2016
                                          LATITUDE:   43  1 N
                                          LONGITUDE: 102 31 W

  TEMPERATURE IN F:       :PCPN:    SNOW:  WIND      :SUNSHINE: SKY     :PK WND
================================================================================
1   2   3   4   5  6A  6B    7    8   9   10  11  12  13   14  15   16   17  18
                                     12Z  AVG MX 2MIN
DY MAX MIN AVG DEP HDD CDD  WTR  SNW DPTH SPD SPD DIR MIN PSBL S-S WX    SPD DR
================================================================================

 1  57  29  43  -7  22   0 0.00    M    M  7.0 18  20   M    M   2        26  30
 2  63  25  44  -7  21   0 0.01    M    M  4.3 24  30   M    M   2 18     30  30
 3  72  28  50  -1  15   0 0.00    M    M  6.2 18 350   M    M   1 1      24 350
 4  78  34  56   4   9   0 0.00    M    M  2.4 10 130   M    M   0        14 130
 5  86  49  68  16   0   3 0.00    M    M  9.2 21 190   M    M   0        27 190
 6  84  52  68  16   0   3 0.00    M    M 11.9 25  30   M    M   0 8      33  20
 7  64  46  55   3  10   0 0.10    M    M 14.4 37  70   M    M   5 8      48  70
 8  64  45  55   2  10   0 0.02    M    M  7.8 25  40   M    M   6        33  50
 9  63  40  52  -1  13   0 0.01    M    M  4.8 14  30   M    M   5 1      17  20
10  62  36  49  -5  16   0 0.00    M    M 10.4 26 280   M    M   4 12     35 290
11  57  29  43 -11  22   0 0.00    M    M 13.2 33 290   M    M   4 8      44 300
12  70  27  49  -5  16   0 0.00    M    M  7.6 22 310   M    M   0        27 250
13  54  36  45 -10  20   0    T    M    M 12.6 26  20   M    M   8        37  20
14  57  28  43 -12  22   0 0.00    M    M  3.5 13  20   M    M   2        15 350
15  52  28  40 -15  25   0    T    M    M  8.0 18 140   M    M   8        23 140
16  50  31  41 -15  24   0 0.30    M    M  5.8 14  80   M    M   7 1      17  80
17  66  29  48  -8  17   0 0.00    M    M  2.4 10 190   M    M   3 1      14 190
18  69  32  51  -5  14   0 0.00    M    M 12.7 29 180   M    M   3        37 180
19  77  49  63   6   2   0 0.00    M    M 21.0 33 180   M    M   1        43 180
20  78  51  65   8   0   0    T    M    M 17.9 35 190   M    M   1        49 190
21  63  57  60   3   5   0 0.00    M    M 16.9 33 170   M    M   9        45 150
22  79  51  65   7   0   0    T    M    M 11.9 37 290   M    M   5 3      49 290
23  74  46  60   2   5   0 0.00    M    M 11.6 25 180   M    M   0        34 190
24  79  35  57  -1   8   0 0.09    M    M  8.5 41 310   M    M   3 38     52 310
25  73  42  58  -1   7   0 0.00    M    M  8.6 22 280   M    M   3        29 250
26  74  36  55  -4  10   0 0.00    M    M  5.8 15 210   M    M   1        18 210
27  65  43  54  -5  11   0 0.03    M    M  3.9 18  80   M    M   5        22  80
28  75  36  56  -4   9   0 0.06    M    M  4.6 30 280   M    M   2 123    40 280
================================================================================
SM 1905 1070       333   6  0.62    M    254.9          M       90
================================================================================
AV 68.0 38.2                               9.1 FASTST   M    M   3    MAX(MPH)
                                 MISC ---->  # 41 310               # 52  310
================================================================================
NOTES:
# LAST OF SEVERAL OCCURRENCES

COLUMN 17 PEAK WIND IN M.P.H.

PRELIMINARY LOCAL CLIMATOLOGICAL DATA (WS FORM: F-6) , PAGE 2

                                          STATION:  PINE RIDGE SD
                                          MONTH:    MAY
                                          YEAR:     2016
                                          LATITUDE:   43  1 N
                                          LONGITUDE: 102 31 W

[TEMPERATURE DATA]      [PRECIPITATION DATA]       SYMBOLS USED IN COLUMN 16

AVERAGE MONTHLY: 53.1   TOTAL FOR MONTH:   0.62    1 = FOG OR MIST
DPTR FM NORMAL:  -2.0   DPTR FM NORMAL:   -1.67    2 = FOG REDUCING VISIBILITY
HIGHEST:    86 ON  5    GRTST 24HR  0.37 ON 30- 1      TO 1/4 MILE OR LESS
LOWEST:     25 ON  2                               3 = THUNDER
                        SNOW, ICE PELLETS, HAIL    4 = ICE PELLETS
                        TOTAL MONTH:    M          5 = HAIL
                        GRTST 24HR    M  ON   M    6 = FREEZING RAIN OR DRIZZLE
                        GRTST DEPTH:  M  ON   M    7 = DUSTSTORM OR SANDSTORM:
                                                       VSBY 1/2 MILE OR LESS
                                                   8 = SMOKE OR HAZE
[NO. OF DAYS WITH]      [WEATHER - DAYS WITH]      9 = BLOWING SNOW
                                                   X = TORNADO
MAX 32 OR BELOW:   0    0.01 INCH OR MORE:   8
MAX 90 OR ABOVE:   0    0.10 INCH OR MORE:   2
MIN 32 OR BELOW:  10    0.50 INCH OR MORE:   0
MIN  0 OR BELOW:   0    1.00 INCH OR MORE:   0

[HDD (BASE 65) ]
TOTAL THIS MO.   333    CLEAR  (SCALE 0-3)  15
DPTR FM NORMAL    46    PTCLDY (SCALE 4-7)  12
TOTAL FM JUL 1  6465    CLOUDY (SCALE 8-10)  1
DPTR FM NORMAL  -642

[CDD (BASE 65) ]
TOTAL THIS MO.     6
DPTR FM NORMAL    -5    [PRESSURE DATA]
TOTAL FM JAN 1     7    HIGHEST SLP M ON M
DPTR FM NORMAL    -4    LOWEST  SLP 29.32 ON  9

[REMARKS]
