000
CXUS53 KUNR 190945
CF6IEN
PRELIMINARY LOCAL CLIMATOLOGICAL DATA (WS FORM: F-6)

                                          STATION:   PINE RIDGE SD
                                          MONTH:     AUGUST
                                          YEAR:      2017
                                          LATITUDE:   43  1 N
                                          LONGITUDE: 102 31 W

  TEMPERATURE IN F:       :PCPN:    SNOW:  WIND      :SUNSHINE: SKY     :PK WND
================================================================================
1   2   3   4   5  6A  6B    7    8   9   10  11  12  13   14  15   16   17  18
                                     12Z  AVG MX 2MIN
DY MAX MIN AVG DEP HDD CDD  WTR  SNW DPTH SPD SPD DIR MIN PSBL S-S WX    SPD DR
================================================================================

 1  89  55  72  -3   0   7    T    M    M  8.8 25 300   M    M   0 3      32 310
 2  85  56  71  -4   0   6    T    M    M   M  28  10   M    M   M 13     38 360
 3  73  49  61 -14   4   0 0.00    M    M  7.7 20  10   M    M   M        26  10
 4  85  50  68  -6   0   3 0.00    M    M 11.9 23 180   M    M   1        30 160
 5  76  55  66  -8   0   1    T    M    M  7.4 24  10   M    M   4 3      34  10
 6  78  51  65  -9   0   0    T    M    M  5.0 16  10   M    M   6        20  10
 7  79  44  62 -12   3   0 0.00    M    M  5.2 15 150   M    M   4 1      21 150
 8  82  54  68  -6   0   3 0.08    M    M 10.3 22 170   M    M   2 13     28 180
 9  84  55  70  -4   0   5 0.00    M    M  4.7 17 190   M    M   1 13     22  10
10  74  48  61 -13   4   0 0.00    M    M  2.8 10 360   M    M   2        15  70
11  85  47  66  -7   0   1 0.28    M    M  8.4 29  10   M    M   0 13     38  10
12  82  51  67  -6   0   2 0.00    M    M  6.1 16 200   M    M   0        21 200
13  83  53  68  -5   0   3    T    M    M  5.0 13  90   M    M   0 1      19  80
14  90  55  73   0   0   8 0.01    M    M  8.3 24 130   M    M   2 3      30 130
15  88  62  75   2   0  10 0.30    M    M  5.8 25 250   M    M   3 13     32 240
16  79  51  65  -7   0   0    T    M    M  6.3 17 360   M    M   6        24  10
17  92  49  71  -1   0   6 0.38    M    M  6.2 33 300   M    M   0 3      42 310
18  89  52  71  -1   0   6 0.00    M    M  6.5 20 160   M    M   0        30 150
================================================================================
SM 1493  937        11  61  1.05    M    116.4          M       31
================================================================================
AV 82.9 52.1                               6.8 FASTST   M    M   2    MAX(MPH)
                                 MISC ---->  # 33 300               # 42  310
================================================================================
NOTES:
# LAST OF SEVERAL OCCURRENCES

COLUMN 17 PEAK WIND IN M.P.H.

PRELIMINARY LOCAL CLIMATOLOGICAL DATA (WS FORM: F-6) , PAGE 2

                                          STATION:  PINE RIDGE SD
                                          MONTH:    AUGUST
                                          YEAR:     2017
                                          LATITUDE:   43  1 N
                                          LONGITUDE: 102 31 W

[TEMPERATURE DATA]      [PRECIPITATION DATA]       SYMBOLS USED IN COLUMN 16

AVERAGE MONTHLY: 67.5   TOTAL FOR MONTH:   1.05    1 = FOG OR MIST
DPTR FM NORMAL:  -6.1   DPTR FM NORMAL:   -0.14    2 = FOG REDUCING VISIBILITY
HIGHEST:    92 ON 17    GRTST 24HR  0.38 ON 17-17      TO 1/4 MILE OR LESS
LOWEST:     44 ON  7                               3 = THUNDER
                        SNOW, ICE PELLETS, HAIL    4 = ICE PELLETS
                        TOTAL MONTH:    M          5 = HAIL
                        GRTST 24HR    M  ON   M    6 = FREEZING RAIN OR DRIZZLE
                        GRTST DEPTH:  M  ON   M    7 = DUSTSTORM OR SANDSTORM:
                                                       VSBY 1/2 MILE OR LESS
                                                   8 = SMOKE OR HAZE
[NO. OF DAYS WITH]      [WEATHER - DAYS WITH]      9 = BLOWING SNOW
                                                   X = TORNADO
MAX 32 OR BELOW:   0    0.01 INCH OR MORE:   5
MAX 90 OR ABOVE:   2    0.10 INCH OR MORE:   3
MIN 32 OR BELOW:   0    0.50 INCH OR MORE:   0
MIN  0 OR BELOW:   0    1.00 INCH OR MORE:   0

[HDD (BASE 65) ]
TOTAL THIS MO.    11    CLEAR  (SCALE 0-3)  12
DPTR FM NORMAL     5    PTCLDY (SCALE 4-7)   4
TOTAL FM JUL 1    11    CLOUDY (SCALE 8-10)  0
DPTR FM NORMAL    -7

[CDD (BASE 65) ]
TOTAL THIS MO.    61
DPTR FM NORMAL  -102    [PRESSURE DATA]
TOTAL FM JAN 1   563    HIGHEST SLP M ON M
DPTR FM NORMAL    -8    LOWEST  SLP 29.44 ON 14

[REMARKS]
