000
CXUS53 KUNR 270945
CF6IEN
PRELIMINARY LOCAL CLIMATOLOGICAL DATA (WS FORM: F-6)

                                          STATION:   PINE RIDGE SD
                                          MONTH:     JUNE
                                          YEAR:      2017
                                          LATITUDE:   43  1 N
                                          LONGITUDE: 102 31 W

  TEMPERATURE IN F:       :PCPN:    SNOW:  WIND      :SUNSHINE: SKY     :PK WND
================================================================================
1   2   3   4   5  6A  6B    7    8   9   10  11  12  13   14  15   16   17  18
                                     12Z  AVG MX 2MIN
DY MAX MIN AVG DEP HDD CDD  WTR  SNW DPTH SPD SPD DIR MIN PSBL S-S WX    SPD DR
================================================================================

 1  85  57  71  10   0   6 0.00    M    M 15.4 24 150   M    M   0        32 150
 2  85  59  72  11   0   7 0.01    M    M 11.2 22 180   M    M   2        27 180
 3  83  51  67   5   0   2 0.00    M    M  4.6 13 360   M    M   0        17 360
 4  85  50  68   6   0   3 0.00    M    M  5.0 15 190   M    M   0        19 190
 5  89  55  72  10   0   7 0.43    M    M  8.8 31 320   M    M   0 138    42 320
 6  75  56  66   3   0   1    T    M    M  7.6 18 310   M    M   5        24 310
 7  83  51  67   4   0   2 0.00    M    M  4.6 12 120   M    M   2        18 180
 8  87  54  71   8   0   6 0.00    M    M  6.5 20 180   M    M   0        25 180
 9  93  67  80  16   0  15 0.00    M    M 15.4 28 180   M    M   0        34 190
10  83  58  71   7   0   6 0.00    M    M  9.1 26 200   M    M   0        36 180
11  82  54  68   4   0   3 0.00    M    M  8.8 25  10   M    M   1        36 360
12  82  54  68   3   0   3 0.55    M    M 12.9 31 180   M    M   8 13     38 190
13  78  52  65   0   0   0 0.00    M    M  8.1 25 240   M    M   2 3      34 260
14  80  49  65   0   0   0 0.00    M    M  9.1 18 270   M    M   0        23 280
15  83  46  65  -1   0   0 0.00    M    M  3.9 15  50   M    M   0        19  50
16  84  54  69   3   0   4    T    M    M  4.0 14  50   M    M   2        19  20
17  73  52  63  -3   2   0 0.09    M    M  6.4 21  10   M    M   6 1      29  10
18  77  45  61  -6   4   0 0.00    M    M  4.0 10  20   M    M   1        15 280
19  83  47  65  -2   0   0 0.00    M    M  6.1 22 290   M    M   5        28 280
20  94  45  70   3   0   5 0.00    M    M  5.3 17 180   M    M   0 1      23 170
21  94  58  76   8   0  11 0.00    M    M  5.8 16  70   M    M   0        20  80
22  79  58  69   1   0   4    T    M    M 11.2 23 360   M    M   3        34 360
23  73  41  57 -11   8   0 0.01    M    0  7.2 23 360   M    M   3        34  10
24  75  34  55 -14  10   0 0.00    M    M  4.4 16 300   M    M   3        23 300
25  82  43  63  -6   2   0 0.00    M    M  5.8 14 200   M    M   2        20 290
26  80  39  60  -9   5   0 0.00    M    M  9.3 28 170   M    M   0 8      40 170
================================================================================
SM 2147 1329        31  85  1.09    M    200.5          M       45
================================================================================
AV 82.6 51.1                               7.7 FASTST   M    M   2    MAX(MPH)
                                 MISC ---->  # 31 320               # 42  320
================================================================================
NOTES:
# LAST OF SEVERAL OCCURRENCES

COLUMN 17 PEAK WIND IN M.P.H.

PRELIMINARY LOCAL CLIMATOLOGICAL DATA (WS FORM: F-6) , PAGE 2

                                          STATION:  PINE RIDGE SD
                                          MONTH:    JUNE
                                          YEAR:     2017
                                          LATITUDE:   43  1 N
                                          LONGITUDE: 102 31 W

[TEMPERATURE DATA]      [PRECIPITATION DATA]       SYMBOLS USED IN COLUMN 16

AVERAGE MONTHLY: 66.9   TOTAL FOR MONTH:   1.09    1 = FOG OR MIST
DPTR FM NORMAL:   1.7   DPTR FM NORMAL:   -2.03    2 = FOG REDUCING VISIBILITY
HIGHEST:    94 ON 21,20 GRTST 24HR  0.55 ON 12-12      TO 1/4 MILE OR LESS
LOWEST:     34 ON 24                               3 = THUNDER
                        SNOW, ICE PELLETS, HAIL    4 = ICE PELLETS
                        TOTAL MONTH:    M          5 = HAIL
                        GRTST 24HR    M  ON   M    6 = FREEZING RAIN OR DRIZZLE
                        GRTST DEPTH:   0           7 = DUSTSTORM OR SANDSTORM:
                                                       VSBY 1/2 MILE OR LESS
                                                   8 = SMOKE OR HAZE
[NO. OF DAYS WITH]      [WEATHER - DAYS WITH]      9 = BLOWING SNOW
                                                   X = TORNADO
MAX 32 OR BELOW:   0    0.01 INCH OR MORE:   5
MAX 90 OR ABOVE:   3    0.10 INCH OR MORE:   2
MIN 32 OR BELOW:   0    0.50 INCH OR MORE:   1
MIN  0 OR BELOW:   0    1.00 INCH OR MORE:   0

[HDD (BASE 65) ]
TOTAL THIS MO.    31    CLEAR  (SCALE 0-3)  21
DPTR FM NORMAL   -52    PTCLDY (SCALE 4-7)   4
TOTAL FM JUL 1  6715    CLOUDY (SCALE 8-10)  1
DPTR FM NORMAL  -495

[CDD (BASE 65) ]
TOTAL THIS MO.    85
DPTR FM NORMAL    -1    [PRESSURE DATA]
TOTAL FM JAN 1   101    HIGHEST SLP M ON M
DPTR FM NORMAL    -2    LOWEST  SLP 29.08 ON  9

[REMARKS]
