000
CXUS54 KFWD 220730
CF6ILE
PRELIMINARY LOCAL CLIMATOLOGICAL DATA (WS FORM: F-6)

                                          STATION:   KILLEEN SKYLARK
                                          MONTH:     DECEMBER
                                          YEAR:      2014
                                          LATITUDE:   31  4 N
                                          LONGITUDE:  97 41 W

  TEMPERATURE IN F:       :PCPN:    SNOW:  WIND      :SUNSHINE: SKY     :PK WND
================================================================================
1   2   3   4   5  6A  6B    7    8   9   10  11  12  13   14  15   16   17  18
                                     12Z  AVG MX 2MIN
DY MAX MIN AVG DEP HDD CDD  WTR  SNW DPTH SPD SPD DIR MIN PSBL S-S WX    SPD DR
================================================================================

 1  64  37  51  -1  14   0 0.00  0.0    0 10.5 18 320   M    M   9        28 330
 2  48  36  42  -9  23   0 0.00  0.0    0  5.9 12 180   M    M  10         M  M
 3  57  48  53   2  12   0 0.00  0.0    0  4.4  8 160   M    M  10         M  M
 4  63  57  60   9   5   0 0.03  0.0    0  5.3 10 130   M    M  10         M  M
 5  75  61  68  18   0   3 0.01  0.0    0  9.4 15 190   M    M   6        21 190
 6  68  50  59   9   6   0 0.00  0.0    0 10.3 15  20   M    M   3        20 350
 7  52  46  49  -1  16   0 0.00  0.0    0  5.2 10  20   M    M   9         M  M
 8  63  45  54   4  11   0 0.00  0.0    0  3.8  8 340   M    M   5         M  M
 9  64  39  52   3  13   0 0.00  0.0    0  2.7  7 110   M    M   0         M  M
10  63  43  53   4  12   0 0.00  0.0    0  4.2 10 150   M    M   6         M  M
11  64  57  61  12   4   0 0.00  0.0    0  6.8 12 190   M    M  10         M  M
12  70  52  61  12   4   0 0.00  0.0    0  6.3 16 190   M    M   6        18 200
13  72  54  63  15   2   0 0.00  0.0    0  8.3 14 150   M    M   5        16 140
14  72  59  66  18   0   1 0.00  0.0    0 10.7 16 180   M    M   8        28 180
15  70  48  59  11   6   0 0.00  0.0    0  8.7 14 190   M    M   2        18 280
16  59  41  50   2  15   0 0.00  0.0    0  6.7 13 350   M    M   2        17 340
17  48  46  47  -1  18   0 0.00  0.0    0  6.3 14 130   M    M  10         M  M
18  61  46  54   6  11   0 0.00  0.0    0  5.1 13  30   M    M   9         M  M
19  50  46  48   0  17   0 0.15  0.0    0  9.8 15  50   M    M  10        16 320
20  52  46  49   2  16   0 0.00  0.0    0  5.6  9  40   M    M  10         M  M
21  55  48  52   5  13   0 0.00  0.0    0  8.8 14 190   M    M  10        20 180
================================================================================
SM 1290 1005       218   4  0.19     0.0 144.8          M      150
================================================================================
AV 61.4 47.9                               6.9 FASTST   M    M   7    MAX(MPH)
                                 MISC ---->    18   M                 28    M
================================================================================
NOTES:
# LAST OF SEVERAL OCCURRENCES

COLUMN 17 PEAK WIND IN M.P.H.

PRELIMINARY LOCAL CLIMATOLOGICAL DATA (WS FORM: F-6) , PAGE 2

                                          STATION:  KILLEEN SKYLARK
                                          MONTH:    DECEMBER
                                          YEAR:     2014
                                          LATITUDE:   31  4 N
                                          LONGITUDE:  97 41 W

[TEMPERATURE DATA]      [PRECIPITATION DATA]       SYMBOLS USED IN COLUMN 16

AVERAGE MONTHLY: 54.6   TOTAL FOR MONTH:   0.19    1 = FOG OR MIST
DPTR FM NORMAL:   5.5   DPTR FM NORMAL:   -1.59    2 = FOG REDUCING VISIBILITY
HIGHEST:    75 ON  5    GRTST 24HR  0.15 ON 19-19      TO 1/4 MILE OR LESS
LOWEST:     36 ON  2                               3 = THUNDER
                        SNOW, ICE PELLETS, HAIL    4 = ICE PELLETS
                        TOTAL MONTH:   0.0 INCH    5 = HAIL
                        GRTST 24HR     0.0         6 = FREEZING RAIN OR DRIZZLE
                        GRTST DEPTH:   0           7 = DUSTSTORM OR SANDSTORM:
                                                       VSBY 1/2 MILE OR LESS
                                                   8 = SMOKE OR HAZE
[NO. OF DAYS WITH]      [WEATHER - DAYS WITH]      9 = BLOWING SNOW
                                                   X = TORNADO
MAX 32 OR BELOW:   0    0.01 INCH OR MORE:   3
MAX 90 OR ABOVE:   0    0.10 INCH OR MORE:   1
MIN 32 OR BELOW:   0    0.50 INCH OR MORE:   0
MIN  0 OR BELOW:   0    1.00 INCH OR MORE:   0

[HDD (BASE 65) ]
TOTAL THIS MO.   218    CLEAR  (SCALE 0-3)   4
DPTR FM NORMAL  -120    PTCLDY (SCALE 4-7)   6
TOTAL FM JUL 1   555    CLOUDY (SCALE 8-10) 11
DPTR FM NORMAL  -115

[CDD (BASE 65) ]
TOTAL THIS MO.     4
DPTR FM NORMAL     4    [PRESSURE DATA]
TOTAL FM JAN 1  2692    HIGHEST SLP M ON M
DPTR FM NORMAL   149    LOWEST  SLP M ON M

[REMARKS]
