000
CXUS54 KFWD 260730
CF6ILE
PRELIMINARY LOCAL CLIMATOLOGICAL DATA (WS FORM: F-6)

                                          STATION:   KILLEEN SKYLARK
                                          MONTH:     FEBRUARY
                                          YEAR:      2015
                                          LATITUDE:   31  4 N
                                          LONGITUDE:  97 41 W

  TEMPERATURE IN F:       :PCPN:    SNOW:  WIND      :SUNSHINE: SKY     :PK WND
================================================================================
1   2   3   4   5  6A  6B    7    8   9   10  11  12  13   14  15   16   17  18
                                     12Z  AVG MX 2MIN
DY MAX MIN AVG DEP HDD CDD  WTR  SNW DPTH SPD SPD DIR MIN PSBL S-S WX    SPD DR
================================================================================

 1  66  41  54   6  11   0 0.00  0.0    0 11.7 20 340   M    M   6        29 340
 2  46  28  37 -12  28   0 0.00  0.0    0  7.1 14 350   M    M   0        24 350
 3  46  37  42  -7  23   0 0.00  0.0    0  6.2 14 180   M    M   5         M  M
 4  55  43  49   0  16   0 0.00  0.0    0  6.0 13 180   M    M   9         M  M
 5  50  34  42  -7  23   0 0.00  0.0    0 10.1 18 340   M    M  10        25 330
 6  63  32  48  -1  17   0 0.00  0.0    0  6.2 12 160   M    M   3        16 230
 7  72  37  55   6  10   0 0.00  0.0    0 11.0 20 180   M    M   0        25 180
 8  79  55  67  18   0   2 0.00  0.0    0 10.2 16 190   M    M   2        21 200
 9  79  50  65  15   0   0 0.00  0.0    0  5.7 10  30   M    M   0        16  70
10  81  45  63  13   2   0 0.00  0.0    0  7.3 16 170   M    M   0        22 180
11  73  43  58   8   7   0 0.00  0.0    0  6.0 17  10   M    M   2        25  10
12  57  43  50   0  15   0 0.00  0.0    0 10.5 16 360   M    M   3        24 360
13  70  36  53   3  12   0 0.00  0.0    0  4.2  9 190   M    M   1         M  M
14  79  48  64  14   1   0 0.00  0.0    0  5.5  9 250   M    M   0         M  M
15  70  54  62  12   3   0 0.00  0.0    0  9.1 15 200   M    M   5        22 180
16  64  34  49  -2  16   0 0.16    M    0 12.0 18 310   M    M   7        27 310
17  54  30  42  -9  23   0 0.00  0.0    0  6.7 10 330   M    M   3        17 350
18  64  30  47  -4  18   0 0.00  0.0    0  4.7  8 210   M    M   0        17 210
19  68  37  53   2  12   0 0.09    M    0  9.7 17 160   M    M   0        25 160
20  73  52  63  12   2   0 0.00  0.0    0 16.4 28 190   M    M   8        37 190
21  70  46  58   6   7   0 0.00  0.0    0 13.1 21 180   M    M   5        30 180
22  52  34  43  -9  22   0 0.17    M    0 11.3 22  10   M    M  10        30  10
23  34  27  31 -21  34   0 0.04    M    0  7.2 17 350   M    M  10        25 350
24  36  27  32 -20  33   0 0.03    M    0  0.8  7  90   M    M  10         M  M
25  57  34  46  -6  19   0 0.10    M    0  5.2 12 310   M    M   5        17 280
================================================================================
SM 1558  977       354   2  0.59     0.0 203.9          M      104
================================================================================
AV 62.3 39.1                               8.2 FASTST   M    M   4    MAX(MPH)
                                 MISC ---->    28   M                 37    M
================================================================================
NOTES:
# LAST OF SEVERAL OCCURRENCES

COLUMN 17 PEAK WIND IN M.P.H.

PRELIMINARY LOCAL CLIMATOLOGICAL DATA (WS FORM: F-6) , PAGE 2

                                          STATION:  KILLEEN SKYLARK
                                          MONTH:    FEBRUARY
                                          YEAR:     2015
                                          LATITUDE:   31  4 N
                                          LONGITUDE:  97 41 W

[TEMPERATURE DATA]      [PRECIPITATION DATA]       SYMBOLS USED IN COLUMN 16

AVERAGE MONTHLY: 50.7   TOTAL FOR MONTH:   0.59    1 = FOG OR MIST
DPTR FM NORMAL:   0.5   DPTR FM NORMAL:   -1.56    2 = FOG REDUCING VISIBILITY
HIGHEST:    81 ON 10    GRTST 24HR  0.17 ON 22-22      TO 1/4 MILE OR LESS
LOWEST:     27 ON 24,23                            3 = THUNDER
                        SNOW, ICE PELLETS, HAIL    4 = ICE PELLETS
                        TOTAL MONTH:   0.0 INCH    5 = HAIL
                        GRTST 24HR     0.0         6 = FREEZING RAIN OR DRIZZLE
                        GRTST DEPTH:   0           7 = DUSTSTORM OR SANDSTORM:
                                                       VSBY 1/2 MILE OR LESS
                                                   8 = SMOKE OR HAZE
[NO. OF DAYS WITH]      [WEATHER - DAYS WITH]      9 = BLOWING SNOW
                                                   X = TORNADO
MAX 32 OR BELOW:   0    0.01 INCH OR MORE:   6
MAX 90 OR ABOVE:   0    0.10 INCH OR MORE:   3
MIN 32 OR BELOW:   6    0.50 INCH OR MORE:   0
MIN  0 OR BELOW:   0    1.00 INCH OR MORE:   0

[HDD (BASE 65) ]
TOTAL THIS MO.   354    CLEAR  (SCALE 0-3)  13
DPTR FM NORMAL   -20    PTCLDY (SCALE 4-7)   7
TOTAL FM JUL 1  1640    CLOUDY (SCALE 8-10)  5
DPTR FM NORMAL  -134

[CDD (BASE 65) ]
TOTAL THIS MO.     2
DPTR FM NORMAL     2    [PRESSURE DATA]
TOTAL FM JAN 1     2    HIGHEST SLP M ON M
DPTR FM NORMAL     0    LOWEST  SLP M ON M

[REMARKS]
