000
CXUS51 KPHI 290800
CF6ILG
PRELIMINARY LOCAL CLIMATOLOGICAL DATA (WS FORM: F-6)

                                          STATION:   WILMINGTON DE
                                          MONTH:     MARCH
                                          YEAR:      2015
                                          LATITUDE:   39 40 N
                                          LONGITUDE:  75 36 W

  TEMPERATURE IN F:       :PCPN:    SNOW:  WIND      :SUNSHINE: SKY     :PK WND
================================================================================
1   2   3   4   5  6A  6B    7    8   9   10  11  12  13   14  15   16   17  18
                                     12Z  AVG MX 2MIN
DY MAX MIN AVG DEP HDD CDD  WTR  SNW DPTH SPD SPD DIR MIN PSBL S-S WX    SPD DR
================================================================================

 1  32  17  25 -13  40   0 0.54  0.3    2  4.3 17 190   M    M   9 168    21 180
 2  38  27  33  -6  32   0 0.00  0.0    2 12.4 28 310   M    M   5 18     36 300
 3  34  23  29 -10  36   0 0.47    T    2  8.6 16 200   M    M   6 16     20 190
 4  43  33  38  -1  27   0 0.52  0.0    1  4.5 15 170   M    M  10 12     17 330
 5  39  18  29 -11  36   0 0.80  7.0    T 11.4 22  20   M    M  10 124    27 350
 6  26   5  16 -24  49   0 0.00  0.0    6  6.1 14  20   M    M   0        17  20
 7  40   5  23 -17  42   0 0.00  0.0    6  6.3 17 200   M    M   1 18     21 210
 8  49  26  38  -2  27   0 0.00  0.0    5  7.7 26 300   M    M   0        32 300
 9  56  30  43   2  22   0 0.00  0.0    T  4.1 17 310   M    M   2        22 310
10  55  31  43   2  22   0 0.60  0.0    0  4.5 14 180   M    M   5 128    18 180
11  61  43  52  11  13   0    T  0.0    0  9.4 17 310   M    M   2 12     23 320
12  52  31  42   0  23   0 0.00  0.0    0 11.7 22 350   M    M   0        30 360
13  44  29  37  -5  28   0 0.19  0.0    0  8.2 16 160   M    M   2 1      19 170
14  51  37  44   2  21   0 1.12  0.0    0  3.8 20 300   M    M  10 1      26 310
15  48  34  41  -2  24   0 0.00  0.0    0 16.2 32 300   M    M   8        43 300
16  55  31  43   0  22   0    T  0.0    0  5.1 13 220   M    M   0        16 240
17  69  35  52   9  13   0 0.00  0.0    0 15.5 33 300   M    M   2        46 320
18  45  29  37  -7  28   0 0.00  0.0    0 15.9 30 320   M    M   0        37 310
19  46  24  35  -9  30   0 0.00  0.0    0  4.5 14 330   M    M   0        17 320
20  37  32  35  -9  30   0 0.45  1.3    0  9.6 20  40   M    M   9 1      24  60
21  53  31  42  -3  23   0 0.00  0.0    1  6.5 22 320   M    M   6 18     27 330
22  48  32  40  -5  25   0 0.00  0.0    0 11.5 21 320   M    M   0        26 330
23  43  24  34 -11  31   0 0.00  0.0    0  8.3 17 300   M    M   1        22 320
24  41  28  35 -11  30   0 0.00  0.0    0  4.7 10  30   M    M   7        13  30
25  44  24  34 -12  31   0 0.01  0.0    0  5.3 16 170   M    M   6        20 170
26  71  38  55   9  10   0 0.27  0.0    0  7.6 29 310   M    M   7 13     36 310
27  49  38  44  -3  21   0 0.29  0.0    0  9.0 18 330   M    M   8 1      23 330
28  40  26  33 -14  32   0    T    T    0 15.8 26 300   M    M   8        34 300
================================================================================
SM 1309  781       768   0  5.26     8.6 238.5          M      124
================================================================================
AV 46.8 27.9                               8.5 FASTST   M    M   4    MAX(MPH)
                                 MISC ---->  # 33 300               # 46  320
================================================================================
NOTES:
# LAST OF SEVERAL OCCURRENCES

COLUMN 17 PEAK WIND IN M.P.H.

PRELIMINARY LOCAL CLIMATOLOGICAL DATA (WS FORM: F-6) , PAGE 2

                                          STATION:  WILMINGTON DE
                                          MONTH:    MARCH
                                          YEAR:     2015
                                          LATITUDE:   39 40 N
                                          LONGITUDE:  75 36 W

[TEMPERATURE DATA]      [PRECIPITATION DATA]       SYMBOLS USED IN COLUMN 16

AVERAGE MONTHLY: 37.3   TOTAL FOR MONTH:   5.26    1 = FOG OR MIST
DPTR FM NORMAL:  -5.3   DPTR FM NORMAL:    1.75    2 = FOG REDUCING VISIBILITY
HIGHEST:    71 ON 26    GRTST 24HR  1.12 ON 14-14      TO 1/4 MILE OR LESS
LOWEST:      5 ON  7, 6                            3 = THUNDER
                        SNOW, ICE PELLETS, HAIL    4 = ICE PELLETS
                        TOTAL MONTH:   8.6 INCHES  5 = HAIL
                        GRTST 24HR   7.0 ON  5- 5  6 = FREEZING RAIN OR DRIZZLE
                        GRTST DEPTH:   6 ON  7, 6  7 = DUSTSTORM OR SANDSTORM:
                                                       VSBY 1/2 MILE OR LESS
                                                   8 = SMOKE OR HAZE
[NO. OF DAYS WITH]      [WEATHER - DAYS WITH]      9 = BLOWING SNOW
                                                   X = TORNADO
MAX 32 OR BELOW:   2    0.01 INCH OR MORE:  11
MAX 90 OR ABOVE:   0    0.10 INCH OR MORE:  10
MIN 32 OR BELOW:  21    0.50 INCH OR MORE:   5
MIN  0 OR BELOW:   0    1.00 INCH OR MORE:   1

[HDD (BASE 65) ]
TOTAL THIS MO.   768    CLEAR  (SCALE 0-3)  13
DPTR FM NORMAL   139    PTCLDY (SCALE 4-7)   9
TOTAL FM JUL 1  4607    CLOUDY (SCALE 8-10)  6
DPTR FM NORMAL   355

[CDD (BASE 65) ]
TOTAL THIS MO.     0
DPTR FM NORMAL     0    [PRESSURE DATA]
TOTAL FM JAN 1     0    HIGHEST SLP M ON M
DPTR FM NORMAL     0    LOWEST  SLP 29.55 ON 17

[REMARKS]
